{"id":128,"date":"2021-11-18T15:16:14","date_gmt":"2021-11-18T12:16:14","guid":{"rendered":"https:\/\/ticaret.edu.tr\/cevre-ve-doga-bilimleri-uygulama-ve-arastirma-merkezi\/?page_id=128"},"modified":"2025-02-26T09:26:36","modified_gmt":"2025-02-26T06:26:36","slug":"akademik-sunumlar","status":"publish","type":"page","link":"http:\/\/ticaret.edu.tr\/cevre-ve-doga-bilimleri-uygulama-ve-arastirma-merkezi\/raporlar\/akademik-sunumlar\/","title":{"rendered":"Akademik Sunumlar"},"content":{"rendered":"<p><a href=\"http:\/\/ticaret.edu.tr\/cevre-ve-doga-bilimleri-uygulama-ve-arastirma-merkezi\/wp-content\/uploads\/sites\/46\/2021\/11\/ekolojik-mimarlik-idr.pdf\" target=\"_blank\" rel=\"noopener\">&#8220;Ekolojik Mimarl\u0131k&#8221; sunumu i\u00e7in <strong>t\u0131klay\u0131n\u0131z!<\/strong><\/a><\/p>\n<p><a href=\"http:\/\/ticaret.edu.tr\/cevre-ve-doga-bilimleri-uygulama-ve-arastirma-merkezi\/wp-content\/uploads\/sites\/46\/2021\/11\/Istanbulun-Kentci-Faunasini-Nasil-Koruyabiliriz-2.pdf\" target=\"_blank\" rel=\"noopener\">&#8220;\u0130stanbul&#8217;un Kent i\u00e7i Faunas\u0131n\u0131 Nas\u0131l Koruyabiliriz?&#8221; sunumu i\u00e7in <strong>t\u0131klay\u0131n\u0131z!<\/strong><\/a><\/p>\n<p><a href=\"http:\/\/ticaret.edu.tr\/cevre-ve-doga-bilimleri-uygulama-ve-arastirma-merkezi\/wp-content\/uploads\/sites\/46\/2025\/02\/Kent-Peyzajinda-Ekolojik-Donati-Elemani-Olarak-Ahsap.pdf\" target=\"_blank\" rel=\"noopener\">&#8220;Kent Peyzaj\u0131nda Ekolojik Donat\u0131 Eleman\u0131 Olarak Ah\u015fap&#8221; sunumu i\u00e7in <strong>t\u0131klay\u0131n\u0131z!<\/strong><\/a><\/p>\n<p><a href=\"http:\/\/ticaret.edu.tr\/cevre-ve-doga-bilimleri-uygulama-ve-arastirma-merkezi\/wp-content\/uploads\/sites\/46\/2021\/11\/Yaban_Hayati_Envanteri-6-1.pdf\" target=\"_blank\" rel=\"noopener\">&#8220;Yaban Hayat\u0131 Envanteri&#8221; sunumu i\u00e7in <strong>t\u0131klay\u0131n\u0131z!<\/strong><\/a><\/p>\n<p><a href=\"http:\/\/ticaret.edu.tr\/cevre-ve-doga-bilimleri-uygulama-ve-arastirma-merkezi\/wp-content\/uploads\/sites\/46\/2021\/11\/faunistanbul.pdf\" target=\"_blank\" rel=\"noopener\">&#8220;\u0130stanbul&#8217;un Kent \u0130\u00e7i Faunas\u0131&#8221; sunumu i\u00e7in <strong>t\u0131klay\u0131n\u0131z!<\/strong><\/a><\/p>\n<p><a href=\"http:\/\/ticaret.edu.tr\/cevre-ve-doga-bilimleri-uygulama-ve-arastirma-merkezi\/wp-content\/uploads\/sites\/46\/2021\/11\/sehrim-kulturum-gelecegim.pdf\" target=\"_blank\" rel=\"noopener\">&#8220;\u015eehirlerimiz K\u00fclt\u00fcr\u00fcm\u00fcz Gelece\u011fimiz&#8221; sunumu i\u00e7in <strong>t\u0131klay\u0131n\u0131z!<\/strong><\/a><\/p>\n<p><a href=\"http:\/\/ticaret.edu.tr\/cevre-ve-doga-bilimleri-uygulama-ve-arastirma-merkezi\/wp-content\/uploads\/sites\/46\/2025\/02\/su-ve-insan.pdf\" target=\"_blank\" rel=\"noopener\">&#8220;Su ve \u0130nsan&#8221; sunumu i\u00e7in <strong>t\u0131klay\u0131n\u0131z!<\/strong><\/a><\/p>\n<p><a href=\"http:\/\/ticaret.edu.tr\/cevre-ve-doga-bilimleri-uygulama-ve-arastirma-merkezi\/wp-content\/uploads\/sites\/46\/2021\/11\/MilliPark-Planlama.pdf\" target=\"_blank\" rel=\"noopener\">&#8220;Milli Parklar\u0131n Geli\u015ftirme Esaslar\u0131&#8221; sunumu i\u00e7in <strong>t\u0131klay\u0131n\u0131z!<\/strong><\/a><\/p>\n<p><a href=\"http:\/\/ticaret.edu.tr\/cevre-ve-doga-bilimleri-uygulama-ve-arastirma-merkezi\/wp-content\/uploads\/sites\/46\/2021\/11\/Milli-Parklar-2.pdf\" target=\"_blank\" rel=\"noopener\">&#8220;Milli Parklar&#8221; sunumu i\u00e7in <strong>t\u0131klay\u0131n\u0131z!<\/strong><\/a><\/p>\n<p><a href=\"http:\/\/ticaret.edu.tr\/cevre-ve-doga-bilimleri-uygulama-ve-arastirma-merkezi\/wp-content\/uploads\/sites\/46\/2021\/11\/AVCILIK.pdf\" target=\"_blank\" rel=\"noopener\">&#8220;Avc\u0131l\u0131k ve Planlanmas\u0131&#8221; sunumu i\u00e7in <strong>t\u0131klay\u0131n\u0131z!<\/strong><\/a><\/p>\n<p><a href=\"http:\/\/ticaret.edu.tr\/cevre-ve-doga-bilimleri-uygulama-ve-arastirma-merkezi\/wp-content\/uploads\/sites\/46\/2025\/02\/kent-_icre_-kus-_agirlamak.pdf\" target=\"_blank\" rel=\"noopener\">&#8220;Kent \u0130\u00e7inde Ku\u015f A\u011f\u0131rlamak&#8221; sunumu i\u00e7in <strong>t\u0131klay\u0131n\u0131z!<\/strong><\/a><\/p>\n","protected":false},"excerpt":{"rendered":"<p>&#8220;Ekolojik Mimarl\u0131k&#8221; sunumu i\u00e7in t\u0131klay\u0131n\u0131z! &#8220;\u0130stanbul&#8217;un Kent i\u00e7i Faunas\u0131n\u0131 Nas\u0131l Koruyabiliriz?&#8221; sunumu i\u00e7in t\u0131klay\u0131n\u0131z! &#8220;Kent Peyzaj\u0131nda Ekolojik Donat\u0131 Eleman\u0131 Olarak Ah\u015fap&#8221; sunumu i\u00e7in t\u0131klay\u0131n\u0131z! &#8220;Yaban Hayat\u0131 Envanteri&#8221; sunumu i\u00e7in t\u0131klay\u0131n\u0131z! &#8220;\u0130stanbul&#8217;un Kent \u0130\u00e7i Faunas\u0131&#8221; sunumu i\u00e7in t\u0131klay\u0131n\u0131z! &#8220;\u015eehirlerimiz K\u00fclt\u00fcr\u00fcm\u00fcz Gelece\u011fimiz&#8221; sunumu i\u00e7in t\u0131klay\u0131n\u0131z! &#8220;Su ve \u0130nsan&#8221; sunumu i\u00e7in t\u0131klay\u0131n\u0131z! &#8220;Milli Parklar\u0131n Geli\u015ftirme Esaslar\u0131&#8221; sunumu i\u00e7in [&hellip;]<\/p>\n","protected":false},"author":149,"featured_media":0,"parent":10,"menu_order":0,"comment_status":"closed","ping_status":"closed","template":"genel_sayfa.php","meta":{"footnotes":""},"yoast_head":"<!-- This site is optimized with the Yoast SEO Premium plugin v22.1 (Yoast SEO v22.1) - https:\/\/yoast.com\/wordpress\/plugins\/seo\/ -->\n<title>Akademik Sunumlar - \u00c7evre ve Do\u011fa Bilimleri Uygulama ve Ara\u015ft\u0131rma Merkezi<\/title>\n<meta name=\"robots\" content=\"index, follow, max-snippet:-1, max-image-preview:large, max-video-preview:-1\" \/>\n<link rel=\"canonical\" href=\"https:\/\/ticaret.edu.tr\/cevre-ve-doga-bilimleri-uygulama-ve-arastirma-merkezi\/raporlar\/akademik-sunumlar\/\" \/>\n<meta property=\"og:locale\" content=\"tr_TR\" \/>\n<meta property=\"og:type\" content=\"article\" \/>\n<meta property=\"og:title\" content=\"Akademik Sunumlar\" \/>\n<meta property=\"og:description\" content=\"&#8220;Ekolojik Mimarl\u0131k&#8221; sunumu i\u00e7in t\u0131klay\u0131n\u0131z! &#8220;\u0130stanbul&#8217;un Kent i\u00e7i Faunas\u0131n\u0131 Nas\u0131l Koruyabiliriz?&#8221; sunumu i\u00e7in t\u0131klay\u0131n\u0131z! &#8220;Kent Peyzaj\u0131nda Ekolojik Donat\u0131 Eleman\u0131 Olarak Ah\u015fap&#8221; sunumu i\u00e7in t\u0131klay\u0131n\u0131z! &#8220;Yaban Hayat\u0131 Envanteri&#8221; sunumu i\u00e7in t\u0131klay\u0131n\u0131z! &#8220;\u0130stanbul&#8217;un Kent \u0130\u00e7i Faunas\u0131&#8221; sunumu i\u00e7in t\u0131klay\u0131n\u0131z! &#8220;\u015eehirlerimiz K\u00fclt\u00fcr\u00fcm\u00fcz Gelece\u011fimiz&#8221; sunumu i\u00e7in t\u0131klay\u0131n\u0131z! &#8220;Su ve \u0130nsan&#8221; sunumu i\u00e7in t\u0131klay\u0131n\u0131z! &#8220;Milli Parklar\u0131n Geli\u015ftirme Esaslar\u0131&#8221; sunumu i\u00e7in [&hellip;]\" \/>\n<meta property=\"og:url\" content=\"https:\/\/ticaret.edu.tr\/cevre-ve-doga-bilimleri-uygulama-ve-arastirma-merkezi\/raporlar\/akademik-sunumlar\/\" \/>\n<meta property=\"og:site_name\" content=\"\u00c7evre ve Do\u011fa Bilimleri Uygulama ve Ara\u015ft\u0131rma Merkezi\" \/>\n<meta property=\"article:publisher\" content=\"https:\/\/www.facebook.com\/ticaretedutr\" \/>\n<meta property=\"article:modified_time\" content=\"2025-02-26T06:26:36+00:00\" \/>\n<meta property=\"og:image\" content=\"http:\/\/ticaret.edu.tr\/cevre-ve-doga-bilimleri-uygulama-ve-arastirma-merkezi\/wp-content\/uploads\/sites\/46\/2021\/11\/web_logo-01.jpg\" \/>\n\t<meta property=\"og:image:width\" content=\"1250\" \/>\n\t<meta property=\"og:image:height\" content=\"833\" \/>\n\t<meta property=\"og:image:type\" content=\"image\/jpeg\" \/>\n<meta name=\"twitter:card\" content=\"summary_large_image\" \/>\n<meta name=\"twitter:site\" content=\"@ticaretedutr\" \/>\n<meta name=\"twitter:label1\" content=\"Tahmini okuma s\u00fcresi\" \/>\n\t<meta name=\"twitter:data1\" content=\"1 dakika\" \/>\n<script type=\"application\/ld+json\" class=\"yoast-schema-graph\">{\"@context\":\"https:\/\/schema.org\",\"@graph\":[{\"@type\":\"WebPage\",\"@id\":\"https:\/\/ticaret.edu.tr\/cevre-ve-doga-bilimleri-uygulama-ve-arastirma-merkezi\/raporlar\/akademik-sunumlar\/\",\"url\":\"https:\/\/ticaret.edu.tr\/cevre-ve-doga-bilimleri-uygulama-ve-arastirma-merkezi\/raporlar\/akademik-sunumlar\/\",\"name\":\"Akademik Sunumlar - \u00c7evre ve Do\u011fa Bilimleri Uygulama ve Ara\u015ft\u0131rma Merkezi\",\"isPartOf\":{\"@id\":\"https:\/\/ticaret.edu.tr\/cevre-ve-doga-bilimleri-uygulama-ve-arastirma-merkezi\/#website\"},\"datePublished\":\"2021-11-18T12:16:14+00:00\",\"dateModified\":\"2025-02-26T06:26:36+00:00\",\"breadcrumb\":{\"@id\":\"https:\/\/ticaret.edu.tr\/cevre-ve-doga-bilimleri-uygulama-ve-arastirma-merkezi\/raporlar\/akademik-sunumlar\/#breadcrumb\"},\"inLanguage\":\"tr\",\"potentialAction\":[{\"@type\":\"ReadAction\",\"target\":[\"https:\/\/ticaret.edu.tr\/cevre-ve-doga-bilimleri-uygulama-ve-arastirma-merkezi\/raporlar\/akademik-sunumlar\/\"]}]},{\"@type\":\"BreadcrumbList\",\"@id\":\"https:\/\/ticaret.edu.tr\/cevre-ve-doga-bilimleri-uygulama-ve-arastirma-merkezi\/raporlar\/akademik-sunumlar\/#breadcrumb\",\"itemListElement\":[{\"@type\":\"ListItem\",\"position\":1,\"name\":\"Ana sayfa\",\"item\":\"https:\/\/ticaret.edu.tr\/cevre-ve-doga-bilimleri-uygulama-ve-arastirma-merkezi\/\"},{\"@type\":\"ListItem\",\"position\":2,\"name\":\"Raporlar ve Yay\u0131nlar\",\"item\":\"https:\/\/ticaret.edu.tr\/cevre-ve-doga-bilimleri-uygulama-ve-arastirma-merkezi\/raporlar\/\"},{\"@type\":\"ListItem\",\"position\":3,\"name\":\"Akademik Sunumlar\"}]},{\"@type\":\"WebSite\",\"@id\":\"https:\/\/ticaret.edu.tr\/cevre-ve-doga-bilimleri-uygulama-ve-arastirma-merkezi\/#website\",\"url\":\"https:\/\/ticaret.edu.tr\/cevre-ve-doga-bilimleri-uygulama-ve-arastirma-merkezi\/\",\"name\":\"\u00c7evre ve Do\u011fa Bilimleri Uygulama ve Ara\u015ft\u0131rma Merkezi\",\"description\":\"Bir ba\u015fka \u0130stanbul Ticaret \u00dcniversitesi site sitesi\",\"potentialAction\":[{\"@type\":\"SearchAction\",\"target\":{\"@type\":\"EntryPoint\",\"urlTemplate\":\"https:\/\/ticaret.edu.tr\/cevre-ve-doga-bilimleri-uygulama-ve-arastirma-merkezi\/?s={search_term_string}\"},\"query-input\":\"required name=search_term_string\"}],\"inLanguage\":\"tr\"}]}<\/script>\n<!-- \/ Yoast SEO Premium plugin. -->","yoast_head_json":{"title":"Akademik Sunumlar - \u00c7evre ve Do\u011fa Bilimleri Uygulama ve Ara\u015ft\u0131rma Merkezi","robots":{"index":"index","follow":"follow","max-snippet":"max-snippet:-1","max-image-preview":"max-image-preview:large","max-video-preview":"max-video-preview:-1"},"canonical":"https:\/\/ticaret.edu.tr\/cevre-ve-doga-bilimleri-uygulama-ve-arastirma-merkezi\/raporlar\/akademik-sunumlar\/","og_locale":"tr_TR","og_type":"article","og_title":"Akademik Sunumlar","og_description":"&#8220;Ekolojik Mimarl\u0131k&#8221; sunumu i\u00e7in t\u0131klay\u0131n\u0131z! &#8220;\u0130stanbul&#8217;un Kent i\u00e7i Faunas\u0131n\u0131 Nas\u0131l Koruyabiliriz?&#8221; sunumu i\u00e7in t\u0131klay\u0131n\u0131z! &#8220;Kent Peyzaj\u0131nda Ekolojik Donat\u0131 Eleman\u0131 Olarak Ah\u015fap&#8221; sunumu i\u00e7in t\u0131klay\u0131n\u0131z! &#8220;Yaban Hayat\u0131 Envanteri&#8221; sunumu i\u00e7in t\u0131klay\u0131n\u0131z! &#8220;\u0130stanbul&#8217;un Kent \u0130\u00e7i Faunas\u0131&#8221; sunumu i\u00e7in t\u0131klay\u0131n\u0131z! &#8220;\u015eehirlerimiz K\u00fclt\u00fcr\u00fcm\u00fcz Gelece\u011fimiz&#8221; sunumu i\u00e7in t\u0131klay\u0131n\u0131z! &#8220;Su ve \u0130nsan&#8221; sunumu i\u00e7in t\u0131klay\u0131n\u0131z! &#8220;Milli Parklar\u0131n Geli\u015ftirme Esaslar\u0131&#8221; sunumu i\u00e7in [&hellip;]","og_url":"https:\/\/ticaret.edu.tr\/cevre-ve-doga-bilimleri-uygulama-ve-arastirma-merkezi\/raporlar\/akademik-sunumlar\/","og_site_name":"\u00c7evre ve Do\u011fa Bilimleri Uygulama ve Ara\u015ft\u0131rma Merkezi","article_publisher":"https:\/\/www.facebook.com\/ticaretedutr","article_modified_time":"2025-02-26T06:26:36+00:00","og_image":[{"width":1250,"height":833,"url":"http:\/\/ticaret.edu.tr\/cevre-ve-doga-bilimleri-uygulama-ve-arastirma-merkezi\/wp-content\/uploads\/sites\/46\/2021\/11\/web_logo-01.jpg","type":"image\/jpeg"}],"twitter_card":"summary_large_image","twitter_site":"@ticaretedutr","twitter_misc":{"Tahmini okuma s\u00fcresi":"1 dakika"},"schema":{"@context":"https:\/\/schema.org","@graph":[{"@type":"WebPage","@id":"https:\/\/ticaret.edu.tr\/cevre-ve-doga-bilimleri-uygulama-ve-arastirma-merkezi\/raporlar\/akademik-sunumlar\/","url":"https:\/\/ticaret.edu.tr\/cevre-ve-doga-bilimleri-uygulama-ve-arastirma-merkezi\/raporlar\/akademik-sunumlar\/","name":"Akademik Sunumlar - \u00c7evre ve Do\u011fa Bilimleri Uygulama ve Ara\u015ft\u0131rma Merkezi","isPartOf":{"@id":"https:\/\/ticaret.edu.tr\/cevre-ve-doga-bilimleri-uygulama-ve-arastirma-merkezi\/#website"},"datePublished":"2021-11-18T12:16:14+00:00","dateModified":"2025-02-26T06:26:36+00:00","breadcrumb":{"@id":"https:\/\/ticaret.edu.tr\/cevre-ve-doga-bilimleri-uygulama-ve-arastirma-merkezi\/raporlar\/akademik-sunumlar\/#breadcrumb"},"inLanguage":"tr","potentialAction":[{"@type":"ReadAction","target":["https:\/\/ticaret.edu.tr\/cevre-ve-doga-bilimleri-uygulama-ve-arastirma-merkezi\/raporlar\/akademik-sunumlar\/"]}]},{"@type":"BreadcrumbList","@id":"https:\/\/ticaret.edu.tr\/cevre-ve-doga-bilimleri-uygulama-ve-arastirma-merkezi\/raporlar\/akademik-sunumlar\/#breadcrumb","itemListElement":[{"@type":"ListItem","position":1,"name":"Ana sayfa","item":"https:\/\/ticaret.edu.tr\/cevre-ve-doga-bilimleri-uygulama-ve-arastirma-merkezi\/"},{"@type":"ListItem","position":2,"name":"Raporlar ve Yay\u0131nlar","item":"https:\/\/ticaret.edu.tr\/cevre-ve-doga-bilimleri-uygulama-ve-arastirma-merkezi\/raporlar\/"},{"@type":"ListItem","position":3,"name":"Akademik Sunumlar"}]},{"@type":"WebSite","@id":"https:\/\/ticaret.edu.tr\/cevre-ve-doga-bilimleri-uygulama-ve-arastirma-merkezi\/#website","url":"https:\/\/ticaret.edu.tr\/cevre-ve-doga-bilimleri-uygulama-ve-arastirma-merkezi\/","name":"\u00c7evre ve Do\u011fa Bilimleri Uygulama ve Ara\u015ft\u0131rma Merkezi","description":"Bir ba\u015fka \u0130stanbul Ticaret \u00dcniversitesi site sitesi","potentialAction":[{"@type":"SearchAction","target":{"@type":"EntryPoint","urlTemplate":"https:\/\/ticaret.edu.tr\/cevre-ve-doga-bilimleri-uygulama-ve-arastirma-merkezi\/?s={search_term_string}"},"query-input":"required name=search_term_string"}],"inLanguage":"tr"}]}},"lang":"tr","translations":{"tr":128},"pll_sync_post":[],"_links":{"self":[{"href":"http:\/\/ticaret.edu.tr\/cevre-ve-doga-bilimleri-uygulama-ve-arastirma-merkezi\/wp-json\/wp\/v2\/pages\/128"}],"collection":[{"href":"http:\/\/ticaret.edu.tr\/cevre-ve-doga-bilimleri-uygulama-ve-arastirma-merkezi\/wp-json\/wp\/v2\/pages"}],"about":[{"href":"http:\/\/ticaret.edu.tr\/cevre-ve-doga-bilimleri-uygulama-ve-arastirma-merkezi\/wp-json\/wp\/v2\/types\/page"}],"author":[{"embeddable":true,"href":"http:\/\/ticaret.edu.tr\/cevre-ve-doga-bilimleri-uygulama-ve-arastirma-merkezi\/wp-json\/wp\/v2\/users\/149"}],"replies":[{"embeddable":true,"href":"http:\/\/ticaret.edu.tr\/cevre-ve-doga-bilimleri-uygulama-ve-arastirma-merkezi\/wp-json\/wp\/v2\/comments?post=128"}],"version-history":[{"count":22,"href":"http:\/\/ticaret.edu.tr\/cevre-ve-doga-bilimleri-uygulama-ve-arastirma-merkezi\/wp-json\/wp\/v2\/pages\/128\/revisions"}],"predecessor-version":[{"id":351,"href":"http:\/\/ticaret.edu.tr\/cevre-ve-doga-bilimleri-uygulama-ve-arastirma-merkezi\/wp-json\/wp\/v2\/pages\/128\/revisions\/351"}],"up":[{"embeddable":true,"href":"http:\/\/ticaret.edu.tr\/cevre-ve-doga-bilimleri-uygulama-ve-arastirma-merkezi\/wp-json\/wp\/v2\/pages\/10"}],"wp:attachment":[{"href":"http:\/\/ticaret.edu.tr\/cevre-ve-doga-bilimleri-uygulama-ve-arastirma-merkezi\/wp-json\/wp\/v2\/media?parent=128"}],"curies":[{"name":"wp","href":"https:\/\/api.w.org\/{rel}","templated":true}]}}