{"id":311,"date":"2025-02-27T11:01:25","date_gmt":"2025-02-27T08:01:25","guid":{"rendered":"https:\/\/ticaret.edu.tr\/dusunce-ve-proje-uretim-akademisi\/?page_id=311"},"modified":"2025-02-27T11:01:25","modified_gmt":"2025-02-27T08:01:25","slug":"genel-bilgi","status":"publish","type":"page","link":"http:\/\/ticaret.edu.tr\/dusunce-ve-proje-uretim-akademisi\/genel-bilgi\/","title":{"rendered":"Genel Bilgi"},"content":{"rendered":"<p style=\"text-align: center\"><strong><em>D\u00fc\u015f\u00fcnce ve Proje \u00dcretim Akademisi (D\u00dcPA); \u201cT20 Ulusal Dan\u0131\u015fma Kurulu\u201d nun \u00fcyesidir.<\/em><\/strong><\/p>\n<p><strong>Ekonomi Beklenti Endeksi 2023 kitab\u0131 yay\u0131nlanm\u0131\u015ft\u0131r.<\/strong><\/p>\n<p>2017 y\u0131l\u0131ndan bu yana yay\u0131nlanan IYMMO Ekonomi Beklenti Endeksi ile firmalarda kar\u015f\u0131la\u015f\u0131lan ve \u00e7\u00f6z\u00fcm \u00f6nerilerine ili\u015fkin 2017-2022 d\u00f6nemine ili\u015fkin t\u00fcm verileri kapsayan <b>Ekonomi Beklenti Endeksi 2023 Kar\u015f\u0131la\u015f\u0131lan Sorunlar ve \u00c7\u00f6z\u00fcm \u00d6nerileri <\/b>kitab\u0131 yay\u0131nlanm\u0131\u015ft\u0131r.<\/p>\n<p><b>Ekonomi Beklenti Endeksi 2021\u00a0 Kar\u015f\u0131la\u015f\u0131lan Sorunlar ve \u00c7\u00f6z\u00fcm \u00d6nerileri <\/b>her y\u0131l 6 ayl\u0131k periyotlar \u015feklinde rapor olarak a\u00e7\u0131klanmakla beraber konuya ili\u015fkin bilgi birikimi ve bulgular\u0131 i\u00e7eren <b>ilk kitap <\/b>COVID-19 salg\u0131n\u0131 s\u00fcrecinin \u00f6zel olarak ele al\u0131n\u0131p de\u011ferlendirildi\u011fi\u00a0 Nisan 2020 d\u00f6neminde yay\u0131nlanm\u0131\u015ft\u0131r. 2021 y\u0131l\u0131nda ise 2017-2020 d\u00f6neminde elde edilen t\u00fcm sonu\u00e7lar\u0131n yer ald\u0131\u011f\u0131 ikinci kitap \u00e7al\u0131\u015fmas\u0131 yay\u0131nlanm\u0131\u015ft\u0131r. \u0130kinci kitap ile birlikte her y\u0131l ilgili y\u0131l\u0131n sonunda k\u00fcm\u00fclatif sonu\u00e7lar\u0131n de\u011ferlendirilerek yay\u0131nland\u0131\u011f\u0131 bir kitap serisi s\u00fcreci ba\u015flam\u0131\u015ft\u0131r. Be\u015finci kitap y\u0131ll\u0131k de\u011ferlendirmenin yap\u0131ld\u0131\u011f\u0131 2017 y\u0131l\u0131ndan itibaren t\u00fcm verilerin okuyucuya sunuldu\u011fu serininde d\u00f6rd\u00fcnc\u00fc kitab\u0131d\u0131r.<\/p>\n<p>Ekonomi Beklenti Endeksi 2023 \u00e7al\u0131\u015fmas\u0131na <a href=\"https:\/\/www.istanbulymmo.org.tr\/TR\/PopUp.aspx?ID=19417\">buradan<\/a>\u00a0ula\u015fabilirsiniz.<\/p>\n<p>Ekonomi Beklenti Endeksi 2022 \u00e7al\u0131\u015fmas\u0131na <a href=\"https:\/\/istanbulymmo.org.tr\/TR\/PopUp.aspx?ID=13308\">buradan<\/a>\u00a0ula\u015fabilirsiniz.<\/p>\n<p>Ekonomi Beklenti Endeksi 2021 \u00e7al\u0131\u015fmas\u0131na <a href=\"http:\/\/akademikportal.istanbulymmo.org.tr\/yayinlar\/\">buradan<\/a>\u00a0ula\u015fabilirsiniz.<\/p>\n<p>\u0130stanbul Yeminli Mali M\u00fc\u015favirler Odas\u0131 Ekonomi Beklenti Endeksi \u00e7al\u0131\u015fmas\u0131na <a href=\"http:\/\/akademikportal.istanbulymmo.org.tr\/a65f66db218df4eddb5b808f1bc50749\/ekonomi-beklenti-endeksi-kitap.pdf\">buradan<\/a>\u00a0ula\u015fabilirsiniz.<\/p>\n<p>COVID 19 Salg\u0131n D\u00f6nemi Ekonomi Anketi \u00e7al\u0131\u015fmas\u0131na <a href=\"http:\/\/akademikportal.istanbulymmo.org.tr\/4e78582f03713002325803471d4b7b9f\/covid19-ekonomi-anketi.pdf\">buradan<\/a>\u00a0ula\u015fabilirsiniz.<\/p>\n<p>&nbsp;<\/p>\n<p><img loading=\"lazy\" decoding=\"async\" class=\"alignnone size-medium wp-image-290\" src=\"http:\/\/ticaret.edu.tr\/dusunce-ve-proje-uretim-akademisi\/wp-content\/uploads\/sites\/54\/2025\/02\/2023-213x300.jpg\" alt=\"\" width=\"213\" height=\"300\" srcset=\"http:\/\/ticaret.edu.tr\/dusunce-ve-proje-uretim-akademisi\/wp-content\/uploads\/sites\/54\/2025\/02\/2023-213x300.jpg 213w, http:\/\/ticaret.edu.tr\/dusunce-ve-proje-uretim-akademisi\/wp-content\/uploads\/sites\/54\/2025\/02\/2023.jpg 606w\" sizes=\"(max-width: 213px) 100vw, 213px\" \/><img loading=\"lazy\" decoding=\"async\" class=\"alignnone size-medium wp-image-256\" src=\"http:\/\/ticaret.edu.tr\/dusunce-ve-proje-uretim-akademisi\/wp-content\/uploads\/sites\/54\/2023\/05\/beklenti-213x300.png\" alt=\"\" width=\"213\" height=\"300\" srcset=\"http:\/\/ticaret.edu.tr\/dusunce-ve-proje-uretim-akademisi\/wp-content\/uploads\/sites\/54\/2023\/05\/beklenti-213x300.png 213w, http:\/\/ticaret.edu.tr\/dusunce-ve-proje-uretim-akademisi\/wp-content\/uploads\/sites\/54\/2023\/05\/beklenti.png 498w\" sizes=\"(max-width: 213px) 100vw, 213px\" \/><img loading=\"lazy\" decoding=\"async\" class=\"alignnone size-medium wp-image-219\" src=\"http:\/\/ticaret.edu.tr\/dusunce-ve-proje-uretim-akademisi\/wp-content\/uploads\/sites\/54\/2022\/04\/WhatsApp-Image-2022-04-22-at-11.43.01-210x300.jpeg\" alt=\"\" width=\"210\" height=\"300\" srcset=\"http:\/\/ticaret.edu.tr\/dusunce-ve-proje-uretim-akademisi\/wp-content\/uploads\/sites\/54\/2022\/04\/WhatsApp-Image-2022-04-22-at-11.43.01-210x300.jpeg 210w, http:\/\/ticaret.edu.tr\/dusunce-ve-proje-uretim-akademisi\/wp-content\/uploads\/sites\/54\/2022\/04\/WhatsApp-Image-2022-04-22-at-11.43.01-718x1024.jpeg 718w, http:\/\/ticaret.edu.tr\/dusunce-ve-proje-uretim-akademisi\/wp-content\/uploads\/sites\/54\/2022\/04\/WhatsApp-Image-2022-04-22-at-11.43.01-768x1095.jpeg 768w, http:\/\/ticaret.edu.tr\/dusunce-ve-proje-uretim-akademisi\/wp-content\/uploads\/sites\/54\/2022\/04\/WhatsApp-Image-2022-04-22-at-11.43.01-1077x1536.jpeg 1077w, http:\/\/ticaret.edu.tr\/dusunce-ve-proje-uretim-akademisi\/wp-content\/uploads\/sites\/54\/2022\/04\/WhatsApp-Image-2022-04-22-at-11.43.01.jpeg 1122w\" sizes=\"(max-width: 210px) 100vw, 210px\" \/><img loading=\"lazy\" decoding=\"async\" class=\"alignnone size-medium wp-image-228\" src=\"http:\/\/ticaret.edu.tr\/dusunce-ve-proje-uretim-akademisi\/wp-content\/uploads\/sites\/54\/2022\/04\/ekonomi-beklenti-endeksi-kitap-kapak1-253x300.png\" alt=\"\" width=\"253\" height=\"300\" srcset=\"http:\/\/ticaret.edu.tr\/dusunce-ve-proje-uretim-akademisi\/wp-content\/uploads\/sites\/54\/2022\/04\/ekonomi-beklenti-endeksi-kitap-kapak1-253x300.png 253w, http:\/\/ticaret.edu.tr\/dusunce-ve-proje-uretim-akademisi\/wp-content\/uploads\/sites\/54\/2022\/04\/ekonomi-beklenti-endeksi-kitap-kapak1.png 750w\" sizes=\"(max-width: 253px) 100vw, 253px\" \/><img loading=\"lazy\" decoding=\"async\" class=\"alignnone size-medium wp-image-124\" src=\"http:\/\/ticaret.edu.tr\/dusunce-ve-proje-uretim-akademisi\/wp-content\/uploads\/sites\/54\/2021\/09\/covid19-ekonomi-anketi-1-212x300.jpg\" alt=\"\" width=\"212\" height=\"300\" srcset=\"http:\/\/ticaret.edu.tr\/dusunce-ve-proje-uretim-akademisi\/wp-content\/uploads\/sites\/54\/2021\/09\/covid19-ekonomi-anketi-1-212x300.jpg 212w, http:\/\/ticaret.edu.tr\/dusunce-ve-proje-uretim-akademisi\/wp-content\/uploads\/sites\/54\/2021\/09\/covid19-ekonomi-anketi-1-724x1024.jpg 724w, http:\/\/ticaret.edu.tr\/dusunce-ve-proje-uretim-akademisi\/wp-content\/uploads\/sites\/54\/2021\/09\/covid19-ekonomi-anketi-1-768x1086.jpg 768w, http:\/\/ticaret.edu.tr\/dusunce-ve-proje-uretim-akademisi\/wp-content\/uploads\/sites\/54\/2021\/09\/covid19-ekonomi-anketi-1.jpg 1035w\" sizes=\"(max-width: 212px) 100vw, 212px\" \/><\/p>\n","protected":false},"excerpt":{"rendered":"<p>D\u00fc\u015f\u00fcnce ve Proje \u00dcretim Akademisi (D\u00dcPA); \u201cT20 Ulusal Dan\u0131\u015fma Kurulu\u201d nun \u00fcyesidir. Ekonomi Beklenti Endeksi 2023 kitab\u0131 yay\u0131nlanm\u0131\u015ft\u0131r. 2017 y\u0131l\u0131ndan bu yana yay\u0131nlanan IYMMO Ekonomi Beklenti Endeksi ile firmalarda kar\u015f\u0131la\u015f\u0131lan ve \u00e7\u00f6z\u00fcm \u00f6nerilerine ili\u015fkin 2017-2022 d\u00f6nemine ili\u015fkin t\u00fcm verileri kapsayan Ekonomi Beklenti Endeksi 2023 Kar\u015f\u0131la\u015f\u0131lan Sorunlar ve \u00c7\u00f6z\u00fcm \u00d6nerileri kitab\u0131 yay\u0131nlanm\u0131\u015ft\u0131r. Ekonomi Beklenti Endeksi 2021\u00a0 [&hellip;]<\/p>\n","protected":false},"author":228,"featured_media":0,"parent":0,"menu_order":0,"comment_status":"closed","ping_status":"closed","template":"genel_sayfa.php","meta":{"footnotes":""},"yoast_head":"<!-- This site is optimized with the Yoast SEO Premium plugin v22.1 (Yoast SEO v22.1) - https:\/\/yoast.com\/wordpress\/plugins\/seo\/ -->\n<title>Genel Bilgi - D\u00fc\u015f\u00fcnce ve Proje \u00dcretim Akademisi<\/title>\n<meta name=\"robots\" content=\"index, follow, max-snippet:-1, max-image-preview:large, max-video-preview:-1\" \/>\n<link rel=\"canonical\" href=\"http:\/\/ticaret.edu.tr\/dusunce-ve-proje-uretim-akademisi\/genel-bilgi\/\" \/>\n<meta property=\"og:locale\" content=\"tr_TR\" \/>\n<meta property=\"og:type\" content=\"article\" \/>\n<meta property=\"og:title\" content=\"Genel Bilgi\" \/>\n<meta property=\"og:description\" content=\"D\u00fc\u015f\u00fcnce ve Proje \u00dcretim Akademisi (D\u00dcPA); \u201cT20 Ulusal Dan\u0131\u015fma Kurulu\u201d nun \u00fcyesidir. Ekonomi Beklenti Endeksi 2023 kitab\u0131 yay\u0131nlanm\u0131\u015ft\u0131r. 2017 y\u0131l\u0131ndan bu yana yay\u0131nlanan IYMMO Ekonomi Beklenti Endeksi ile firmalarda kar\u015f\u0131la\u015f\u0131lan ve \u00e7\u00f6z\u00fcm \u00f6nerilerine ili\u015fkin 2017-2022 d\u00f6nemine ili\u015fkin t\u00fcm verileri kapsayan Ekonomi Beklenti Endeksi 2023 Kar\u015f\u0131la\u015f\u0131lan Sorunlar ve \u00c7\u00f6z\u00fcm \u00d6nerileri kitab\u0131 yay\u0131nlanm\u0131\u015ft\u0131r. Ekonomi Beklenti Endeksi 2021\u00a0 [&hellip;]\" \/>\n<meta property=\"og:url\" content=\"http:\/\/ticaret.edu.tr\/dusunce-ve-proje-uretim-akademisi\/genel-bilgi\/\" \/>\n<meta property=\"og:site_name\" content=\"D\u00fc\u015f\u00fcnce ve Proje \u00dcretim Akademisi\" \/>\n<meta property=\"article:publisher\" content=\"https:\/\/www.facebook.com\/ticaretedutr\" \/>\n<meta property=\"og:image\" content=\"http:\/\/ticaret.edu.tr\/dusunce-ve-proje-uretim-akademisi\/wp-content\/uploads\/sites\/54\/2025\/02\/2023-213x300.jpg\" \/>\n<meta name=\"twitter:card\" content=\"summary_large_image\" \/>\n<meta name=\"twitter:site\" content=\"@ticaretedutr\" \/>\n<script type=\"application\/ld+json\" class=\"yoast-schema-graph\">{\"@context\":\"https:\/\/schema.org\",\"@graph\":[{\"@type\":\"WebPage\",\"@id\":\"http:\/\/ticaret.edu.tr\/dusunce-ve-proje-uretim-akademisi\/genel-bilgi\/\",\"url\":\"http:\/\/ticaret.edu.tr\/dusunce-ve-proje-uretim-akademisi\/genel-bilgi\/\",\"name\":\"Genel Bilgi - D\u00fc\u015f\u00fcnce ve Proje \u00dcretim Akademisi\",\"isPartOf\":{\"@id\":\"https:\/\/ticaret.edu.tr\/dusunce-ve-proje-uretim-akademisi\/#website\"},\"datePublished\":\"2025-02-27T08:01:25+00:00\",\"dateModified\":\"2025-02-27T08:01:25+00:00\",\"breadcrumb\":{\"@id\":\"http:\/\/ticaret.edu.tr\/dusunce-ve-proje-uretim-akademisi\/genel-bilgi\/#breadcrumb\"},\"inLanguage\":\"tr\",\"potentialAction\":[{\"@type\":\"ReadAction\",\"target\":[\"http:\/\/ticaret.edu.tr\/dusunce-ve-proje-uretim-akademisi\/genel-bilgi\/\"]}]},{\"@type\":\"BreadcrumbList\",\"@id\":\"http:\/\/ticaret.edu.tr\/dusunce-ve-proje-uretim-akademisi\/genel-bilgi\/#breadcrumb\",\"itemListElement\":[{\"@type\":\"ListItem\",\"position\":1,\"name\":\"Ana sayfa\",\"item\":\"https:\/\/ticaret.edu.tr\/dusunce-ve-proje-uretim-akademisi\/\"},{\"@type\":\"ListItem\",\"position\":2,\"name\":\"Genel Bilgi\"}]},{\"@type\":\"WebSite\",\"@id\":\"https:\/\/ticaret.edu.tr\/dusunce-ve-proje-uretim-akademisi\/#website\",\"url\":\"https:\/\/ticaret.edu.tr\/dusunce-ve-proje-uretim-akademisi\/\",\"name\":\"D\u00fc\u015f\u00fcnce ve Proje \u00dcretim Akademisi\",\"description\":\"Bir ba\u015fka \u0130stanbul Ticaret \u00dcniversitesi site sitesi\",\"potentialAction\":[{\"@type\":\"SearchAction\",\"target\":{\"@type\":\"EntryPoint\",\"urlTemplate\":\"https:\/\/ticaret.edu.tr\/dusunce-ve-proje-uretim-akademisi\/?s={search_term_string}\"},\"query-input\":\"required name=search_term_string\"}],\"inLanguage\":\"tr\"}]}<\/script>\n<!-- \/ Yoast SEO Premium plugin. -->","yoast_head_json":{"title":"Genel Bilgi - D\u00fc\u015f\u00fcnce ve Proje \u00dcretim Akademisi","robots":{"index":"index","follow":"follow","max-snippet":"max-snippet:-1","max-image-preview":"max-image-preview:large","max-video-preview":"max-video-preview:-1"},"canonical":"http:\/\/ticaret.edu.tr\/dusunce-ve-proje-uretim-akademisi\/genel-bilgi\/","og_locale":"tr_TR","og_type":"article","og_title":"Genel Bilgi","og_description":"D\u00fc\u015f\u00fcnce ve Proje \u00dcretim Akademisi (D\u00dcPA); \u201cT20 Ulusal Dan\u0131\u015fma Kurulu\u201d nun \u00fcyesidir. Ekonomi Beklenti Endeksi 2023 kitab\u0131 yay\u0131nlanm\u0131\u015ft\u0131r. 2017 y\u0131l\u0131ndan bu yana yay\u0131nlanan IYMMO Ekonomi Beklenti Endeksi ile firmalarda kar\u015f\u0131la\u015f\u0131lan ve \u00e7\u00f6z\u00fcm \u00f6nerilerine ili\u015fkin 2017-2022 d\u00f6nemine ili\u015fkin t\u00fcm verileri kapsayan Ekonomi Beklenti Endeksi 2023 Kar\u015f\u0131la\u015f\u0131lan Sorunlar ve \u00c7\u00f6z\u00fcm \u00d6nerileri kitab\u0131 yay\u0131nlanm\u0131\u015ft\u0131r. Ekonomi Beklenti Endeksi 2021\u00a0 [&hellip;]","og_url":"http:\/\/ticaret.edu.tr\/dusunce-ve-proje-uretim-akademisi\/genel-bilgi\/","og_site_name":"D\u00fc\u015f\u00fcnce ve Proje \u00dcretim Akademisi","article_publisher":"https:\/\/www.facebook.com\/ticaretedutr","og_image":[{"url":"http:\/\/ticaret.edu.tr\/dusunce-ve-proje-uretim-akademisi\/wp-content\/uploads\/sites\/54\/2025\/02\/2023-213x300.jpg"}],"twitter_card":"summary_large_image","twitter_site":"@ticaretedutr","schema":{"@context":"https:\/\/schema.org","@graph":[{"@type":"WebPage","@id":"http:\/\/ticaret.edu.tr\/dusunce-ve-proje-uretim-akademisi\/genel-bilgi\/","url":"http:\/\/ticaret.edu.tr\/dusunce-ve-proje-uretim-akademisi\/genel-bilgi\/","name":"Genel Bilgi - D\u00fc\u015f\u00fcnce ve Proje \u00dcretim Akademisi","isPartOf":{"@id":"https:\/\/ticaret.edu.tr\/dusunce-ve-proje-uretim-akademisi\/#website"},"datePublished":"2025-02-27T08:01:25+00:00","dateModified":"2025-02-27T08:01:25+00:00","breadcrumb":{"@id":"http:\/\/ticaret.edu.tr\/dusunce-ve-proje-uretim-akademisi\/genel-bilgi\/#breadcrumb"},"inLanguage":"tr","potentialAction":[{"@type":"ReadAction","target":["http:\/\/ticaret.edu.tr\/dusunce-ve-proje-uretim-akademisi\/genel-bilgi\/"]}]},{"@type":"BreadcrumbList","@id":"http:\/\/ticaret.edu.tr\/dusunce-ve-proje-uretim-akademisi\/genel-bilgi\/#breadcrumb","itemListElement":[{"@type":"ListItem","position":1,"name":"Ana sayfa","item":"https:\/\/ticaret.edu.tr\/dusunce-ve-proje-uretim-akademisi\/"},{"@type":"ListItem","position":2,"name":"Genel Bilgi"}]},{"@type":"WebSite","@id":"https:\/\/ticaret.edu.tr\/dusunce-ve-proje-uretim-akademisi\/#website","url":"https:\/\/ticaret.edu.tr\/dusunce-ve-proje-uretim-akademisi\/","name":"D\u00fc\u015f\u00fcnce ve Proje \u00dcretim Akademisi","description":"Bir ba\u015fka \u0130stanbul Ticaret \u00dcniversitesi site sitesi","potentialAction":[{"@type":"SearchAction","target":{"@type":"EntryPoint","urlTemplate":"https:\/\/ticaret.edu.tr\/dusunce-ve-proje-uretim-akademisi\/?s={search_term_string}"},"query-input":"required name=search_term_string"}],"inLanguage":"tr"}]}},"lang":"tr","translations":{"en":313,"tr":311},"pll_sync_post":[],"_links":{"self":[{"href":"http:\/\/ticaret.edu.tr\/dusunce-ve-proje-uretim-akademisi\/wp-json\/wp\/v2\/pages\/311"}],"collection":[{"href":"http:\/\/ticaret.edu.tr\/dusunce-ve-proje-uretim-akademisi\/wp-json\/wp\/v2\/pages"}],"about":[{"href":"http:\/\/ticaret.edu.tr\/dusunce-ve-proje-uretim-akademisi\/wp-json\/wp\/v2\/types\/page"}],"author":[{"embeddable":true,"href":"http:\/\/ticaret.edu.tr\/dusunce-ve-proje-uretim-akademisi\/wp-json\/wp\/v2\/users\/228"}],"replies":[{"embeddable":true,"href":"http:\/\/ticaret.edu.tr\/dusunce-ve-proje-uretim-akademisi\/wp-json\/wp\/v2\/comments?post=311"}],"version-history":[{"count":1,"href":"http:\/\/ticaret.edu.tr\/dusunce-ve-proje-uretim-akademisi\/wp-json\/wp\/v2\/pages\/311\/revisions"}],"predecessor-version":[{"id":312,"href":"http:\/\/ticaret.edu.tr\/dusunce-ve-proje-uretim-akademisi\/wp-json\/wp\/v2\/pages\/311\/revisions\/312"}],"wp:attachment":[{"href":"http:\/\/ticaret.edu.tr\/dusunce-ve-proje-uretim-akademisi\/wp-json\/wp\/v2\/media?parent=311"}],"curies":[{"name":"wp","href":"https:\/\/api.w.org\/{rel}","templated":true}]}}