{"id":277,"date":"2024-05-15T15:36:55","date_gmt":"2024-05-15T12:36:55","guid":{"rendered":"https:\/\/ticaret.edu.tr\/egitim-bilimleri\/?page_id=277"},"modified":"2025-02-24T13:26:26","modified_gmt":"2025-02-24T10:26:26","slug":"lisans-seviyesi-icin-formasyon","status":"publish","type":"page","link":"http:\/\/ticaret.edu.tr\/egitim-bilimleri\/lisans-seviyesi-icin-formasyon\/","title":{"rendered":"Lisans Seviyesi \u0130\u00e7in Formasyon"},"content":{"rendered":"<p>\u0130STANBUL T\u0130CARET \u00dcN\u0130VERS\u0130TES\u0130 (L\u0130SANS SEV\u0130YES\u0130) \u00d6\u011eRENC\u0130LER\u0130 \u0130\u00c7\u0130N HAZIRLANAN <a href=\"http:\/\/ticaret.edu.tr\/egitim-bilimleri\/wp-content\/uploads\/sites\/66\/2024\/09\/PEDAGOJIK-FORMASYON-EGITIMI-PEF-ALABILEN-BOLUMLER-1.pdf\">PEDAGOJI\u0307K FORMASYON EG\u0306I\u0307TI\u0307MI\u0307 (PEF) ALABI\u0307LEN BO\u0308LU\u0308MLER<\/a><a href=\"http:\/\/ticaret.edu.tr\/egitim-bilimleri\/wp-content\/uploads\/sites\/66\/2024\/09\/PEDAGOJIK-FORMASYON-EGITIMI-PEF-ALABILEN-BOLUMLER.pdf\">\u00a0<\/a>L\u0130STES\u0130N\u0130 \u0130NCELEY\u0130N\u0130Z. KR\u0130TERLERE UYGUN OLAN B\u00d6L\u00dcMLER \u0130\u00c7\u0130N FORMASYON;<\/p>\n<ul>\n<li>\u00d6rg\u00fcn e\u011fitim i\u00e7erisinde, 2.s\u0131n\u0131ftan itibaren, \u00fcniversite se\u00e7meli dersleri olarak al\u0131n\u0131r.<\/li>\n<li>8 teorik ve 1 uygulamal\u0131 ders olmak \u00fczere toplam 9 ders tamamlanmal\u0131d\u0131r.<\/li>\n<li>Mezuniyette 240-300 AKTS&#8217;yi kar\u015f\u0131lar<\/li>\n<li>AKTS kredilerine g\u00f6re derslerin %30\u2019u uzaktan planlanabilir.<\/li>\n<li>Diploman\u0131n arkas\u0131na &#8220;formasyon ald\u0131&#8221; yaz\u0131s\u0131 yer al\u0131r.<\/li>\n<\/ul>\n<div class=\"page\" title=\"Page 1\">\n<div class=\"layoutArea\">\n<div class=\"column\">\n<p>&nbsp;<\/p>\n<p style=\"text-align: center\"><strong>I\u0307STANBUL TI\u0307CARET U\u0308NI\u0307VERSI\u0307TESI\u0307<\/strong><\/p>\n<p style=\"text-align: center\"><strong>Lisans o\u0308g\u0306rencileri ic\u0327in Pedagojik Formasyon Eg\u0306itimi bas\u0327vurular\u0131 bas\u0327lam\u0131s\u0327t\u0131r.<\/strong><\/p>\n<p style=\"text-align: center\"><strong>(2024-2025 Eg\u0306itim O\u0308g\u0306retim Y\u0131l\u0131 Gu\u0308z Do\u0308nemi)<\/strong><\/p>\n<p style=\"text-align: left\">U\u0308niversitemiz 2024\/2025 eg\u0306itim-o\u0308g\u0306retim y\u0131l\u0131 Lisans Programlar\u0131 Pedagojik Formasyon Eg\u0306itimi ders kay\u0131tlar\u0131 <strong>9 \u2013 15 Eylu\u0308l 2024<\/strong> tarihleri aras\u0131nda yap\u0131labilecektir. Kayd\u0131 tamamlamak ic\u0327in s\u0327u yollar izlenmelidir:<\/p>\n<ol>\n<li>Ders sec\u0327ilir.<\/li>\n<li>Dan\u0131s\u0327man onay verir.<\/li>\n<li>Muhasebeye o\u0308deme yap\u0131l\u0131r ve su\u0308rec\u0327 tamamlan\u0131r.<\/li>\n<\/ol>\n<p>Bas\u0327vurular sadece lisans programlar\u0131n\u0131n 2., 3. ve 4. s\u0131n\u0131flar\u0131nda o\u0308g\u0306renim go\u0308ren o\u0308g\u0306rencilere ac\u0327\u0131kt\u0131r. Pedagojik Formasyon Eg\u0306itimi Program\u0131nda al\u0131nan dersler, AKTS bas\u0327\u0131na u\u0308cretlendirilecektir. <strong>AKTS bas\u0327\u0131na u\u0308cret 800 TL\u2019dir.<\/strong><\/p>\n<p>2024-2025 Eg\u0306itim-O\u0308g\u0306retim Y\u0131l\u0131 Gu\u0308z Do\u0308nemi pedagojik formasyon eg\u0306itiminde as\u0327ag\u0306\u0131da belirtilen dersler ac\u0327\u0131lacakt\u0131r:<\/p>\n<ol>\n<li>Eg\u0306itime Giris\u0327 (4 AKTS)<\/li>\n<li>O\u0308g\u0306retim I\u0307lke ve Yo\u0308ntemleri (4 AKTS)<\/li>\n<li>S\u0131n\u0131f Yo\u0308netimi (3 AKTS)<\/li>\n<li>O\u0308zel O\u0308g\u0306retim Yo\u0308ntemleri (4 AKTS)<\/li>\n<li>O\u0308g\u0306retmenlik Uygulamas\u0131 (10 AKTS)<strong>*\u00d6\u011fretmenlik Uygulamas\u0131<\/strong> \u00f6n ko\u015fulu olan bir derstir. 2. ve 3. s\u0131n\u0131f \u00f6\u011frencileri 8 teorik dersi almalar\u0131 ve ba\u015far\u0131 ile tamamlamalar\u0131 durumunda \u00d6\u011fretmenlik Uygulamas\u0131 dersini se\u00e7ebilir. 4. s\u0131n\u0131fta okuyan ve formasyon e\u011fitimine g\u00fcz d\u00f6neminde ilk kez kay\u0131t yapt\u0131ran \u00f6\u011frenciler ise \u00d6\u011fretmenlik Uygulamas\u0131 dersini en az 4 teorik dersi almalar\u0131 ve ba\u015far\u0131 ile tamamlamalar\u0131 durumunda bahar d\u00f6neminde se\u00e7ebilir.<\/li>\n<\/ol>\n<p>Pedagojik Formasyon Birimi<br \/>\nI\u0307letis\u0327im: Dr. O\u0308g\u0306r. U\u0308yesi Polat Erdog\u0306an<\/p>\n<p>perdogan@ticaret.edu.tr<\/p>\n<p>&nbsp;<\/p>\n<\/div>\n<\/div>\n<\/div>\n","protected":false},"excerpt":{"rendered":"<p>\u0130STANBUL T\u0130CARET \u00dcN\u0130VERS\u0130TES\u0130 (L\u0130SANS SEV\u0130YES\u0130) \u00d6\u011eRENC\u0130LER\u0130 \u0130\u00c7\u0130N HAZIRLANAN PEDAGOJI\u0307K FORMASYON EG\u0306I\u0307TI\u0307MI\u0307 (PEF) ALABI\u0307LEN BO\u0308LU\u0308MLER\u00a0L\u0130STES\u0130N\u0130 \u0130NCELEY\u0130N\u0130Z. KR\u0130TERLERE UYGUN OLAN B\u00d6L\u00dcMLER \u0130\u00c7\u0130N FORMASYON; \u00d6rg\u00fcn e\u011fitim i\u00e7erisinde, 2.s\u0131n\u0131ftan itibaren, \u00fcniversite se\u00e7meli dersleri olarak al\u0131n\u0131r. 8 teorik ve 1 uygulamal\u0131 ders olmak \u00fczere toplam 9 ders tamamlanmal\u0131d\u0131r. Mezuniyette 240-300 AKTS&#8217;yi kar\u015f\u0131lar AKTS kredilerine g\u00f6re derslerin %30\u2019u uzaktan planlanabilir. Diploman\u0131n [&hellip;]<\/p>\n","protected":false},"author":201,"featured_media":0,"parent":0,"menu_order":0,"comment_status":"closed","ping_status":"closed","template":"genel_sayfa.php","meta":{"footnotes":""},"yoast_head":"<!-- This site is optimized with the Yoast SEO Premium plugin v22.1 (Yoast SEO v22.1) - https:\/\/yoast.com\/wordpress\/plugins\/seo\/ -->\n<title>Lisans Seviyesi \u0130\u00e7in Formasyon - E\u011fitim Bilimleri<\/title>\n<meta name=\"robots\" content=\"index, follow, max-snippet:-1, max-image-preview:large, max-video-preview:-1\" \/>\n<link rel=\"canonical\" href=\"https:\/\/ticaret.edu.tr\/egitim-bilimleri\/lisans-seviyesi-icin-formasyon\/\" \/>\n<meta property=\"og:locale\" content=\"tr_TR\" \/>\n<meta property=\"og:type\" content=\"article\" \/>\n<meta property=\"og:title\" content=\"Lisans Seviyesi \u0130\u00e7in Formasyon\" \/>\n<meta property=\"og:description\" content=\"\u0130STANBUL T\u0130CARET \u00dcN\u0130VERS\u0130TES\u0130 (L\u0130SANS SEV\u0130YES\u0130) \u00d6\u011eRENC\u0130LER\u0130 \u0130\u00c7\u0130N HAZIRLANAN PEDAGOJI\u0307K FORMASYON EG\u0306I\u0307TI\u0307MI\u0307 (PEF) ALABI\u0307LEN BO\u0308LU\u0308MLER\u00a0L\u0130STES\u0130N\u0130 \u0130NCELEY\u0130N\u0130Z. KR\u0130TERLERE UYGUN OLAN B\u00d6L\u00dcMLER \u0130\u00c7\u0130N FORMASYON; \u00d6rg\u00fcn e\u011fitim i\u00e7erisinde, 2.s\u0131n\u0131ftan itibaren, \u00fcniversite se\u00e7meli dersleri olarak al\u0131n\u0131r. 8 teorik ve 1 uygulamal\u0131 ders olmak \u00fczere toplam 9 ders tamamlanmal\u0131d\u0131r. Mezuniyette 240-300 AKTS&#8217;yi kar\u015f\u0131lar AKTS kredilerine g\u00f6re derslerin %30\u2019u uzaktan planlanabilir. Diploman\u0131n [&hellip;]\" \/>\n<meta property=\"og:url\" content=\"https:\/\/ticaret.edu.tr\/egitim-bilimleri\/lisans-seviyesi-icin-formasyon\/\" \/>\n<meta property=\"og:site_name\" content=\"E\u011fitim Bilimleri\" \/>\n<meta property=\"article:publisher\" content=\"https:\/\/www.facebook.com\/ticaretedutr\" \/>\n<meta property=\"article:modified_time\" content=\"2025-02-24T10:26:26+00:00\" \/>\n<meta property=\"og:image\" content=\"http:\/\/ticaret.edu.tr\/egitim-bilimleri\/wp-content\/uploads\/sites\/66\/2021\/11\/web_logo-01.jpg\" \/>\n\t<meta property=\"og:image:width\" content=\"1250\" \/>\n\t<meta property=\"og:image:height\" content=\"833\" \/>\n\t<meta property=\"og:image:type\" content=\"image\/jpeg\" \/>\n<meta name=\"twitter:card\" content=\"summary_large_image\" \/>\n<meta name=\"twitter:site\" content=\"@ticaretedutr\" \/>\n<meta name=\"twitter:label1\" content=\"Tahmini okuma s\u00fcresi\" \/>\n\t<meta name=\"twitter:data1\" content=\"2 dakika\" \/>\n<script type=\"application\/ld+json\" class=\"yoast-schema-graph\">{\"@context\":\"https:\/\/schema.org\",\"@graph\":[{\"@type\":\"WebPage\",\"@id\":\"https:\/\/ticaret.edu.tr\/egitim-bilimleri\/lisans-seviyesi-icin-formasyon\/\",\"url\":\"https:\/\/ticaret.edu.tr\/egitim-bilimleri\/lisans-seviyesi-icin-formasyon\/\",\"name\":\"Lisans Seviyesi \u0130\u00e7in Formasyon - E\u011fitim Bilimleri\",\"isPartOf\":{\"@id\":\"https:\/\/ticaret.edu.tr\/egitim-bilimleri\/#website\"},\"datePublished\":\"2024-05-15T12:36:55+00:00\",\"dateModified\":\"2025-02-24T10:26:26+00:00\",\"breadcrumb\":{\"@id\":\"https:\/\/ticaret.edu.tr\/egitim-bilimleri\/lisans-seviyesi-icin-formasyon\/#breadcrumb\"},\"inLanguage\":\"tr\",\"potentialAction\":[{\"@type\":\"ReadAction\",\"target\":[\"https:\/\/ticaret.edu.tr\/egitim-bilimleri\/lisans-seviyesi-icin-formasyon\/\"]}]},{\"@type\":\"BreadcrumbList\",\"@id\":\"https:\/\/ticaret.edu.tr\/egitim-bilimleri\/lisans-seviyesi-icin-formasyon\/#breadcrumb\",\"itemListElement\":[{\"@type\":\"ListItem\",\"position\":1,\"name\":\"Anasayfa\",\"item\":\"https:\/\/ticaret.edu.tr\/egitim-bilimleri\/\"},{\"@type\":\"ListItem\",\"position\":2,\"name\":\"Lisans Seviyesi \u0130\u00e7in Formasyon\"}]},{\"@type\":\"WebSite\",\"@id\":\"https:\/\/ticaret.edu.tr\/egitim-bilimleri\/#website\",\"url\":\"https:\/\/ticaret.edu.tr\/egitim-bilimleri\/\",\"name\":\"E\u011fitim Bilimleri\",\"description\":\"Bir ba\u015fka \u0130stanbul Ticaret \u00dcniversitesi site sitesi\",\"potentialAction\":[{\"@type\":\"SearchAction\",\"target\":{\"@type\":\"EntryPoint\",\"urlTemplate\":\"https:\/\/ticaret.edu.tr\/egitim-bilimleri\/?s={search_term_string}\"},\"query-input\":\"required name=search_term_string\"}],\"inLanguage\":\"tr\"}]}<\/script>\n<!-- \/ Yoast SEO Premium plugin. -->","yoast_head_json":{"title":"Lisans Seviyesi \u0130\u00e7in Formasyon - E\u011fitim Bilimleri","robots":{"index":"index","follow":"follow","max-snippet":"max-snippet:-1","max-image-preview":"max-image-preview:large","max-video-preview":"max-video-preview:-1"},"canonical":"https:\/\/ticaret.edu.tr\/egitim-bilimleri\/lisans-seviyesi-icin-formasyon\/","og_locale":"tr_TR","og_type":"article","og_title":"Lisans Seviyesi \u0130\u00e7in Formasyon","og_description":"\u0130STANBUL T\u0130CARET \u00dcN\u0130VERS\u0130TES\u0130 (L\u0130SANS SEV\u0130YES\u0130) \u00d6\u011eRENC\u0130LER\u0130 \u0130\u00c7\u0130N HAZIRLANAN PEDAGOJI\u0307K FORMASYON EG\u0306I\u0307TI\u0307MI\u0307 (PEF) ALABI\u0307LEN BO\u0308LU\u0308MLER\u00a0L\u0130STES\u0130N\u0130 \u0130NCELEY\u0130N\u0130Z. KR\u0130TERLERE UYGUN OLAN B\u00d6L\u00dcMLER \u0130\u00c7\u0130N FORMASYON; \u00d6rg\u00fcn e\u011fitim i\u00e7erisinde, 2.s\u0131n\u0131ftan itibaren, \u00fcniversite se\u00e7meli dersleri olarak al\u0131n\u0131r. 8 teorik ve 1 uygulamal\u0131 ders olmak \u00fczere toplam 9 ders tamamlanmal\u0131d\u0131r. Mezuniyette 240-300 AKTS&#8217;yi kar\u015f\u0131lar AKTS kredilerine g\u00f6re derslerin %30\u2019u uzaktan planlanabilir. Diploman\u0131n [&hellip;]","og_url":"https:\/\/ticaret.edu.tr\/egitim-bilimleri\/lisans-seviyesi-icin-formasyon\/","og_site_name":"E\u011fitim Bilimleri","article_publisher":"https:\/\/www.facebook.com\/ticaretedutr","article_modified_time":"2025-02-24T10:26:26+00:00","og_image":[{"width":1250,"height":833,"url":"http:\/\/ticaret.edu.tr\/egitim-bilimleri\/wp-content\/uploads\/sites\/66\/2021\/11\/web_logo-01.jpg","type":"image\/jpeg"}],"twitter_card":"summary_large_image","twitter_site":"@ticaretedutr","twitter_misc":{"Tahmini okuma s\u00fcresi":"2 dakika"},"schema":{"@context":"https:\/\/schema.org","@graph":[{"@type":"WebPage","@id":"https:\/\/ticaret.edu.tr\/egitim-bilimleri\/lisans-seviyesi-icin-formasyon\/","url":"https:\/\/ticaret.edu.tr\/egitim-bilimleri\/lisans-seviyesi-icin-formasyon\/","name":"Lisans Seviyesi \u0130\u00e7in Formasyon - E\u011fitim Bilimleri","isPartOf":{"@id":"https:\/\/ticaret.edu.tr\/egitim-bilimleri\/#website"},"datePublished":"2024-05-15T12:36:55+00:00","dateModified":"2025-02-24T10:26:26+00:00","breadcrumb":{"@id":"https:\/\/ticaret.edu.tr\/egitim-bilimleri\/lisans-seviyesi-icin-formasyon\/#breadcrumb"},"inLanguage":"tr","potentialAction":[{"@type":"ReadAction","target":["https:\/\/ticaret.edu.tr\/egitim-bilimleri\/lisans-seviyesi-icin-formasyon\/"]}]},{"@type":"BreadcrumbList","@id":"https:\/\/ticaret.edu.tr\/egitim-bilimleri\/lisans-seviyesi-icin-formasyon\/#breadcrumb","itemListElement":[{"@type":"ListItem","position":1,"name":"Anasayfa","item":"https:\/\/ticaret.edu.tr\/egitim-bilimleri\/"},{"@type":"ListItem","position":2,"name":"Lisans Seviyesi \u0130\u00e7in Formasyon"}]},{"@type":"WebSite","@id":"https:\/\/ticaret.edu.tr\/egitim-bilimleri\/#website","url":"https:\/\/ticaret.edu.tr\/egitim-bilimleri\/","name":"E\u011fitim Bilimleri","description":"Bir ba\u015fka \u0130stanbul Ticaret \u00dcniversitesi site sitesi","potentialAction":[{"@type":"SearchAction","target":{"@type":"EntryPoint","urlTemplate":"https:\/\/ticaret.edu.tr\/egitim-bilimleri\/?s={search_term_string}"},"query-input":"required name=search_term_string"}],"inLanguage":"tr"}]}},"lang":"tr","translations":{"tr":277},"pll_sync_post":[],"_links":{"self":[{"href":"http:\/\/ticaret.edu.tr\/egitim-bilimleri\/wp-json\/wp\/v2\/pages\/277"}],"collection":[{"href":"http:\/\/ticaret.edu.tr\/egitim-bilimleri\/wp-json\/wp\/v2\/pages"}],"about":[{"href":"http:\/\/ticaret.edu.tr\/egitim-bilimleri\/wp-json\/wp\/v2\/types\/page"}],"author":[{"embeddable":true,"href":"http:\/\/ticaret.edu.tr\/egitim-bilimleri\/wp-json\/wp\/v2\/users\/201"}],"replies":[{"embeddable":true,"href":"http:\/\/ticaret.edu.tr\/egitim-bilimleri\/wp-json\/wp\/v2\/comments?post=277"}],"version-history":[{"count":11,"href":"http:\/\/ticaret.edu.tr\/egitim-bilimleri\/wp-json\/wp\/v2\/pages\/277\/revisions"}],"predecessor-version":[{"id":599,"href":"http:\/\/ticaret.edu.tr\/egitim-bilimleri\/wp-json\/wp\/v2\/pages\/277\/revisions\/599"}],"wp:attachment":[{"href":"http:\/\/ticaret.edu.tr\/egitim-bilimleri\/wp-json\/wp\/v2\/media?parent=277"}],"curies":[{"name":"wp","href":"https:\/\/api.w.org\/{rel}","templated":true}]}}