{"id":403,"date":"2025-01-27T01:29:17","date_gmt":"2025-01-26T22:29:17","guid":{"rendered":"https:\/\/ticaret.edu.tr\/egitim-bilimleri\/?page_id=403"},"modified":"2025-10-15T13:33:51","modified_gmt":"2025-10-15T10:33:51","slug":"aday-ogrenci","status":"publish","type":"page","link":"http:\/\/ticaret.edu.tr\/egitim-bilimleri\/aday-ogrenci\/","title":{"rendered":"Aday \u00d6\u011frenci"},"content":{"rendered":"<p data-start=\"131\" data-end=\"363\">\u0130stanbul Ticaret \u00dcniversitesi <strong data-start=\"161\" data-end=\"188\">E\u011fitim Bilimleri B\u00f6l\u00fcm\u00fc<\/strong>, bireylerin, ailelerin ve e\u011fitim kurumlar\u0131n\u0131n geli\u015fimine katk\u0131 sa\u011flayacak uzmanlar yeti\u015ftirmeyi ama\u00e7lamaktad\u0131r. B\u00f6l\u00fcm b\u00fcnyesinde iki y\u00fcksek lisans program\u0131 y\u00fcr\u00fct\u00fclmektedir:<\/p>\n<ul data-start=\"365\" data-end=\"501\">\n<li data-start=\"365\" data-end=\"439\">\n<p data-start=\"367\" data-end=\"439\"><strong data-start=\"367\" data-end=\"437\">Aile Dan\u0131\u015fmanl\u0131\u011f\u0131 ve E\u011fitimi Tezli \/ Tezsiz Y\u00fcksek Lisans Program\u0131<\/strong><\/p>\n<\/li>\n<li data-start=\"440\" data-end=\"501\">\n<p data-start=\"442\" data-end=\"501\"><strong data-start=\"442\" data-end=\"499\">E\u011fitim Y\u00f6netimi Tezsiz Y\u00fcksek Lisans Program\u0131<\/strong><\/p>\n<\/li>\n<\/ul>\n<p data-start=\"503\" data-end=\"826\"><strong data-start=\"503\" data-end=\"544\">Aile Dan\u0131\u015fmanl\u0131\u011f\u0131 ve E\u011fitimi Program\u0131<\/strong>, aile yap\u0131s\u0131n\u0131n g\u00fc\u00e7lendirilmesi, ebeveyn-\u00e7ocuk ili\u015fkilerinin desteklenmesi ve dan\u0131\u015fmanl\u0131k becerilerinin geli\u015ftirilmesine odaklan\u0131r. Program; sistemik terapi, aile i\u00e7i ileti\u015fim, psikolojik dan\u0131\u015fma ve e\u011fitim temellerini bir araya getirerek alan\u0131nda uzman profesyoneller yeti\u015ftirir.<\/p>\n<p data-start=\"828\" data-end=\"1127\"><strong data-start=\"828\" data-end=\"856\">E\u011fitim Y\u00f6netimi Program\u0131<\/strong> ise e\u011fitim kurumlar\u0131nda etkili liderlik, stratejik planlama, kalite g\u00fcvencesi, \u00f6l\u00e7me ve de\u011ferlendirme konular\u0131nda derinlemesine bilgi ve beceri kazand\u0131r\u0131r. Program, e\u011fitim y\u00f6neticileri, \u00f6\u011fretmenler ve akademisyen adaylar\u0131na kuramsal ve uygulamal\u0131 bir perspektif sunar.<\/p>\n<p data-start=\"1129\" data-end=\"1303\">E\u011fitim Bilimleri B\u00f6l\u00fcm\u00fc, g\u00fc\u00e7l\u00fc akademik kadrosu, disiplinler aras\u0131 yakla\u015f\u0131m\u0131 ve uygulama temelli \u00f6\u011frenme ortamlar\u0131yla, \u00f6\u011frencilerine \u00e7a\u011fda\u015f bir e\u011fitim deneyimi sunmaktad\u0131r.<\/p>\n","protected":false},"excerpt":{"rendered":"<p>\u0130stanbul Ticaret \u00dcniversitesi E\u011fitim Bilimleri B\u00f6l\u00fcm\u00fc, bireylerin, ailelerin ve e\u011fitim kurumlar\u0131n\u0131n geli\u015fimine katk\u0131 sa\u011flayacak uzmanlar yeti\u015ftirmeyi ama\u00e7lamaktad\u0131r. B\u00f6l\u00fcm b\u00fcnyesinde iki y\u00fcksek lisans program\u0131 y\u00fcr\u00fct\u00fclmektedir: Aile Dan\u0131\u015fmanl\u0131\u011f\u0131 ve E\u011fitimi Tezli \/ Tezsiz Y\u00fcksek Lisans Program\u0131 E\u011fitim Y\u00f6netimi Tezsiz Y\u00fcksek Lisans Program\u0131 Aile Dan\u0131\u015fmanl\u0131\u011f\u0131 ve E\u011fitimi Program\u0131, aile yap\u0131s\u0131n\u0131n g\u00fc\u00e7lendirilmesi, ebeveyn-\u00e7ocuk ili\u015fkilerinin desteklenmesi ve dan\u0131\u015fmanl\u0131k becerilerinin geli\u015ftirilmesine [&hellip;]<\/p>\n","protected":false},"author":223,"featured_media":0,"parent":0,"menu_order":0,"comment_status":"closed","ping_status":"closed","template":"genel_sayfa.php","meta":{"footnotes":""},"yoast_head":"<!-- This site is optimized with the Yoast SEO Premium plugin v22.1 (Yoast SEO v22.1) - https:\/\/yoast.com\/wordpress\/plugins\/seo\/ -->\n<title>Aday \u00d6\u011frenci - E\u011fitim Bilimleri<\/title>\n<meta name=\"robots\" content=\"index, follow, max-snippet:-1, max-image-preview:large, max-video-preview:-1\" \/>\n<link rel=\"canonical\" href=\"https:\/\/ticaret.edu.tr\/egitim-bilimleri\/aday-ogrenci\/\" \/>\n<meta property=\"og:locale\" content=\"tr_TR\" \/>\n<meta property=\"og:type\" content=\"article\" \/>\n<meta property=\"og:title\" content=\"Aday \u00d6\u011frenci\" \/>\n<meta property=\"og:description\" content=\"\u0130stanbul Ticaret \u00dcniversitesi E\u011fitim Bilimleri B\u00f6l\u00fcm\u00fc, bireylerin, ailelerin ve e\u011fitim kurumlar\u0131n\u0131n geli\u015fimine katk\u0131 sa\u011flayacak uzmanlar yeti\u015ftirmeyi ama\u00e7lamaktad\u0131r. B\u00f6l\u00fcm b\u00fcnyesinde iki y\u00fcksek lisans program\u0131 y\u00fcr\u00fct\u00fclmektedir: Aile Dan\u0131\u015fmanl\u0131\u011f\u0131 ve E\u011fitimi Tezli \/ Tezsiz Y\u00fcksek Lisans Program\u0131 E\u011fitim Y\u00f6netimi Tezsiz Y\u00fcksek Lisans Program\u0131 Aile Dan\u0131\u015fmanl\u0131\u011f\u0131 ve E\u011fitimi Program\u0131, aile yap\u0131s\u0131n\u0131n g\u00fc\u00e7lendirilmesi, ebeveyn-\u00e7ocuk ili\u015fkilerinin desteklenmesi ve dan\u0131\u015fmanl\u0131k becerilerinin geli\u015ftirilmesine [&hellip;]\" \/>\n<meta property=\"og:url\" content=\"https:\/\/ticaret.edu.tr\/egitim-bilimleri\/aday-ogrenci\/\" \/>\n<meta property=\"og:site_name\" content=\"E\u011fitim Bilimleri\" \/>\n<meta property=\"article:publisher\" content=\"https:\/\/www.facebook.com\/ticaretedutr\" \/>\n<meta property=\"article:modified_time\" content=\"2025-10-15T10:33:51+00:00\" \/>\n<meta property=\"og:image\" content=\"http:\/\/ticaret.edu.tr\/egitim-bilimleri\/wp-content\/uploads\/sites\/66\/2021\/11\/web_logo-01.jpg\" \/>\n\t<meta property=\"og:image:width\" content=\"1250\" \/>\n\t<meta property=\"og:image:height\" content=\"833\" \/>\n\t<meta property=\"og:image:type\" content=\"image\/jpeg\" \/>\n<meta name=\"twitter:card\" content=\"summary_large_image\" \/>\n<meta name=\"twitter:site\" content=\"@ticaretedutr\" \/>\n<meta name=\"twitter:label1\" content=\"Tahmini okuma s\u00fcresi\" \/>\n\t<meta name=\"twitter:data1\" content=\"1 dakika\" \/>\n<script type=\"application\/ld+json\" class=\"yoast-schema-graph\">{\"@context\":\"https:\/\/schema.org\",\"@graph\":[{\"@type\":\"WebPage\",\"@id\":\"https:\/\/ticaret.edu.tr\/egitim-bilimleri\/aday-ogrenci\/\",\"url\":\"https:\/\/ticaret.edu.tr\/egitim-bilimleri\/aday-ogrenci\/\",\"name\":\"Aday \u00d6\u011frenci - E\u011fitim Bilimleri\",\"isPartOf\":{\"@id\":\"https:\/\/ticaret.edu.tr\/egitim-bilimleri\/#website\"},\"datePublished\":\"2025-01-26T22:29:17+00:00\",\"dateModified\":\"2025-10-15T10:33:51+00:00\",\"breadcrumb\":{\"@id\":\"https:\/\/ticaret.edu.tr\/egitim-bilimleri\/aday-ogrenci\/#breadcrumb\"},\"inLanguage\":\"tr\",\"potentialAction\":[{\"@type\":\"ReadAction\",\"target\":[\"https:\/\/ticaret.edu.tr\/egitim-bilimleri\/aday-ogrenci\/\"]}]},{\"@type\":\"BreadcrumbList\",\"@id\":\"https:\/\/ticaret.edu.tr\/egitim-bilimleri\/aday-ogrenci\/#breadcrumb\",\"itemListElement\":[{\"@type\":\"ListItem\",\"position\":1,\"name\":\"Anasayfa\",\"item\":\"https:\/\/ticaret.edu.tr\/egitim-bilimleri\/\"},{\"@type\":\"ListItem\",\"position\":2,\"name\":\"Aday \u00d6\u011frenci\"}]},{\"@type\":\"WebSite\",\"@id\":\"https:\/\/ticaret.edu.tr\/egitim-bilimleri\/#website\",\"url\":\"https:\/\/ticaret.edu.tr\/egitim-bilimleri\/\",\"name\":\"E\u011fitim Bilimleri\",\"description\":\"Bir ba\u015fka \u0130stanbul Ticaret \u00dcniversitesi site sitesi\",\"potentialAction\":[{\"@type\":\"SearchAction\",\"target\":{\"@type\":\"EntryPoint\",\"urlTemplate\":\"https:\/\/ticaret.edu.tr\/egitim-bilimleri\/?s={search_term_string}\"},\"query-input\":\"required name=search_term_string\"}],\"inLanguage\":\"tr\"}]}<\/script>\n<!-- \/ Yoast SEO Premium plugin. -->","yoast_head_json":{"title":"Aday \u00d6\u011frenci - E\u011fitim Bilimleri","robots":{"index":"index","follow":"follow","max-snippet":"max-snippet:-1","max-image-preview":"max-image-preview:large","max-video-preview":"max-video-preview:-1"},"canonical":"https:\/\/ticaret.edu.tr\/egitim-bilimleri\/aday-ogrenci\/","og_locale":"tr_TR","og_type":"article","og_title":"Aday \u00d6\u011frenci","og_description":"\u0130stanbul Ticaret \u00dcniversitesi E\u011fitim Bilimleri B\u00f6l\u00fcm\u00fc, bireylerin, ailelerin ve e\u011fitim kurumlar\u0131n\u0131n geli\u015fimine katk\u0131 sa\u011flayacak uzmanlar yeti\u015ftirmeyi ama\u00e7lamaktad\u0131r. B\u00f6l\u00fcm b\u00fcnyesinde iki y\u00fcksek lisans program\u0131 y\u00fcr\u00fct\u00fclmektedir: Aile Dan\u0131\u015fmanl\u0131\u011f\u0131 ve E\u011fitimi Tezli \/ Tezsiz Y\u00fcksek Lisans Program\u0131 E\u011fitim Y\u00f6netimi Tezsiz Y\u00fcksek Lisans Program\u0131 Aile Dan\u0131\u015fmanl\u0131\u011f\u0131 ve E\u011fitimi Program\u0131, aile yap\u0131s\u0131n\u0131n g\u00fc\u00e7lendirilmesi, ebeveyn-\u00e7ocuk ili\u015fkilerinin desteklenmesi ve dan\u0131\u015fmanl\u0131k becerilerinin geli\u015ftirilmesine [&hellip;]","og_url":"https:\/\/ticaret.edu.tr\/egitim-bilimleri\/aday-ogrenci\/","og_site_name":"E\u011fitim Bilimleri","article_publisher":"https:\/\/www.facebook.com\/ticaretedutr","article_modified_time":"2025-10-15T10:33:51+00:00","og_image":[{"width":1250,"height":833,"url":"http:\/\/ticaret.edu.tr\/egitim-bilimleri\/wp-content\/uploads\/sites\/66\/2021\/11\/web_logo-01.jpg","type":"image\/jpeg"}],"twitter_card":"summary_large_image","twitter_site":"@ticaretedutr","twitter_misc":{"Tahmini okuma s\u00fcresi":"1 dakika"},"schema":{"@context":"https:\/\/schema.org","@graph":[{"@type":"WebPage","@id":"https:\/\/ticaret.edu.tr\/egitim-bilimleri\/aday-ogrenci\/","url":"https:\/\/ticaret.edu.tr\/egitim-bilimleri\/aday-ogrenci\/","name":"Aday \u00d6\u011frenci - E\u011fitim Bilimleri","isPartOf":{"@id":"https:\/\/ticaret.edu.tr\/egitim-bilimleri\/#website"},"datePublished":"2025-01-26T22:29:17+00:00","dateModified":"2025-10-15T10:33:51+00:00","breadcrumb":{"@id":"https:\/\/ticaret.edu.tr\/egitim-bilimleri\/aday-ogrenci\/#breadcrumb"},"inLanguage":"tr","potentialAction":[{"@type":"ReadAction","target":["https:\/\/ticaret.edu.tr\/egitim-bilimleri\/aday-ogrenci\/"]}]},{"@type":"BreadcrumbList","@id":"https:\/\/ticaret.edu.tr\/egitim-bilimleri\/aday-ogrenci\/#breadcrumb","itemListElement":[{"@type":"ListItem","position":1,"name":"Anasayfa","item":"https:\/\/ticaret.edu.tr\/egitim-bilimleri\/"},{"@type":"ListItem","position":2,"name":"Aday \u00d6\u011frenci"}]},{"@type":"WebSite","@id":"https:\/\/ticaret.edu.tr\/egitim-bilimleri\/#website","url":"https:\/\/ticaret.edu.tr\/egitim-bilimleri\/","name":"E\u011fitim Bilimleri","description":"Bir ba\u015fka \u0130stanbul Ticaret \u00dcniversitesi site sitesi","potentialAction":[{"@type":"SearchAction","target":{"@type":"EntryPoint","urlTemplate":"https:\/\/ticaret.edu.tr\/egitim-bilimleri\/?s={search_term_string}"},"query-input":"required name=search_term_string"}],"inLanguage":"tr"}]}},"lang":"tr","translations":{"tr":403},"pll_sync_post":[],"_links":{"self":[{"href":"http:\/\/ticaret.edu.tr\/egitim-bilimleri\/wp-json\/wp\/v2\/pages\/403"}],"collection":[{"href":"http:\/\/ticaret.edu.tr\/egitim-bilimleri\/wp-json\/wp\/v2\/pages"}],"about":[{"href":"http:\/\/ticaret.edu.tr\/egitim-bilimleri\/wp-json\/wp\/v2\/types\/page"}],"author":[{"embeddable":true,"href":"http:\/\/ticaret.edu.tr\/egitim-bilimleri\/wp-json\/wp\/v2\/users\/223"}],"replies":[{"embeddable":true,"href":"http:\/\/ticaret.edu.tr\/egitim-bilimleri\/wp-json\/wp\/v2\/comments?post=403"}],"version-history":[{"count":2,"href":"http:\/\/ticaret.edu.tr\/egitim-bilimleri\/wp-json\/wp\/v2\/pages\/403\/revisions"}],"predecessor-version":[{"id":699,"href":"http:\/\/ticaret.edu.tr\/egitim-bilimleri\/wp-json\/wp\/v2\/pages\/403\/revisions\/699"}],"wp:attachment":[{"href":"http:\/\/ticaret.edu.tr\/egitim-bilimleri\/wp-json\/wp\/v2\/media?parent=403"}],"curies":[{"name":"wp","href":"https:\/\/api.w.org\/{rel}","templated":true}]}}