{"id":421,"date":"2025-01-27T01:31:18","date_gmt":"2025-01-26T22:31:18","guid":{"rendered":"https:\/\/ticaret.edu.tr\/egitim-bilimleri\/?page_id=421"},"modified":"2025-03-05T23:21:16","modified_gmt":"2025-03-05T20:21:16","slug":"vizyon-misyon","status":"publish","type":"page","link":"http:\/\/ticaret.edu.tr\/egitim-bilimleri\/vizyon-misyon\/","title":{"rendered":"Vizyon &#8211; Misyon"},"content":{"rendered":"<p data-start=\"44\" data-end=\"464\">E\u011fitim, bireylerin ve toplumlar\u0131n geli\u015fiminde en temel unsur olup, s\u00fcrekli de\u011fi\u015fen d\u00fcnya ko\u015fullar\u0131na uyum sa\u011flayabilen bireyler yeti\u015ftirmeyi ama\u00e7layan dinamik bir s\u00fcre\u00e7tir. E\u011fitim Bilimleri B\u00f6l\u00fcm\u00fc olarak vizyonumuz, \u00e7a\u011fda\u015f bilimsel yakla\u015f\u0131mlar do\u011frultusunda e\u011fitim sistemine y\u00f6n veren, bireylerin akademik, mesleki ve ki\u015fisel geli\u015fimlerini destekleyen, etik de\u011ferlere ba\u011fl\u0131, yenilik\u00e7i ve lider bireyler yeti\u015ftirmektir.<\/p>\n<p data-start=\"962\" data-end=\"1443\"><strong data-start=\"962\" data-end=\"994\">Pedagojik Formasyon Program\u0131<\/strong> kapsam\u0131nda, \u00f6\u011fretmen adaylar\u0131n\u0131n mesleki yeterliliklerini art\u0131rmak, \u00f6\u011fretim s\u00fcre\u00e7lerinde yenilik\u00e7i y\u00f6ntem ve teknikleri benimsemelerini sa\u011flamak, \u00f6\u011frenci merkezli yakla\u015f\u0131mlar\u0131 te\u015fvik etmek ve e\u011fitimde teknolojinin etkin kullan\u0131m\u0131n\u0131 desteklemek hedeflenmektedir. G\u00fc\u00e7l\u00fc bir akademik kadro ve uygulamaya y\u00f6nelik derslerle desteklenen bu program, \u00f6\u011fretmenlerin e\u011fitim sistemine etkin ve bilin\u00e7li bir \u015fekilde kat\u0131l\u0131m sa\u011flamalar\u0131na olanak tan\u0131maktad\u0131r.<\/p>\n<p data-start=\"1445\" data-end=\"1982\"><strong data-start=\"1445\" data-end=\"1486\">Aile Dan\u0131\u015fmanl\u0131\u011f\u0131 ve E\u011fitimi Program\u0131<\/strong>, bireylerin ve ailelerin psikososyal geli\u015fimlerini destekleyen bir yakla\u015f\u0131mla yap\u0131land\u0131r\u0131lm\u0131\u015f olup, aile ili\u015fkilerinde kar\u015f\u0131la\u015f\u0131lan sorunlara bilimsel ve etik ilkeler do\u011frultusunda \u00e7\u00f6z\u00fcmler \u00fcretmeyi ama\u00e7lamaktad\u0131r. Aile dan\u0131\u015fmanl\u0131\u011f\u0131 alan\u0131nda uzmanla\u015fan bireylerin, toplumun temel yap\u0131 ta\u015f\u0131 olan aile kurumunun g\u00fc\u00e7lenmesine katk\u0131da bulunmalar\u0131 beklenmektedir. Program, dan\u0131\u015fan merkezli, k\u00fclt\u00fcrel duyarl\u0131l\u0131\u011fa sahip ve psikolojik destek hizmetlerinde yetkin bireyler yeti\u015ftirmeyi hedeflemektedir.<\/p>\n<p data-start=\"1984\" data-end=\"2586\"><strong data-start=\"1984\" data-end=\"2012\">E\u011fitim Y\u00f6netimi Program\u0131<\/strong> ise e\u011fitim kurumlar\u0131n\u0131n etkin bir \u015fekilde y\u00f6netilmesi, e\u011fitim politikalar\u0131n\u0131n geli\u015ftirilmesi ve e\u011fitim liderli\u011fi s\u00fcre\u00e7lerine y\u00f6n vermek amac\u0131yla yap\u0131land\u0131r\u0131lm\u0131\u015ft\u0131r. Program, e\u011fitim y\u00f6neticilerinin karar alma s\u00fcre\u00e7lerinde bilimsel verileri kullanmalar\u0131n\u0131, kurum k\u00fclt\u00fcr\u00fcn\u00fc g\u00fc\u00e7lendirmelerini ve e\u011fitimde kaliteyi art\u0131rmaya y\u00f6nelik stratejiler geli\u015ftirmelerini te\u015fvik etmektedir. Liderlik, y\u00f6netim bilimi ve e\u011fitim politikalar\u0131 konular\u0131nda kapsaml\u0131 bilgi ve beceri kazand\u0131rarak, e\u011fitim alan\u0131nda s\u00fcrd\u00fcr\u00fclebilir geli\u015fimi destekleyen profesyoneller yeti\u015ftirmek hedeflenmektedir.<\/p>\n<p data-start=\"2588\" data-end=\"3050\">E\u011fitim Bilimleri B\u00f6l\u00fcm\u00fc olarak misyonumuz, akademik disiplinler aras\u0131 bir yakla\u015f\u0131mla bilimsel bilgi \u00fcretmek, e\u011fitim politikalar\u0131na y\u00f6n verecek nitelikli ara\u015ft\u0131rmalar yapmak, bireylerin ve topluluklar\u0131n e\u011fitim s\u00fcre\u00e7lerine olumlu katk\u0131lar sunacak uzmanlar yeti\u015ftirmektir. Bu ba\u011flamda, e\u011fitim ve dan\u0131\u015fmanl\u0131k hizmetlerinde etik de\u011ferlere ba\u011fl\u0131, bilimsel d\u00fc\u015f\u00fcnceye sahip ve toplumsal sorumluluk bilinci y\u00fcksek bireyler yeti\u015ftirmek en \u00f6nemli ama\u00e7lar\u0131m\u0131z aras\u0131ndad\u0131r.<\/p>\n<p data-start=\"3052\" data-end=\"3481\" data-is-last-node=\"\" data-is-only-node=\"\">B\u00f6l\u00fcm\u00fcm\u00fcz, \u00e7a\u011f\u0131n gereksinimlerine uygun olarak e\u011fitim programlar\u0131n\u0131 s\u00fcrekli g\u00fcncelleyerek, ulusal ve uluslararas\u0131 d\u00fczeyde g\u00fc\u00e7l\u00fc akademik i\u015f birlikleri kurmay\u0131 ve e\u011fitimde kaliteyi art\u0131rmaya y\u00f6nelik projeler geli\u015ftirmeyi hedeflemektedir. Bilimsel ara\u015ft\u0131rmalara dayal\u0131, \u00f6\u011frenci odakl\u0131 bir e\u011fitim anlay\u0131\u015f\u0131 ile gelece\u011fin e\u011fitimcilerini, dan\u0131\u015fmanlar\u0131n\u0131 ve y\u00f6neticilerini yeti\u015ftiren bir merkez olarak varl\u0131\u011f\u0131m\u0131z\u0131 s\u00fcrd\u00fcrmeye kararl\u0131y\u0131z.<\/p>\n","protected":false},"excerpt":{"rendered":"<p>E\u011fitim, bireylerin ve toplumlar\u0131n geli\u015fiminde en temel unsur olup, s\u00fcrekli de\u011fi\u015fen d\u00fcnya ko\u015fullar\u0131na uyum sa\u011flayabilen bireyler yeti\u015ftirmeyi ama\u00e7layan dinamik bir s\u00fcre\u00e7tir. E\u011fitim Bilimleri B\u00f6l\u00fcm\u00fc olarak vizyonumuz, \u00e7a\u011fda\u015f bilimsel yakla\u015f\u0131mlar do\u011frultusunda e\u011fitim sistemine y\u00f6n veren, bireylerin akademik, mesleki ve ki\u015fisel geli\u015fimlerini destekleyen, etik de\u011ferlere ba\u011fl\u0131, yenilik\u00e7i ve lider bireyler yeti\u015ftirmektir. Pedagojik Formasyon Program\u0131 kapsam\u0131nda, \u00f6\u011fretmen adaylar\u0131n\u0131n [&hellip;]<\/p>\n","protected":false},"author":223,"featured_media":0,"parent":0,"menu_order":0,"comment_status":"closed","ping_status":"closed","template":"genel_sayfa.php","meta":{"footnotes":""},"yoast_head":"<!-- This site is optimized with the Yoast SEO Premium plugin v22.1 (Yoast SEO v22.1) - https:\/\/yoast.com\/wordpress\/plugins\/seo\/ -->\n<title>Vizyon - Misyon - E\u011fitim Bilimleri<\/title>\n<meta name=\"robots\" content=\"index, follow, max-snippet:-1, max-image-preview:large, max-video-preview:-1\" \/>\n<link rel=\"canonical\" href=\"https:\/\/ticaret.edu.tr\/egitim-bilimleri\/vizyon-misyon\/\" \/>\n<meta property=\"og:locale\" content=\"tr_TR\" \/>\n<meta property=\"og:type\" content=\"article\" \/>\n<meta property=\"og:title\" content=\"Vizyon - Misyon\" \/>\n<meta property=\"og:description\" content=\"E\u011fitim, bireylerin ve toplumlar\u0131n geli\u015fiminde en temel unsur olup, s\u00fcrekli de\u011fi\u015fen d\u00fcnya ko\u015fullar\u0131na uyum sa\u011flayabilen bireyler yeti\u015ftirmeyi ama\u00e7layan dinamik bir s\u00fcre\u00e7tir. E\u011fitim Bilimleri B\u00f6l\u00fcm\u00fc olarak vizyonumuz, \u00e7a\u011fda\u015f bilimsel yakla\u015f\u0131mlar do\u011frultusunda e\u011fitim sistemine y\u00f6n veren, bireylerin akademik, mesleki ve ki\u015fisel geli\u015fimlerini destekleyen, etik de\u011ferlere ba\u011fl\u0131, yenilik\u00e7i ve lider bireyler yeti\u015ftirmektir. Pedagojik Formasyon Program\u0131 kapsam\u0131nda, \u00f6\u011fretmen adaylar\u0131n\u0131n [&hellip;]\" \/>\n<meta property=\"og:url\" content=\"https:\/\/ticaret.edu.tr\/egitim-bilimleri\/vizyon-misyon\/\" \/>\n<meta property=\"og:site_name\" content=\"E\u011fitim Bilimleri\" \/>\n<meta property=\"article:publisher\" content=\"https:\/\/www.facebook.com\/ticaretedutr\" \/>\n<meta property=\"article:modified_time\" content=\"2025-03-05T20:21:16+00:00\" \/>\n<meta property=\"og:image\" content=\"http:\/\/ticaret.edu.tr\/egitim-bilimleri\/wp-content\/uploads\/sites\/66\/2021\/11\/web_logo-01.jpg\" \/>\n\t<meta property=\"og:image:width\" content=\"1250\" \/>\n\t<meta property=\"og:image:height\" content=\"833\" \/>\n\t<meta property=\"og:image:type\" content=\"image\/jpeg\" \/>\n<meta name=\"twitter:card\" content=\"summary_large_image\" \/>\n<meta name=\"twitter:site\" content=\"@ticaretedutr\" \/>\n<meta name=\"twitter:label1\" content=\"Tahmini okuma s\u00fcresi\" \/>\n\t<meta name=\"twitter:data1\" content=\"2 dakika\" \/>\n<script type=\"application\/ld+json\" class=\"yoast-schema-graph\">{\"@context\":\"https:\/\/schema.org\",\"@graph\":[{\"@type\":\"WebPage\",\"@id\":\"https:\/\/ticaret.edu.tr\/egitim-bilimleri\/vizyon-misyon\/\",\"url\":\"https:\/\/ticaret.edu.tr\/egitim-bilimleri\/vizyon-misyon\/\",\"name\":\"Vizyon - Misyon - E\u011fitim Bilimleri\",\"isPartOf\":{\"@id\":\"https:\/\/ticaret.edu.tr\/egitim-bilimleri\/#website\"},\"datePublished\":\"2025-01-26T22:31:18+00:00\",\"dateModified\":\"2025-03-05T20:21:16+00:00\",\"breadcrumb\":{\"@id\":\"https:\/\/ticaret.edu.tr\/egitim-bilimleri\/vizyon-misyon\/#breadcrumb\"},\"inLanguage\":\"tr\",\"potentialAction\":[{\"@type\":\"ReadAction\",\"target\":[\"https:\/\/ticaret.edu.tr\/egitim-bilimleri\/vizyon-misyon\/\"]}]},{\"@type\":\"BreadcrumbList\",\"@id\":\"https:\/\/ticaret.edu.tr\/egitim-bilimleri\/vizyon-misyon\/#breadcrumb\",\"itemListElement\":[{\"@type\":\"ListItem\",\"position\":1,\"name\":\"Anasayfa\",\"item\":\"https:\/\/ticaret.edu.tr\/egitim-bilimleri\/\"},{\"@type\":\"ListItem\",\"position\":2,\"name\":\"Vizyon &#8211; Misyon\"}]},{\"@type\":\"WebSite\",\"@id\":\"https:\/\/ticaret.edu.tr\/egitim-bilimleri\/#website\",\"url\":\"https:\/\/ticaret.edu.tr\/egitim-bilimleri\/\",\"name\":\"E\u011fitim Bilimleri\",\"description\":\"Bir ba\u015fka \u0130stanbul Ticaret \u00dcniversitesi site sitesi\",\"potentialAction\":[{\"@type\":\"SearchAction\",\"target\":{\"@type\":\"EntryPoint\",\"urlTemplate\":\"https:\/\/ticaret.edu.tr\/egitim-bilimleri\/?s={search_term_string}\"},\"query-input\":\"required name=search_term_string\"}],\"inLanguage\":\"tr\"}]}<\/script>\n<!-- \/ Yoast SEO Premium plugin. -->","yoast_head_json":{"title":"Vizyon - Misyon - E\u011fitim Bilimleri","robots":{"index":"index","follow":"follow","max-snippet":"max-snippet:-1","max-image-preview":"max-image-preview:large","max-video-preview":"max-video-preview:-1"},"canonical":"https:\/\/ticaret.edu.tr\/egitim-bilimleri\/vizyon-misyon\/","og_locale":"tr_TR","og_type":"article","og_title":"Vizyon - Misyon","og_description":"E\u011fitim, bireylerin ve toplumlar\u0131n geli\u015fiminde en temel unsur olup, s\u00fcrekli de\u011fi\u015fen d\u00fcnya ko\u015fullar\u0131na uyum sa\u011flayabilen bireyler yeti\u015ftirmeyi ama\u00e7layan dinamik bir s\u00fcre\u00e7tir. E\u011fitim Bilimleri B\u00f6l\u00fcm\u00fc olarak vizyonumuz, \u00e7a\u011fda\u015f bilimsel yakla\u015f\u0131mlar do\u011frultusunda e\u011fitim sistemine y\u00f6n veren, bireylerin akademik, mesleki ve ki\u015fisel geli\u015fimlerini destekleyen, etik de\u011ferlere ba\u011fl\u0131, yenilik\u00e7i ve lider bireyler yeti\u015ftirmektir. Pedagojik Formasyon Program\u0131 kapsam\u0131nda, \u00f6\u011fretmen adaylar\u0131n\u0131n [&hellip;]","og_url":"https:\/\/ticaret.edu.tr\/egitim-bilimleri\/vizyon-misyon\/","og_site_name":"E\u011fitim Bilimleri","article_publisher":"https:\/\/www.facebook.com\/ticaretedutr","article_modified_time":"2025-03-05T20:21:16+00:00","og_image":[{"width":1250,"height":833,"url":"http:\/\/ticaret.edu.tr\/egitim-bilimleri\/wp-content\/uploads\/sites\/66\/2021\/11\/web_logo-01.jpg","type":"image\/jpeg"}],"twitter_card":"summary_large_image","twitter_site":"@ticaretedutr","twitter_misc":{"Tahmini okuma s\u00fcresi":"2 dakika"},"schema":{"@context":"https:\/\/schema.org","@graph":[{"@type":"WebPage","@id":"https:\/\/ticaret.edu.tr\/egitim-bilimleri\/vizyon-misyon\/","url":"https:\/\/ticaret.edu.tr\/egitim-bilimleri\/vizyon-misyon\/","name":"Vizyon - Misyon - E\u011fitim Bilimleri","isPartOf":{"@id":"https:\/\/ticaret.edu.tr\/egitim-bilimleri\/#website"},"datePublished":"2025-01-26T22:31:18+00:00","dateModified":"2025-03-05T20:21:16+00:00","breadcrumb":{"@id":"https:\/\/ticaret.edu.tr\/egitim-bilimleri\/vizyon-misyon\/#breadcrumb"},"inLanguage":"tr","potentialAction":[{"@type":"ReadAction","target":["https:\/\/ticaret.edu.tr\/egitim-bilimleri\/vizyon-misyon\/"]}]},{"@type":"BreadcrumbList","@id":"https:\/\/ticaret.edu.tr\/egitim-bilimleri\/vizyon-misyon\/#breadcrumb","itemListElement":[{"@type":"ListItem","position":1,"name":"Anasayfa","item":"https:\/\/ticaret.edu.tr\/egitim-bilimleri\/"},{"@type":"ListItem","position":2,"name":"Vizyon &#8211; Misyon"}]},{"@type":"WebSite","@id":"https:\/\/ticaret.edu.tr\/egitim-bilimleri\/#website","url":"https:\/\/ticaret.edu.tr\/egitim-bilimleri\/","name":"E\u011fitim Bilimleri","description":"Bir ba\u015fka \u0130stanbul Ticaret \u00dcniversitesi site sitesi","potentialAction":[{"@type":"SearchAction","target":{"@type":"EntryPoint","urlTemplate":"https:\/\/ticaret.edu.tr\/egitim-bilimleri\/?s={search_term_string}"},"query-input":"required name=search_term_string"}],"inLanguage":"tr"}]}},"lang":"tr","translations":{"tr":421},"pll_sync_post":[],"_links":{"self":[{"href":"http:\/\/ticaret.edu.tr\/egitim-bilimleri\/wp-json\/wp\/v2\/pages\/421"}],"collection":[{"href":"http:\/\/ticaret.edu.tr\/egitim-bilimleri\/wp-json\/wp\/v2\/pages"}],"about":[{"href":"http:\/\/ticaret.edu.tr\/egitim-bilimleri\/wp-json\/wp\/v2\/types\/page"}],"author":[{"embeddable":true,"href":"http:\/\/ticaret.edu.tr\/egitim-bilimleri\/wp-json\/wp\/v2\/users\/223"}],"replies":[{"embeddable":true,"href":"http:\/\/ticaret.edu.tr\/egitim-bilimleri\/wp-json\/wp\/v2\/comments?post=421"}],"version-history":[{"count":3,"href":"http:\/\/ticaret.edu.tr\/egitim-bilimleri\/wp-json\/wp\/v2\/pages\/421\/revisions"}],"predecessor-version":[{"id":640,"href":"http:\/\/ticaret.edu.tr\/egitim-bilimleri\/wp-json\/wp\/v2\/pages\/421\/revisions\/640"}],"wp:attachment":[{"href":"http:\/\/ticaret.edu.tr\/egitim-bilimleri\/wp-json\/wp\/v2\/media?parent=421"}],"curies":[{"name":"wp","href":"https:\/\/api.w.org\/{rel}","templated":true}]}}