{"id":429,"date":"2025-01-27T01:31:57","date_gmt":"2025-01-26T22:31:57","guid":{"rendered":"https:\/\/ticaret.edu.tr\/egitim-bilimleri\/?page_id=429"},"modified":"2025-10-17T20:13:53","modified_gmt":"2025-10-17T17:13:53","slug":"sayisal-bilgiler","status":"publish","type":"page","link":"http:\/\/ticaret.edu.tr\/egitim-bilimleri\/sayisal-bilgiler\/","title":{"rendered":"Say\u0131sal Bilgiler"},"content":{"rendered":"<h3 data-start=\"486\" data-end=\"515\">\ud83d\udcca <strong data-start=\"493\" data-end=\"513\">Say\u0131sal Bilgiler<\/strong><\/h3>\n<p data-start=\"517\" data-end=\"834\">\u0130stanbul Ticaret \u00dcniversitesi <strong data-start=\"547\" data-end=\"574\">E\u011fitim Bilimleri B\u00f6l\u00fcm\u00fc<\/strong>, lisans d\u00fczeyinde program y\u00fcr\u00fctmemekle birlikte; <strong data-start=\"624\" data-end=\"668\">lisans\u00fcst\u00fc e\u011fitim ve pedagojik formasyon<\/strong> alanlar\u0131nda aktif bir akademik yap\u0131 sunmaktad\u0131r.<br data-start=\"717\" data-end=\"720\" \/>B\u00f6l\u00fcm\u00fcn akademik kapasitesi ve faaliyetlerine ili\u015fkin g\u00fcncel say\u0131sal veriler a\u015fa\u011f\u0131daki gibidir:<\/p>\n<hr data-start=\"836\" data-end=\"839\" \/>\n<h4 data-start=\"841\" data-end=\"872\">\ud83d\udc69\u200d\ud83c\udfeb <strong data-start=\"852\" data-end=\"870\">Akademik Kadro<\/strong><\/h4>\n<ul data-start=\"873\" data-end=\"1050\">\n<li data-start=\"873\" data-end=\"937\">\n<p data-start=\"875\" data-end=\"937\"><strong data-start=\"875\" data-end=\"880\">5<\/strong> \u00f6\u011fretim \u00fcyesi ve 1 \u00f6\u011fretim eleman\u0131 (1 Profes\u00f6r, 4 Dr. \u00d6\u011fr. \u00dcyesi, 1 Ara\u015ft\u0131rma G\u00f6revlisi)<\/p>\n<\/li>\n<li data-start=\"968\" data-end=\"1050\">\n<p data-start=\"970\" data-end=\"1050\">Alanlar\u0131nda uzman, aktif olarak ara\u015ft\u0131rma ve proje y\u00fcr\u00fcten akademisyen kadrosu<\/p>\n<\/li>\n<\/ul>\n<h4 data-start=\"1398\" data-end=\"1444\">\ud83d\udcd8 <strong data-start=\"1406\" data-end=\"1442\">E\u011fitim ve Ara\u015ft\u0131rma Faaliyetleri<\/strong><\/h4>\n<ul data-start=\"1445\" data-end=\"1738\">\n<li data-start=\"1445\" data-end=\"1525\">\n<p data-start=\"1447\" data-end=\"1525\">Her y\u0131l ortalama <strong data-start=\"1464\" data-end=\"1505\">15-20 lisans\u00fcst\u00fc tez ve d\u00f6nem projesi<\/strong> tamamlanmaktad\u0131r.<\/p>\n<\/li>\n<li data-start=\"1637\" data-end=\"1738\">\n<p data-start=\"1639\" data-end=\"1738\">B\u00f6l\u00fcm, her akademik y\u0131l <strong data-start=\"1663\" data-end=\"1719\">en az 3 bilimsel etkinli\u011fe (panel, seminer, \u00e7al\u0131\u015ftay)<\/strong> kat\u0131lmaktad\u0131r.<\/p>\n<\/li>\n<\/ul>\n<p>&nbsp;<\/p>\n","protected":false},"excerpt":{"rendered":"<p>\ud83d\udcca Say\u0131sal Bilgiler \u0130stanbul Ticaret \u00dcniversitesi E\u011fitim Bilimleri B\u00f6l\u00fcm\u00fc, lisans d\u00fczeyinde program y\u00fcr\u00fctmemekle birlikte; lisans\u00fcst\u00fc e\u011fitim ve pedagojik formasyon alanlar\u0131nda aktif bir akademik yap\u0131 sunmaktad\u0131r.B\u00f6l\u00fcm\u00fcn akademik kapasitesi ve faaliyetlerine ili\u015fkin g\u00fcncel say\u0131sal veriler a\u015fa\u011f\u0131daki gibidir: \ud83d\udc69\u200d\ud83c\udfeb Akademik Kadro 5 \u00f6\u011fretim \u00fcyesi ve 1 \u00f6\u011fretim eleman\u0131 (1 Profes\u00f6r, 4 Dr. \u00d6\u011fr. \u00dcyesi, 1 Ara\u015ft\u0131rma G\u00f6revlisi) Alanlar\u0131nda [&hellip;]<\/p>\n","protected":false},"author":223,"featured_media":0,"parent":0,"menu_order":0,"comment_status":"closed","ping_status":"closed","template":"genel_sayfa.php","meta":{"footnotes":""},"yoast_head":"<!-- This site is optimized with the Yoast SEO Premium plugin v22.1 (Yoast SEO v22.1) - https:\/\/yoast.com\/wordpress\/plugins\/seo\/ -->\n<title>Say\u0131sal Bilgiler - E\u011fitim Bilimleri<\/title>\n<meta name=\"robots\" content=\"index, follow, max-snippet:-1, max-image-preview:large, max-video-preview:-1\" \/>\n<link rel=\"canonical\" href=\"https:\/\/ticaret.edu.tr\/egitim-bilimleri\/sayisal-bilgiler\/\" \/>\n<meta property=\"og:locale\" content=\"tr_TR\" \/>\n<meta property=\"og:type\" content=\"article\" \/>\n<meta property=\"og:title\" content=\"Say\u0131sal Bilgiler\" \/>\n<meta property=\"og:description\" content=\"\ud83d\udcca Say\u0131sal Bilgiler \u0130stanbul Ticaret \u00dcniversitesi E\u011fitim Bilimleri B\u00f6l\u00fcm\u00fc, lisans d\u00fczeyinde program y\u00fcr\u00fctmemekle birlikte; lisans\u00fcst\u00fc e\u011fitim ve pedagojik formasyon alanlar\u0131nda aktif bir akademik yap\u0131 sunmaktad\u0131r.B\u00f6l\u00fcm\u00fcn akademik kapasitesi ve faaliyetlerine ili\u015fkin g\u00fcncel say\u0131sal veriler a\u015fa\u011f\u0131daki gibidir: \ud83d\udc69\u200d\ud83c\udfeb Akademik Kadro 5 \u00f6\u011fretim \u00fcyesi ve 1 \u00f6\u011fretim eleman\u0131 (1 Profes\u00f6r, 4 Dr. \u00d6\u011fr. \u00dcyesi, 1 Ara\u015ft\u0131rma G\u00f6revlisi) Alanlar\u0131nda [&hellip;]\" \/>\n<meta property=\"og:url\" content=\"https:\/\/ticaret.edu.tr\/egitim-bilimleri\/sayisal-bilgiler\/\" \/>\n<meta property=\"og:site_name\" content=\"E\u011fitim Bilimleri\" \/>\n<meta property=\"article:publisher\" content=\"https:\/\/www.facebook.com\/ticaretedutr\" \/>\n<meta property=\"article:modified_time\" content=\"2025-10-17T17:13:53+00:00\" \/>\n<meta property=\"og:image\" content=\"http:\/\/ticaret.edu.tr\/egitim-bilimleri\/wp-content\/uploads\/sites\/66\/2021\/11\/web_logo-01.jpg\" \/>\n\t<meta property=\"og:image:width\" content=\"1250\" \/>\n\t<meta property=\"og:image:height\" content=\"833\" \/>\n\t<meta property=\"og:image:type\" content=\"image\/jpeg\" \/>\n<meta name=\"twitter:card\" content=\"summary_large_image\" \/>\n<meta name=\"twitter:site\" content=\"@ticaretedutr\" \/>\n<meta name=\"twitter:label1\" content=\"Tahmini okuma s\u00fcresi\" \/>\n\t<meta name=\"twitter:data1\" content=\"1 dakika\" \/>\n<script type=\"application\/ld+json\" class=\"yoast-schema-graph\">{\"@context\":\"https:\/\/schema.org\",\"@graph\":[{\"@type\":\"WebPage\",\"@id\":\"https:\/\/ticaret.edu.tr\/egitim-bilimleri\/sayisal-bilgiler\/\",\"url\":\"https:\/\/ticaret.edu.tr\/egitim-bilimleri\/sayisal-bilgiler\/\",\"name\":\"Say\u0131sal Bilgiler - E\u011fitim Bilimleri\",\"isPartOf\":{\"@id\":\"https:\/\/ticaret.edu.tr\/egitim-bilimleri\/#website\"},\"datePublished\":\"2025-01-26T22:31:57+00:00\",\"dateModified\":\"2025-10-17T17:13:53+00:00\",\"breadcrumb\":{\"@id\":\"https:\/\/ticaret.edu.tr\/egitim-bilimleri\/sayisal-bilgiler\/#breadcrumb\"},\"inLanguage\":\"tr\",\"potentialAction\":[{\"@type\":\"ReadAction\",\"target\":[\"https:\/\/ticaret.edu.tr\/egitim-bilimleri\/sayisal-bilgiler\/\"]}]},{\"@type\":\"BreadcrumbList\",\"@id\":\"https:\/\/ticaret.edu.tr\/egitim-bilimleri\/sayisal-bilgiler\/#breadcrumb\",\"itemListElement\":[{\"@type\":\"ListItem\",\"position\":1,\"name\":\"Anasayfa\",\"item\":\"https:\/\/ticaret.edu.tr\/egitim-bilimleri\/\"},{\"@type\":\"ListItem\",\"position\":2,\"name\":\"Say\u0131sal Bilgiler\"}]},{\"@type\":\"WebSite\",\"@id\":\"https:\/\/ticaret.edu.tr\/egitim-bilimleri\/#website\",\"url\":\"https:\/\/ticaret.edu.tr\/egitim-bilimleri\/\",\"name\":\"E\u011fitim Bilimleri\",\"description\":\"Bir ba\u015fka \u0130stanbul Ticaret \u00dcniversitesi site sitesi\",\"potentialAction\":[{\"@type\":\"SearchAction\",\"target\":{\"@type\":\"EntryPoint\",\"urlTemplate\":\"https:\/\/ticaret.edu.tr\/egitim-bilimleri\/?s={search_term_string}\"},\"query-input\":\"required name=search_term_string\"}],\"inLanguage\":\"tr\"}]}<\/script>\n<!-- \/ Yoast SEO Premium plugin. -->","yoast_head_json":{"title":"Say\u0131sal Bilgiler - E\u011fitim Bilimleri","robots":{"index":"index","follow":"follow","max-snippet":"max-snippet:-1","max-image-preview":"max-image-preview:large","max-video-preview":"max-video-preview:-1"},"canonical":"https:\/\/ticaret.edu.tr\/egitim-bilimleri\/sayisal-bilgiler\/","og_locale":"tr_TR","og_type":"article","og_title":"Say\u0131sal Bilgiler","og_description":"\ud83d\udcca Say\u0131sal Bilgiler \u0130stanbul Ticaret \u00dcniversitesi E\u011fitim Bilimleri B\u00f6l\u00fcm\u00fc, lisans d\u00fczeyinde program y\u00fcr\u00fctmemekle birlikte; lisans\u00fcst\u00fc e\u011fitim ve pedagojik formasyon alanlar\u0131nda aktif bir akademik yap\u0131 sunmaktad\u0131r.B\u00f6l\u00fcm\u00fcn akademik kapasitesi ve faaliyetlerine ili\u015fkin g\u00fcncel say\u0131sal veriler a\u015fa\u011f\u0131daki gibidir: \ud83d\udc69\u200d\ud83c\udfeb Akademik Kadro 5 \u00f6\u011fretim \u00fcyesi ve 1 \u00f6\u011fretim eleman\u0131 (1 Profes\u00f6r, 4 Dr. \u00d6\u011fr. \u00dcyesi, 1 Ara\u015ft\u0131rma G\u00f6revlisi) Alanlar\u0131nda [&hellip;]","og_url":"https:\/\/ticaret.edu.tr\/egitim-bilimleri\/sayisal-bilgiler\/","og_site_name":"E\u011fitim Bilimleri","article_publisher":"https:\/\/www.facebook.com\/ticaretedutr","article_modified_time":"2025-10-17T17:13:53+00:00","og_image":[{"width":1250,"height":833,"url":"http:\/\/ticaret.edu.tr\/egitim-bilimleri\/wp-content\/uploads\/sites\/66\/2021\/11\/web_logo-01.jpg","type":"image\/jpeg"}],"twitter_card":"summary_large_image","twitter_site":"@ticaretedutr","twitter_misc":{"Tahmini okuma s\u00fcresi":"1 dakika"},"schema":{"@context":"https:\/\/schema.org","@graph":[{"@type":"WebPage","@id":"https:\/\/ticaret.edu.tr\/egitim-bilimleri\/sayisal-bilgiler\/","url":"https:\/\/ticaret.edu.tr\/egitim-bilimleri\/sayisal-bilgiler\/","name":"Say\u0131sal Bilgiler - E\u011fitim Bilimleri","isPartOf":{"@id":"https:\/\/ticaret.edu.tr\/egitim-bilimleri\/#website"},"datePublished":"2025-01-26T22:31:57+00:00","dateModified":"2025-10-17T17:13:53+00:00","breadcrumb":{"@id":"https:\/\/ticaret.edu.tr\/egitim-bilimleri\/sayisal-bilgiler\/#breadcrumb"},"inLanguage":"tr","potentialAction":[{"@type":"ReadAction","target":["https:\/\/ticaret.edu.tr\/egitim-bilimleri\/sayisal-bilgiler\/"]}]},{"@type":"BreadcrumbList","@id":"https:\/\/ticaret.edu.tr\/egitim-bilimleri\/sayisal-bilgiler\/#breadcrumb","itemListElement":[{"@type":"ListItem","position":1,"name":"Anasayfa","item":"https:\/\/ticaret.edu.tr\/egitim-bilimleri\/"},{"@type":"ListItem","position":2,"name":"Say\u0131sal Bilgiler"}]},{"@type":"WebSite","@id":"https:\/\/ticaret.edu.tr\/egitim-bilimleri\/#website","url":"https:\/\/ticaret.edu.tr\/egitim-bilimleri\/","name":"E\u011fitim Bilimleri","description":"Bir ba\u015fka \u0130stanbul Ticaret \u00dcniversitesi site sitesi","potentialAction":[{"@type":"SearchAction","target":{"@type":"EntryPoint","urlTemplate":"https:\/\/ticaret.edu.tr\/egitim-bilimleri\/?s={search_term_string}"},"query-input":"required name=search_term_string"}],"inLanguage":"tr"}]}},"lang":"tr","translations":{"tr":429},"pll_sync_post":[],"_links":{"self":[{"href":"http:\/\/ticaret.edu.tr\/egitim-bilimleri\/wp-json\/wp\/v2\/pages\/429"}],"collection":[{"href":"http:\/\/ticaret.edu.tr\/egitim-bilimleri\/wp-json\/wp\/v2\/pages"}],"about":[{"href":"http:\/\/ticaret.edu.tr\/egitim-bilimleri\/wp-json\/wp\/v2\/types\/page"}],"author":[{"embeddable":true,"href":"http:\/\/ticaret.edu.tr\/egitim-bilimleri\/wp-json\/wp\/v2\/users\/223"}],"replies":[{"embeddable":true,"href":"http:\/\/ticaret.edu.tr\/egitim-bilimleri\/wp-json\/wp\/v2\/comments?post=429"}],"version-history":[{"count":3,"href":"http:\/\/ticaret.edu.tr\/egitim-bilimleri\/wp-json\/wp\/v2\/pages\/429\/revisions"}],"predecessor-version":[{"id":748,"href":"http:\/\/ticaret.edu.tr\/egitim-bilimleri\/wp-json\/wp\/v2\/pages\/429\/revisions\/748"}],"wp:attachment":[{"href":"http:\/\/ticaret.edu.tr\/egitim-bilimleri\/wp-json\/wp\/v2\/media?parent=429"}],"curies":[{"name":"wp","href":"https:\/\/api.w.org\/{rel}","templated":true}]}}