{"id":476,"date":"2025-01-27T01:42:07","date_gmt":"2025-01-26T22:42:07","guid":{"rendered":"https:\/\/ticaret.edu.tr\/egitim-bilimleri\/?page_id=476"},"modified":"2025-10-17T19:59:51","modified_gmt":"2025-10-17T16:59:51","slug":"mezunlar","status":"publish","type":"page","link":"http:\/\/ticaret.edu.tr\/egitim-bilimleri\/mezunlar\/","title":{"rendered":"Mezunlar"},"content":{"rendered":"<h3 data-start=\"289\" data-end=\"308\">\ud83c\udf93 <strong data-start=\"296\" data-end=\"308\">Mezunlar<\/strong><\/h3>\n<p data-start=\"310\" data-end=\"704\">\u0130stanbul Ticaret \u00dcniversitesi <strong data-start=\"340\" data-end=\"367\">E\u011fitim Bilimleri B\u00f6l\u00fcm\u00fc<\/strong>, lisans d\u00fczeyinde bir program y\u00fcr\u00fctmemekle birlikte, <strong data-start=\"421\" data-end=\"477\">Pedagojik Formasyon E\u011fitimi Sertifika Program\u0131 (PEF)<\/strong> arac\u0131l\u0131\u011f\u0131yla bir\u00e7ok mezun vermektedir.<br data-start=\"516\" data-end=\"519\" \/>Bu programdan mezun olan \u00f6\u011frenciler, <strong data-start=\"556\" data-end=\"618\">\u00f6\u011fretmenlik mesle\u011fine ge\u00e7i\u015fte gerekli pedagojik formasyonu<\/strong> kazanarak, e\u011fitim sekt\u00f6r\u00fcn\u00fcn farkl\u0131 alanlar\u0131nda g\u00f6rev alma yetkinli\u011fine sahip olur.<\/p>\n<h3 data-start=\"711\" data-end=\"752\">\ud83d\udc69\u200d\ud83c\udfeb <strong data-start=\"721\" data-end=\"752\">Mezunlar\u0131n \u00c7al\u0131\u015fma Alanlar\u0131<\/strong><\/h3>\n<p data-start=\"754\" data-end=\"799\">Pedagojik formasyonunu tamamlayan mezunlar;<\/p>\n<ul data-start=\"800\" data-end=\"1170\">\n<li data-start=\"800\" data-end=\"852\">\n<p data-start=\"802\" data-end=\"852\">\ud83c\udfeb <strong data-start=\"805\" data-end=\"849\">Mill\u00ee E\u011fitim Bakanl\u0131\u011f\u0131na ba\u011fl\u0131 okullarda<\/strong>,<\/p>\n<\/li>\n<li data-start=\"853\" data-end=\"926\">\n<p data-start=\"855\" data-end=\"926\">\ud83c\udfdb\ufe0f <strong data-start=\"859\" data-end=\"887\">\u00d6zel e\u011fitim kurumlar\u0131nda<\/strong> (\u00f6zel okul, kurs, et\u00fct merkezi vb.),<\/p>\n<\/li>\n<li data-start=\"927\" data-end=\"977\">\n<p data-start=\"929\" data-end=\"977\">\ud83e\udde0 <strong data-start=\"932\" data-end=\"974\">Rehberlik ve dan\u0131\u015fmanl\u0131k merkezlerinde<\/strong>,<\/p>\n<\/li>\n<li data-start=\"978\" data-end=\"1039\">\n<p data-start=\"980\" data-end=\"1039\">\ud83d\udcbb <strong data-start=\"983\" data-end=\"1036\">Uzaktan e\u011fitim ve dijital \u00f6\u011frenme platformlar\u0131nda<\/strong>,<\/p>\n<\/li>\n<li data-start=\"1040\" data-end=\"1170\">\n<p data-start=\"1042\" data-end=\"1170\">\ud83e\udde9 <strong data-start=\"1045\" data-end=\"1077\">Kurumsal e\u011fitim birimlerinde<\/strong><br data-start=\"1077\" data-end=\"1080\" \/>\u00f6\u011fretmen, e\u011fitmen, e\u011fitim dan\u0131\u015fman\u0131 veya i\u00e7erik geli\u015ftirici olarak \u00e7al\u0131\u015fabilmektedirler.<\/p>\n<\/li>\n<\/ul>\n<h3 data-start=\"1177\" data-end=\"1225\">\ud83c\udf31 <strong data-start=\"1184\" data-end=\"1225\">Mezunlar\u0131n Nitelikleri ve Kazan\u0131mlar\u0131<\/strong><\/h3>\n<p data-start=\"1227\" data-end=\"1301\">E\u011fitim Bilimleri B\u00f6l\u00fcm\u00fc taraf\u0131ndan verilen formasyon e\u011fitimi, mezunlara:<\/p>\n<ul data-start=\"1302\" data-end=\"1562\">\n<li data-start=\"1302\" data-end=\"1346\">\n<p data-start=\"1304\" data-end=\"1346\">\u00d6\u011fretmenlik mesle\u011finin etik de\u011ferlerini,<\/p>\n<\/li>\n<li data-start=\"1347\" data-end=\"1419\">\n<p data-start=\"1349\" data-end=\"1419\">Etkili ileti\u015fim, s\u0131n\u0131f y\u00f6netimi ve \u00f6l\u00e7me-de\u011ferlendirme becerilerini,<\/p>\n<\/li>\n<li data-start=\"1420\" data-end=\"1479\">\n<p data-start=\"1422\" data-end=\"1479\">Farkl\u0131 \u00f6\u011frenme stillerine uygun \u00f6\u011fretim stratejilerini,<\/p>\n<\/li>\n<li data-start=\"1480\" data-end=\"1562\">\n<p data-start=\"1482\" data-end=\"1562\">E\u011fitim teknolojilerini kullanma ve ders tasarlama yeterliklerini<br data-start=\"1546\" data-end=\"1549\" \/>kazand\u0131r\u0131r.<\/p>\n<\/li>\n<\/ul>\n<p data-start=\"1564\" data-end=\"1728\">Bu donan\u0131m sayesinde mezunlar, sadece okullarda de\u011fil; ayn\u0131 zamanda <strong data-start=\"1632\" data-end=\"1697\">sivil toplum, \u00f6zel sekt\u00f6r ve dijital \u00f6\u011frenme ekosistemlerinde<\/strong> de etkin roller \u00fcstlenirler.<\/p>\n","protected":false},"excerpt":{"rendered":"<p>\ud83c\udf93 Mezunlar \u0130stanbul Ticaret \u00dcniversitesi E\u011fitim Bilimleri B\u00f6l\u00fcm\u00fc, lisans d\u00fczeyinde bir program y\u00fcr\u00fctmemekle birlikte, Pedagojik Formasyon E\u011fitimi Sertifika Program\u0131 (PEF) arac\u0131l\u0131\u011f\u0131yla bir\u00e7ok mezun vermektedir.Bu programdan mezun olan \u00f6\u011frenciler, \u00f6\u011fretmenlik mesle\u011fine ge\u00e7i\u015fte gerekli pedagojik formasyonu kazanarak, e\u011fitim sekt\u00f6r\u00fcn\u00fcn farkl\u0131 alanlar\u0131nda g\u00f6rev alma yetkinli\u011fine sahip olur. \ud83d\udc69\u200d\ud83c\udfeb Mezunlar\u0131n \u00c7al\u0131\u015fma Alanlar\u0131 Pedagojik formasyonunu tamamlayan mezunlar; \ud83c\udfeb Mill\u00ee E\u011fitim [&hellip;]<\/p>\n","protected":false},"author":223,"featured_media":0,"parent":0,"menu_order":0,"comment_status":"closed","ping_status":"closed","template":"genel_sayfa.php","meta":{"footnotes":""},"yoast_head":"<!-- This site is optimized with the Yoast SEO Premium plugin v22.1 (Yoast SEO v22.1) - https:\/\/yoast.com\/wordpress\/plugins\/seo\/ -->\n<title>Mezunlar - E\u011fitim Bilimleri<\/title>\n<meta name=\"robots\" content=\"index, follow, max-snippet:-1, max-image-preview:large, max-video-preview:-1\" \/>\n<link rel=\"canonical\" href=\"https:\/\/ticaret.edu.tr\/egitim-bilimleri\/mezunlar\/\" \/>\n<meta property=\"og:locale\" content=\"tr_TR\" \/>\n<meta property=\"og:type\" content=\"article\" \/>\n<meta property=\"og:title\" content=\"Mezunlar\" \/>\n<meta property=\"og:description\" content=\"\ud83c\udf93 Mezunlar \u0130stanbul Ticaret \u00dcniversitesi E\u011fitim Bilimleri B\u00f6l\u00fcm\u00fc, lisans d\u00fczeyinde bir program y\u00fcr\u00fctmemekle birlikte, Pedagojik Formasyon E\u011fitimi Sertifika Program\u0131 (PEF) arac\u0131l\u0131\u011f\u0131yla bir\u00e7ok mezun vermektedir.Bu programdan mezun olan \u00f6\u011frenciler, \u00f6\u011fretmenlik mesle\u011fine ge\u00e7i\u015fte gerekli pedagojik formasyonu kazanarak, e\u011fitim sekt\u00f6r\u00fcn\u00fcn farkl\u0131 alanlar\u0131nda g\u00f6rev alma yetkinli\u011fine sahip olur. \ud83d\udc69\u200d\ud83c\udfeb Mezunlar\u0131n \u00c7al\u0131\u015fma Alanlar\u0131 Pedagojik formasyonunu tamamlayan mezunlar; \ud83c\udfeb Mill\u00ee E\u011fitim [&hellip;]\" \/>\n<meta property=\"og:url\" content=\"https:\/\/ticaret.edu.tr\/egitim-bilimleri\/mezunlar\/\" \/>\n<meta property=\"og:site_name\" content=\"E\u011fitim Bilimleri\" \/>\n<meta property=\"article:publisher\" content=\"https:\/\/www.facebook.com\/ticaretedutr\" \/>\n<meta property=\"article:modified_time\" content=\"2025-10-17T16:59:51+00:00\" \/>\n<meta property=\"og:image\" content=\"http:\/\/ticaret.edu.tr\/egitim-bilimleri\/wp-content\/uploads\/sites\/66\/2021\/11\/web_logo-01.jpg\" \/>\n\t<meta property=\"og:image:width\" content=\"1250\" \/>\n\t<meta property=\"og:image:height\" content=\"833\" \/>\n\t<meta property=\"og:image:type\" content=\"image\/jpeg\" \/>\n<meta name=\"twitter:card\" content=\"summary_large_image\" \/>\n<meta name=\"twitter:site\" content=\"@ticaretedutr\" \/>\n<meta name=\"twitter:label1\" content=\"Tahmini okuma s\u00fcresi\" \/>\n\t<meta name=\"twitter:data1\" content=\"1 dakika\" \/>\n<script type=\"application\/ld+json\" class=\"yoast-schema-graph\">{\"@context\":\"https:\/\/schema.org\",\"@graph\":[{\"@type\":\"WebPage\",\"@id\":\"https:\/\/ticaret.edu.tr\/egitim-bilimleri\/mezunlar\/\",\"url\":\"https:\/\/ticaret.edu.tr\/egitim-bilimleri\/mezunlar\/\",\"name\":\"Mezunlar - E\u011fitim Bilimleri\",\"isPartOf\":{\"@id\":\"https:\/\/ticaret.edu.tr\/egitim-bilimleri\/#website\"},\"datePublished\":\"2025-01-26T22:42:07+00:00\",\"dateModified\":\"2025-10-17T16:59:51+00:00\",\"breadcrumb\":{\"@id\":\"https:\/\/ticaret.edu.tr\/egitim-bilimleri\/mezunlar\/#breadcrumb\"},\"inLanguage\":\"tr\",\"potentialAction\":[{\"@type\":\"ReadAction\",\"target\":[\"https:\/\/ticaret.edu.tr\/egitim-bilimleri\/mezunlar\/\"]}]},{\"@type\":\"BreadcrumbList\",\"@id\":\"https:\/\/ticaret.edu.tr\/egitim-bilimleri\/mezunlar\/#breadcrumb\",\"itemListElement\":[{\"@type\":\"ListItem\",\"position\":1,\"name\":\"Anasayfa\",\"item\":\"https:\/\/ticaret.edu.tr\/egitim-bilimleri\/\"},{\"@type\":\"ListItem\",\"position\":2,\"name\":\"Mezunlar\"}]},{\"@type\":\"WebSite\",\"@id\":\"https:\/\/ticaret.edu.tr\/egitim-bilimleri\/#website\",\"url\":\"https:\/\/ticaret.edu.tr\/egitim-bilimleri\/\",\"name\":\"E\u011fitim Bilimleri\",\"description\":\"Bir ba\u015fka \u0130stanbul Ticaret \u00dcniversitesi site sitesi\",\"potentialAction\":[{\"@type\":\"SearchAction\",\"target\":{\"@type\":\"EntryPoint\",\"urlTemplate\":\"https:\/\/ticaret.edu.tr\/egitim-bilimleri\/?s={search_term_string}\"},\"query-input\":\"required name=search_term_string\"}],\"inLanguage\":\"tr\"}]}<\/script>\n<!-- \/ Yoast SEO Premium plugin. -->","yoast_head_json":{"title":"Mezunlar - E\u011fitim Bilimleri","robots":{"index":"index","follow":"follow","max-snippet":"max-snippet:-1","max-image-preview":"max-image-preview:large","max-video-preview":"max-video-preview:-1"},"canonical":"https:\/\/ticaret.edu.tr\/egitim-bilimleri\/mezunlar\/","og_locale":"tr_TR","og_type":"article","og_title":"Mezunlar","og_description":"\ud83c\udf93 Mezunlar \u0130stanbul Ticaret \u00dcniversitesi E\u011fitim Bilimleri B\u00f6l\u00fcm\u00fc, lisans d\u00fczeyinde bir program y\u00fcr\u00fctmemekle birlikte, Pedagojik Formasyon E\u011fitimi Sertifika Program\u0131 (PEF) arac\u0131l\u0131\u011f\u0131yla bir\u00e7ok mezun vermektedir.Bu programdan mezun olan \u00f6\u011frenciler, \u00f6\u011fretmenlik mesle\u011fine ge\u00e7i\u015fte gerekli pedagojik formasyonu kazanarak, e\u011fitim sekt\u00f6r\u00fcn\u00fcn farkl\u0131 alanlar\u0131nda g\u00f6rev alma yetkinli\u011fine sahip olur. \ud83d\udc69\u200d\ud83c\udfeb Mezunlar\u0131n \u00c7al\u0131\u015fma Alanlar\u0131 Pedagojik formasyonunu tamamlayan mezunlar; \ud83c\udfeb Mill\u00ee E\u011fitim [&hellip;]","og_url":"https:\/\/ticaret.edu.tr\/egitim-bilimleri\/mezunlar\/","og_site_name":"E\u011fitim Bilimleri","article_publisher":"https:\/\/www.facebook.com\/ticaretedutr","article_modified_time":"2025-10-17T16:59:51+00:00","og_image":[{"width":1250,"height":833,"url":"http:\/\/ticaret.edu.tr\/egitim-bilimleri\/wp-content\/uploads\/sites\/66\/2021\/11\/web_logo-01.jpg","type":"image\/jpeg"}],"twitter_card":"summary_large_image","twitter_site":"@ticaretedutr","twitter_misc":{"Tahmini okuma s\u00fcresi":"1 dakika"},"schema":{"@context":"https:\/\/schema.org","@graph":[{"@type":"WebPage","@id":"https:\/\/ticaret.edu.tr\/egitim-bilimleri\/mezunlar\/","url":"https:\/\/ticaret.edu.tr\/egitim-bilimleri\/mezunlar\/","name":"Mezunlar - E\u011fitim Bilimleri","isPartOf":{"@id":"https:\/\/ticaret.edu.tr\/egitim-bilimleri\/#website"},"datePublished":"2025-01-26T22:42:07+00:00","dateModified":"2025-10-17T16:59:51+00:00","breadcrumb":{"@id":"https:\/\/ticaret.edu.tr\/egitim-bilimleri\/mezunlar\/#breadcrumb"},"inLanguage":"tr","potentialAction":[{"@type":"ReadAction","target":["https:\/\/ticaret.edu.tr\/egitim-bilimleri\/mezunlar\/"]}]},{"@type":"BreadcrumbList","@id":"https:\/\/ticaret.edu.tr\/egitim-bilimleri\/mezunlar\/#breadcrumb","itemListElement":[{"@type":"ListItem","position":1,"name":"Anasayfa","item":"https:\/\/ticaret.edu.tr\/egitim-bilimleri\/"},{"@type":"ListItem","position":2,"name":"Mezunlar"}]},{"@type":"WebSite","@id":"https:\/\/ticaret.edu.tr\/egitim-bilimleri\/#website","url":"https:\/\/ticaret.edu.tr\/egitim-bilimleri\/","name":"E\u011fitim Bilimleri","description":"Bir ba\u015fka \u0130stanbul Ticaret \u00dcniversitesi site sitesi","potentialAction":[{"@type":"SearchAction","target":{"@type":"EntryPoint","urlTemplate":"https:\/\/ticaret.edu.tr\/egitim-bilimleri\/?s={search_term_string}"},"query-input":"required name=search_term_string"}],"inLanguage":"tr"}]}},"lang":"tr","translations":{"tr":476},"pll_sync_post":[],"_links":{"self":[{"href":"http:\/\/ticaret.edu.tr\/egitim-bilimleri\/wp-json\/wp\/v2\/pages\/476"}],"collection":[{"href":"http:\/\/ticaret.edu.tr\/egitim-bilimleri\/wp-json\/wp\/v2\/pages"}],"about":[{"href":"http:\/\/ticaret.edu.tr\/egitim-bilimleri\/wp-json\/wp\/v2\/types\/page"}],"author":[{"embeddable":true,"href":"http:\/\/ticaret.edu.tr\/egitim-bilimleri\/wp-json\/wp\/v2\/users\/223"}],"replies":[{"embeddable":true,"href":"http:\/\/ticaret.edu.tr\/egitim-bilimleri\/wp-json\/wp\/v2\/comments?post=476"}],"version-history":[{"count":2,"href":"http:\/\/ticaret.edu.tr\/egitim-bilimleri\/wp-json\/wp\/v2\/pages\/476\/revisions"}],"predecessor-version":[{"id":741,"href":"http:\/\/ticaret.edu.tr\/egitim-bilimleri\/wp-json\/wp\/v2\/pages\/476\/revisions\/741"}],"wp:attachment":[{"href":"http:\/\/ticaret.edu.tr\/egitim-bilimleri\/wp-json\/wp\/v2\/media?parent=476"}],"curies":[{"name":"wp","href":"https:\/\/api.w.org\/{rel}","templated":true}]}}