{"id":502,"date":"2025-01-27T01:46:22","date_gmt":"2025-01-26T22:46:22","guid":{"rendered":"https:\/\/ticaret.edu.tr\/egitim-bilimleri\/?page_id=502"},"modified":"2025-10-15T14:36:35","modified_gmt":"2025-10-15T11:36:35","slug":"yayinlar","status":"publish","type":"page","link":"http:\/\/ticaret.edu.tr\/egitim-bilimleri\/yayinlar\/","title":{"rendered":"Yay\u0131nlar"},"content":{"rendered":"<h3 data-start=\"245\" data-end=\"264\">\ud83d\udcda <strong data-start=\"252\" data-end=\"264\">Yay\u0131nlar<\/strong><\/h3>\n<p data-start=\"266\" data-end=\"640\">\u0130stanbul Ticaret \u00dcniversitesi <strong data-start=\"296\" data-end=\"323\">E\u011fitim Bilimleri B\u00f6l\u00fcm\u00fc<\/strong>, akademik \u00fcretkenli\u011fi temel ilke olarak benimsemekte ve \u00f6\u011fretim \u00fcyeleri ile \u00f6\u011frencilerinin bilimsel yay\u0131nlar\u0131n\u0131 te\u015fvik etmektedir.<br data-start=\"454\" data-end=\"457\" \/>B\u00f6l\u00fcm b\u00fcnyesinde yap\u0131lan \u00e7al\u0131\u015fmalar; e\u011fitim, aile, psikolojik dan\u0131\u015fma, e\u011fitim y\u00f6netimi, liderlik ve \u00f6\u011fretmen e\u011fitimi gibi alanlarda ulusal ve uluslararas\u0131 d\u00fczeyde katk\u0131 sunmaktad\u0131r.<\/p>\n<hr data-start=\"642\" data-end=\"645\" \/>\n<h3 data-start=\"647\" data-end=\"684\">\ud83e\udde0 <strong data-start=\"654\" data-end=\"684\">Ara\u015ft\u0131rma ve Yay\u0131n Kapsam\u0131<\/strong><\/h3>\n<p data-start=\"685\" data-end=\"812\">B\u00f6l\u00fcm \u00f6\u011fretim elemanlar\u0131 ve lisans\u00fcst\u00fc \u00f6\u011frencileri taraf\u0131ndan haz\u0131rlanan yay\u0131nlar a\u015fa\u011f\u0131daki ba\u015fl\u0131klar alt\u0131nda toplanmaktad\u0131r:<\/p>\n<ul data-start=\"813\" data-end=\"1377\">\n<li data-start=\"813\" data-end=\"918\">\n<p data-start=\"815\" data-end=\"918\">\ud83d\udcd8 <strong data-start=\"818\" data-end=\"841\">Akademik makaleler:<\/strong> Hakemli ulusal ve uluslararas\u0131 dergilerde yay\u0131mlanan bilimsel ara\u015ft\u0131rmalar<\/p>\n<\/li>\n<li data-start=\"919\" data-end=\"1031\">\n<p data-start=\"921\" data-end=\"1031\">\ud83e\udde9 <strong data-start=\"924\" data-end=\"956\">Bildiri ve kongre sunumlar\u0131:<\/strong> Ulusal ve uluslararas\u0131 sempozyum ve kongrelerde sunulan \u00f6zg\u00fcn \u00e7al\u0131\u015fmalar<\/p>\n<\/li>\n<li data-start=\"1032\" data-end=\"1153\">\n<p data-start=\"1034\" data-end=\"1153\">\ud83d\udcd6 <strong data-start=\"1037\" data-end=\"1066\">Kitap ve kitap b\u00f6l\u00fcmleri:<\/strong> E\u011fitim, aile dan\u0131\u015fmanl\u0131\u011f\u0131 ve y\u00f6netim alanlar\u0131nda yay\u0131mlanan akademik kitap katk\u0131lar\u0131<\/p>\n<\/li>\n<li data-start=\"1154\" data-end=\"1261\">\n<p data-start=\"1156\" data-end=\"1261\">\ud83d\udd2c <strong data-start=\"1159\" data-end=\"1190\">T\u00dcB\u0130TAK ve proje raporlar\u0131:<\/strong> Ara\u015ft\u0131rma destek programlar\u0131 kapsam\u0131nda tamamlanan bilimsel projeler<\/p>\n<\/li>\n<li data-start=\"1262\" data-end=\"1377\">\n<p data-start=\"1264\" data-end=\"1377\">\ud83e\uddfe <strong data-start=\"1267\" data-end=\"1298\">Lisans\u00fcst\u00fc tez \u00e7al\u0131\u015fmalar\u0131:<\/strong> E\u011fitim Bilimleri alan\u0131ndaki g\u00fcncel konulara odaklanan tez ve d\u00f6nem projeleri<\/p>\n<\/li>\n<\/ul>\n<hr data-start=\"1379\" data-end=\"1382\" \/>\n<h3 data-start=\"1384\" data-end=\"1415\">\ud83d\udc68\u200d\ud83d\udc69\u200d\ud83c\udfeb <strong data-start=\"1397\" data-end=\"1415\">Yay\u0131n Temalar\u0131<\/strong><\/h3>\n<p data-start=\"1416\" data-end=\"1454\">B\u00f6l\u00fcm b\u00fcnyesinde y\u00fcr\u00fct\u00fclen yay\u0131nlar;<\/p>\n<ul data-start=\"1455\" data-end=\"1780\">\n<li data-start=\"1455\" data-end=\"1508\">\n<p data-start=\"1457\" data-end=\"1508\">Aile dan\u0131\u015fmanl\u0131\u011f\u0131 ve psikolojik destek hizmetleri<\/p>\n<\/li>\n<li data-start=\"1509\" data-end=\"1547\">\n<p data-start=\"1511\" data-end=\"1547\">E\u011fitim liderli\u011fi ve kurum y\u00f6netimi<\/p>\n<\/li>\n<li data-start=\"1548\" data-end=\"1606\">\n<p data-start=\"1550\" data-end=\"1606\">E\u011fitim politikalar\u0131, kalite g\u00fcvencesi ve okul geli\u015fimi<\/p>\n<\/li>\n<li data-start=\"1607\" data-end=\"1650\">\n<p data-start=\"1609\" data-end=\"1650\">\u00d6\u011fretmen e\u011fitimi ve pedagojik formasyon<\/p>\n<\/li>\n<li data-start=\"1651\" data-end=\"1704\">\n<p data-start=\"1653\" data-end=\"1704\">\u00d6\u011frenci ba\u015far\u0131s\u0131, motivasyon ve \u00f6\u011frenme s\u00fcre\u00e7leri<\/p>\n<\/li>\n<li data-start=\"1705\" data-end=\"1780\">\n<p data-start=\"1707\" data-end=\"1780\">E\u011fitim teknolojileri ve dijital d\u00f6n\u00fc\u015f\u00fcm<br data-start=\"1746\" data-end=\"1749\" \/>alanlar\u0131nda yo\u011funla\u015fmaktad\u0131r.<\/p>\n<\/li>\n<\/ul>\n<hr data-start=\"1782\" data-end=\"1785\" \/>\n<h3 data-start=\"1787\" data-end=\"1826\">\ud83c\udf0d <strong data-start=\"1794\" data-end=\"1826\">Bilimsel Katk\u0131 ve G\u00f6r\u00fcn\u00fcrl\u00fck<\/strong><\/h3>\n<p data-start=\"1827\" data-end=\"2170\">E\u011fitim Bilimleri B\u00f6l\u00fcm\u00fc, \u00fcretti\u011fi yay\u0131nlarla <strong data-start=\"1872\" data-end=\"1911\">bilimsel literat\u00fcre katk\u0131 sa\u011flamay\u0131<\/strong>, <strong data-start=\"1913\" data-end=\"1960\">ulusal politika ve uygulamalara y\u00f6n vermeyi<\/strong> ve <strong data-start=\"1964\" data-end=\"2018\">uluslararas\u0131 akademik i\u015f birliklerini geli\u015ftirmeyi<\/strong> hedeflemektedir.<br data-start=\"2035\" data-end=\"2038\" \/>Yay\u0131nlar, b\u00f6l\u00fcm akademisyenleri taraf\u0131ndan g\u00fcncel tutulmakta ve \u00fcniversitenin a\u00e7\u0131k eri\u015fim ilkeleri do\u011frultusunda payla\u015f\u0131lmaktad\u0131r.<\/p>\n","protected":false},"excerpt":{"rendered":"<p>\ud83d\udcda Yay\u0131nlar \u0130stanbul Ticaret \u00dcniversitesi E\u011fitim Bilimleri B\u00f6l\u00fcm\u00fc, akademik \u00fcretkenli\u011fi temel ilke olarak benimsemekte ve \u00f6\u011fretim \u00fcyeleri ile \u00f6\u011frencilerinin bilimsel yay\u0131nlar\u0131n\u0131 te\u015fvik etmektedir.B\u00f6l\u00fcm b\u00fcnyesinde yap\u0131lan \u00e7al\u0131\u015fmalar; e\u011fitim, aile, psikolojik dan\u0131\u015fma, e\u011fitim y\u00f6netimi, liderlik ve \u00f6\u011fretmen e\u011fitimi gibi alanlarda ulusal ve uluslararas\u0131 d\u00fczeyde katk\u0131 sunmaktad\u0131r. \ud83e\udde0 Ara\u015ft\u0131rma ve Yay\u0131n Kapsam\u0131 B\u00f6l\u00fcm \u00f6\u011fretim elemanlar\u0131 ve lisans\u00fcst\u00fc \u00f6\u011frencileri [&hellip;]<\/p>\n","protected":false},"author":223,"featured_media":0,"parent":0,"menu_order":0,"comment_status":"closed","ping_status":"closed","template":"genel_sayfa.php","meta":{"footnotes":""},"yoast_head":"<!-- This site is optimized with the Yoast SEO Premium plugin v22.1 (Yoast SEO v22.1) - https:\/\/yoast.com\/wordpress\/plugins\/seo\/ -->\n<title>Yay\u0131nlar - E\u011fitim Bilimleri<\/title>\n<meta name=\"robots\" content=\"index, follow, max-snippet:-1, max-image-preview:large, max-video-preview:-1\" \/>\n<link rel=\"canonical\" href=\"https:\/\/ticaret.edu.tr\/egitim-bilimleri\/yayinlar\/\" \/>\n<meta property=\"og:locale\" content=\"tr_TR\" \/>\n<meta property=\"og:type\" content=\"article\" \/>\n<meta property=\"og:title\" content=\"Yay\u0131nlar\" \/>\n<meta property=\"og:description\" content=\"\ud83d\udcda Yay\u0131nlar \u0130stanbul Ticaret \u00dcniversitesi E\u011fitim Bilimleri B\u00f6l\u00fcm\u00fc, akademik \u00fcretkenli\u011fi temel ilke olarak benimsemekte ve \u00f6\u011fretim \u00fcyeleri ile \u00f6\u011frencilerinin bilimsel yay\u0131nlar\u0131n\u0131 te\u015fvik etmektedir.B\u00f6l\u00fcm b\u00fcnyesinde yap\u0131lan \u00e7al\u0131\u015fmalar; e\u011fitim, aile, psikolojik dan\u0131\u015fma, e\u011fitim y\u00f6netimi, liderlik ve \u00f6\u011fretmen e\u011fitimi gibi alanlarda ulusal ve uluslararas\u0131 d\u00fczeyde katk\u0131 sunmaktad\u0131r. \ud83e\udde0 Ara\u015ft\u0131rma ve Yay\u0131n Kapsam\u0131 B\u00f6l\u00fcm \u00f6\u011fretim elemanlar\u0131 ve lisans\u00fcst\u00fc \u00f6\u011frencileri [&hellip;]\" \/>\n<meta property=\"og:url\" content=\"https:\/\/ticaret.edu.tr\/egitim-bilimleri\/yayinlar\/\" \/>\n<meta property=\"og:site_name\" content=\"E\u011fitim Bilimleri\" \/>\n<meta property=\"article:publisher\" content=\"https:\/\/www.facebook.com\/ticaretedutr\" \/>\n<meta property=\"article:modified_time\" content=\"2025-10-15T11:36:35+00:00\" \/>\n<meta property=\"og:image\" content=\"http:\/\/ticaret.edu.tr\/egitim-bilimleri\/wp-content\/uploads\/sites\/66\/2021\/11\/web_logo-01.jpg\" \/>\n\t<meta property=\"og:image:width\" content=\"1250\" \/>\n\t<meta property=\"og:image:height\" content=\"833\" \/>\n\t<meta property=\"og:image:type\" content=\"image\/jpeg\" \/>\n<meta name=\"twitter:card\" content=\"summary_large_image\" \/>\n<meta name=\"twitter:site\" content=\"@ticaretedutr\" \/>\n<meta name=\"twitter:label1\" content=\"Tahmini okuma s\u00fcresi\" \/>\n\t<meta name=\"twitter:data1\" content=\"2 dakika\" \/>\n<script type=\"application\/ld+json\" class=\"yoast-schema-graph\">{\"@context\":\"https:\/\/schema.org\",\"@graph\":[{\"@type\":\"WebPage\",\"@id\":\"https:\/\/ticaret.edu.tr\/egitim-bilimleri\/yayinlar\/\",\"url\":\"https:\/\/ticaret.edu.tr\/egitim-bilimleri\/yayinlar\/\",\"name\":\"Yay\u0131nlar - E\u011fitim Bilimleri\",\"isPartOf\":{\"@id\":\"https:\/\/ticaret.edu.tr\/egitim-bilimleri\/#website\"},\"datePublished\":\"2025-01-26T22:46:22+00:00\",\"dateModified\":\"2025-10-15T11:36:35+00:00\",\"breadcrumb\":{\"@id\":\"https:\/\/ticaret.edu.tr\/egitim-bilimleri\/yayinlar\/#breadcrumb\"},\"inLanguage\":\"tr\",\"potentialAction\":[{\"@type\":\"ReadAction\",\"target\":[\"https:\/\/ticaret.edu.tr\/egitim-bilimleri\/yayinlar\/\"]}]},{\"@type\":\"BreadcrumbList\",\"@id\":\"https:\/\/ticaret.edu.tr\/egitim-bilimleri\/yayinlar\/#breadcrumb\",\"itemListElement\":[{\"@type\":\"ListItem\",\"position\":1,\"name\":\"Anasayfa\",\"item\":\"https:\/\/ticaret.edu.tr\/egitim-bilimleri\/\"},{\"@type\":\"ListItem\",\"position\":2,\"name\":\"Yay\u0131nlar\"}]},{\"@type\":\"WebSite\",\"@id\":\"https:\/\/ticaret.edu.tr\/egitim-bilimleri\/#website\",\"url\":\"https:\/\/ticaret.edu.tr\/egitim-bilimleri\/\",\"name\":\"E\u011fitim Bilimleri\",\"description\":\"Bir ba\u015fka \u0130stanbul Ticaret \u00dcniversitesi site sitesi\",\"potentialAction\":[{\"@type\":\"SearchAction\",\"target\":{\"@type\":\"EntryPoint\",\"urlTemplate\":\"https:\/\/ticaret.edu.tr\/egitim-bilimleri\/?s={search_term_string}\"},\"query-input\":\"required name=search_term_string\"}],\"inLanguage\":\"tr\"}]}<\/script>\n<!-- \/ Yoast SEO Premium plugin. -->","yoast_head_json":{"title":"Yay\u0131nlar - E\u011fitim Bilimleri","robots":{"index":"index","follow":"follow","max-snippet":"max-snippet:-1","max-image-preview":"max-image-preview:large","max-video-preview":"max-video-preview:-1"},"canonical":"https:\/\/ticaret.edu.tr\/egitim-bilimleri\/yayinlar\/","og_locale":"tr_TR","og_type":"article","og_title":"Yay\u0131nlar","og_description":"\ud83d\udcda Yay\u0131nlar \u0130stanbul Ticaret \u00dcniversitesi E\u011fitim Bilimleri B\u00f6l\u00fcm\u00fc, akademik \u00fcretkenli\u011fi temel ilke olarak benimsemekte ve \u00f6\u011fretim \u00fcyeleri ile \u00f6\u011frencilerinin bilimsel yay\u0131nlar\u0131n\u0131 te\u015fvik etmektedir.B\u00f6l\u00fcm b\u00fcnyesinde yap\u0131lan \u00e7al\u0131\u015fmalar; e\u011fitim, aile, psikolojik dan\u0131\u015fma, e\u011fitim y\u00f6netimi, liderlik ve \u00f6\u011fretmen e\u011fitimi gibi alanlarda ulusal ve uluslararas\u0131 d\u00fczeyde katk\u0131 sunmaktad\u0131r. \ud83e\udde0 Ara\u015ft\u0131rma ve Yay\u0131n Kapsam\u0131 B\u00f6l\u00fcm \u00f6\u011fretim elemanlar\u0131 ve lisans\u00fcst\u00fc \u00f6\u011frencileri [&hellip;]","og_url":"https:\/\/ticaret.edu.tr\/egitim-bilimleri\/yayinlar\/","og_site_name":"E\u011fitim Bilimleri","article_publisher":"https:\/\/www.facebook.com\/ticaretedutr","article_modified_time":"2025-10-15T11:36:35+00:00","og_image":[{"width":1250,"height":833,"url":"http:\/\/ticaret.edu.tr\/egitim-bilimleri\/wp-content\/uploads\/sites\/66\/2021\/11\/web_logo-01.jpg","type":"image\/jpeg"}],"twitter_card":"summary_large_image","twitter_site":"@ticaretedutr","twitter_misc":{"Tahmini okuma s\u00fcresi":"2 dakika"},"schema":{"@context":"https:\/\/schema.org","@graph":[{"@type":"WebPage","@id":"https:\/\/ticaret.edu.tr\/egitim-bilimleri\/yayinlar\/","url":"https:\/\/ticaret.edu.tr\/egitim-bilimleri\/yayinlar\/","name":"Yay\u0131nlar - E\u011fitim Bilimleri","isPartOf":{"@id":"https:\/\/ticaret.edu.tr\/egitim-bilimleri\/#website"},"datePublished":"2025-01-26T22:46:22+00:00","dateModified":"2025-10-15T11:36:35+00:00","breadcrumb":{"@id":"https:\/\/ticaret.edu.tr\/egitim-bilimleri\/yayinlar\/#breadcrumb"},"inLanguage":"tr","potentialAction":[{"@type":"ReadAction","target":["https:\/\/ticaret.edu.tr\/egitim-bilimleri\/yayinlar\/"]}]},{"@type":"BreadcrumbList","@id":"https:\/\/ticaret.edu.tr\/egitim-bilimleri\/yayinlar\/#breadcrumb","itemListElement":[{"@type":"ListItem","position":1,"name":"Anasayfa","item":"https:\/\/ticaret.edu.tr\/egitim-bilimleri\/"},{"@type":"ListItem","position":2,"name":"Yay\u0131nlar"}]},{"@type":"WebSite","@id":"https:\/\/ticaret.edu.tr\/egitim-bilimleri\/#website","url":"https:\/\/ticaret.edu.tr\/egitim-bilimleri\/","name":"E\u011fitim Bilimleri","description":"Bir ba\u015fka \u0130stanbul Ticaret \u00dcniversitesi site sitesi","potentialAction":[{"@type":"SearchAction","target":{"@type":"EntryPoint","urlTemplate":"https:\/\/ticaret.edu.tr\/egitim-bilimleri\/?s={search_term_string}"},"query-input":"required name=search_term_string"}],"inLanguage":"tr"}]}},"lang":"tr","translations":{"tr":502},"pll_sync_post":[],"_links":{"self":[{"href":"http:\/\/ticaret.edu.tr\/egitim-bilimleri\/wp-json\/wp\/v2\/pages\/502"}],"collection":[{"href":"http:\/\/ticaret.edu.tr\/egitim-bilimleri\/wp-json\/wp\/v2\/pages"}],"about":[{"href":"http:\/\/ticaret.edu.tr\/egitim-bilimleri\/wp-json\/wp\/v2\/types\/page"}],"author":[{"embeddable":true,"href":"http:\/\/ticaret.edu.tr\/egitim-bilimleri\/wp-json\/wp\/v2\/users\/223"}],"replies":[{"embeddable":true,"href":"http:\/\/ticaret.edu.tr\/egitim-bilimleri\/wp-json\/wp\/v2\/comments?post=502"}],"version-history":[{"count":2,"href":"http:\/\/ticaret.edu.tr\/egitim-bilimleri\/wp-json\/wp\/v2\/pages\/502\/revisions"}],"predecessor-version":[{"id":731,"href":"http:\/\/ticaret.edu.tr\/egitim-bilimleri\/wp-json\/wp\/v2\/pages\/502\/revisions\/731"}],"wp:attachment":[{"href":"http:\/\/ticaret.edu.tr\/egitim-bilimleri\/wp-json\/wp\/v2\/media?parent=502"}],"curies":[{"name":"wp","href":"https:\/\/api.w.org\/{rel}","templated":true}]}}