{"id":508,"date":"2025-01-27T01:47:26","date_gmt":"2025-01-26T22:47:26","guid":{"rendered":"https:\/\/ticaret.edu.tr\/egitim-bilimleri\/?page_id=508"},"modified":"2025-10-15T13:30:21","modified_gmt":"2025-10-15T10:30:21","slug":"bolum-kalite-guvence-politikasi","status":"publish","type":"page","link":"http:\/\/ticaret.edu.tr\/egitim-bilimleri\/bolum-kalite-guvence-politikasi\/","title":{"rendered":"B\u00f6l\u00fcm Kalite G\u00fcvence Politikas\u0131"},"content":{"rendered":"<p data-start=\"194\" data-end=\"378\">E\u011fitim Bilimleri B\u00f6l\u00fcm\u00fc; e\u011fitim, ara\u015ft\u0131rma ve toplumsal katk\u0131 faaliyetlerini, <strong data-start=\"272\" data-end=\"349\">s\u00fcrekli iyile\u015ftirme ve kalite k\u00fclt\u00fcr\u00fcn\u00fc esas alan bir y\u00f6netim anlay\u0131\u015f\u0131yla<\/strong> y\u00fcr\u00fctmeyi benimsemektedir.<\/p>\n<p data-start=\"380\" data-end=\"436\">Bu do\u011frultuda B\u00f6l\u00fcm\u00fcm\u00fcz\u00fcn kalite g\u00fcvencesi politikas\u0131:<\/p>\n<ul data-start=\"437\" data-end=\"1214\">\n<li data-start=\"437\" data-end=\"542\">\n<p data-start=\"439\" data-end=\"542\">\u00dcniversitenin <strong data-start=\"453\" data-end=\"506\">kurumsal kalite politikas\u0131 ve stratejik hedefleri<\/strong> ile uyumlu bir \u015fekilde y\u00fcr\u00fct\u00fcl\u00fcr.<\/p>\n<\/li>\n<li data-start=\"543\" data-end=\"700\">\n<p data-start=\"545\" data-end=\"700\"><strong data-start=\"545\" data-end=\"610\">E\u011fitim-\u00f6\u011fretim s\u00fcre\u00e7lerinde etkinlik, verimlilik ve g\u00fcncellik<\/strong> esas al\u0131n\u0131r; program \u00e7\u0131kt\u0131lar\u0131 d\u00fczenli olarak izlenir, de\u011ferlendirilir ve geli\u015ftirilir.<\/p>\n<\/li>\n<li data-start=\"701\" data-end=\"833\">\n<p data-start=\"703\" data-end=\"833\"><strong data-start=\"703\" data-end=\"769\">\u00d6\u011frenci, mezun, akademik ve idari personel ile d\u0131\u015f payda\u015flar\u0131n<\/strong> g\u00f6r\u00fc\u015fleri kalite s\u00fcre\u00e7lerine sistematik bi\u00e7imde d\u00e2hil edilir.<\/p>\n<\/li>\n<li data-start=\"834\" data-end=\"934\">\n<p data-start=\"836\" data-end=\"934\"><strong data-start=\"836\" data-end=\"921\">Ara\u015ft\u0131rma ve yay\u0131n faaliyetlerinde etik, \u015feffafl\u0131k ve akademik d\u00fcr\u00fcstl\u00fck ilkeleri<\/strong> g\u00f6zetilir.<\/p>\n<\/li>\n<li data-start=\"935\" data-end=\"1055\">\n<p data-start=\"937\" data-end=\"1055\"><strong data-start=\"937\" data-end=\"955\">Topluma hizmet<\/strong> anlay\u0131\u015f\u0131yla, bireylerin ve kurumlar\u0131n geli\u015fimine katk\u0131 sa\u011flayan uygulama ve projeler desteklenir.<\/p>\n<\/li>\n<li data-start=\"1056\" data-end=\"1214\">\n<p data-start=\"1058\" data-end=\"1214\">B\u00f6l\u00fcmde y\u00fcr\u00fct\u00fclen t\u00fcm s\u00fcre\u00e7ler <strong data-start=\"1089\" data-end=\"1133\">Planla-Uygula-Kontrol Et-\u00d6nlem Al (PUK\u00d6)<\/strong> d\u00f6ng\u00fcs\u00fc \u00e7er\u00e7evesinde d\u00fczenli olarak g\u00f6zden ge\u00e7irilir ve s\u00fcrekli iyile\u015ftirilir.<\/p>\n<\/li>\n<\/ul>\n<p data-start=\"1216\" data-end=\"1393\">E\u011fitim Bilimleri B\u00f6l\u00fcm\u00fc, t\u00fcm payda\u015flar\u0131n kat\u0131l\u0131m\u0131yla kalite g\u00fcvencesi sistemini g\u00fc\u00e7lendirerek <strong data-start=\"1310\" data-end=\"1365\">etkin, \u015feffaf ve hesap verebilir bir akademik ortam<\/strong> olu\u015fturmay\u0131 taahh\u00fct eder.<\/p>\n","protected":false},"excerpt":{"rendered":"<p>E\u011fitim Bilimleri B\u00f6l\u00fcm\u00fc; e\u011fitim, ara\u015ft\u0131rma ve toplumsal katk\u0131 faaliyetlerini, s\u00fcrekli iyile\u015ftirme ve kalite k\u00fclt\u00fcr\u00fcn\u00fc esas alan bir y\u00f6netim anlay\u0131\u015f\u0131yla y\u00fcr\u00fctmeyi benimsemektedir. Bu do\u011frultuda B\u00f6l\u00fcm\u00fcm\u00fcz\u00fcn kalite g\u00fcvencesi politikas\u0131: \u00dcniversitenin kurumsal kalite politikas\u0131 ve stratejik hedefleri ile uyumlu bir \u015fekilde y\u00fcr\u00fct\u00fcl\u00fcr. E\u011fitim-\u00f6\u011fretim s\u00fcre\u00e7lerinde etkinlik, verimlilik ve g\u00fcncellik esas al\u0131n\u0131r; program \u00e7\u0131kt\u0131lar\u0131 d\u00fczenli olarak izlenir, de\u011ferlendirilir ve geli\u015ftirilir. [&hellip;]<\/p>\n","protected":false},"author":223,"featured_media":0,"parent":0,"menu_order":0,"comment_status":"closed","ping_status":"closed","template":"genel_sayfa.php","meta":{"footnotes":""},"yoast_head":"<!-- This site is optimized with the Yoast SEO Premium plugin v22.1 (Yoast SEO v22.1) - https:\/\/yoast.com\/wordpress\/plugins\/seo\/ -->\n<title>B\u00f6l\u00fcm Kalite G\u00fcvence Politikas\u0131 - E\u011fitim Bilimleri<\/title>\n<meta name=\"robots\" content=\"index, follow, max-snippet:-1, max-image-preview:large, max-video-preview:-1\" \/>\n<link rel=\"canonical\" href=\"https:\/\/ticaret.edu.tr\/egitim-bilimleri\/bolum-kalite-guvence-politikasi\/\" \/>\n<meta property=\"og:locale\" content=\"tr_TR\" \/>\n<meta property=\"og:type\" content=\"article\" \/>\n<meta property=\"og:title\" content=\"B\u00f6l\u00fcm Kalite G\u00fcvence Politikas\u0131\" \/>\n<meta property=\"og:description\" content=\"E\u011fitim Bilimleri B\u00f6l\u00fcm\u00fc; e\u011fitim, ara\u015ft\u0131rma ve toplumsal katk\u0131 faaliyetlerini, s\u00fcrekli iyile\u015ftirme ve kalite k\u00fclt\u00fcr\u00fcn\u00fc esas alan bir y\u00f6netim anlay\u0131\u015f\u0131yla y\u00fcr\u00fctmeyi benimsemektedir. Bu do\u011frultuda B\u00f6l\u00fcm\u00fcm\u00fcz\u00fcn kalite g\u00fcvencesi politikas\u0131: \u00dcniversitenin kurumsal kalite politikas\u0131 ve stratejik hedefleri ile uyumlu bir \u015fekilde y\u00fcr\u00fct\u00fcl\u00fcr. E\u011fitim-\u00f6\u011fretim s\u00fcre\u00e7lerinde etkinlik, verimlilik ve g\u00fcncellik esas al\u0131n\u0131r; program \u00e7\u0131kt\u0131lar\u0131 d\u00fczenli olarak izlenir, de\u011ferlendirilir ve geli\u015ftirilir. [&hellip;]\" \/>\n<meta property=\"og:url\" content=\"https:\/\/ticaret.edu.tr\/egitim-bilimleri\/bolum-kalite-guvence-politikasi\/\" \/>\n<meta property=\"og:site_name\" content=\"E\u011fitim Bilimleri\" \/>\n<meta property=\"article:publisher\" content=\"https:\/\/www.facebook.com\/ticaretedutr\" \/>\n<meta property=\"article:modified_time\" content=\"2025-10-15T10:30:21+00:00\" \/>\n<meta property=\"og:image\" content=\"http:\/\/ticaret.edu.tr\/egitim-bilimleri\/wp-content\/uploads\/sites\/66\/2021\/11\/web_logo-01.jpg\" \/>\n\t<meta property=\"og:image:width\" content=\"1250\" \/>\n\t<meta property=\"og:image:height\" content=\"833\" \/>\n\t<meta property=\"og:image:type\" content=\"image\/jpeg\" \/>\n<meta name=\"twitter:card\" content=\"summary_large_image\" \/>\n<meta name=\"twitter:site\" content=\"@ticaretedutr\" \/>\n<script type=\"application\/ld+json\" class=\"yoast-schema-graph\">{\"@context\":\"https:\/\/schema.org\",\"@graph\":[{\"@type\":\"WebPage\",\"@id\":\"https:\/\/ticaret.edu.tr\/egitim-bilimleri\/bolum-kalite-guvence-politikasi\/\",\"url\":\"https:\/\/ticaret.edu.tr\/egitim-bilimleri\/bolum-kalite-guvence-politikasi\/\",\"name\":\"B\u00f6l\u00fcm Kalite G\u00fcvence Politikas\u0131 - E\u011fitim Bilimleri\",\"isPartOf\":{\"@id\":\"https:\/\/ticaret.edu.tr\/egitim-bilimleri\/#website\"},\"datePublished\":\"2025-01-26T22:47:26+00:00\",\"dateModified\":\"2025-10-15T10:30:21+00:00\",\"breadcrumb\":{\"@id\":\"https:\/\/ticaret.edu.tr\/egitim-bilimleri\/bolum-kalite-guvence-politikasi\/#breadcrumb\"},\"inLanguage\":\"tr\",\"potentialAction\":[{\"@type\":\"ReadAction\",\"target\":[\"https:\/\/ticaret.edu.tr\/egitim-bilimleri\/bolum-kalite-guvence-politikasi\/\"]}]},{\"@type\":\"BreadcrumbList\",\"@id\":\"https:\/\/ticaret.edu.tr\/egitim-bilimleri\/bolum-kalite-guvence-politikasi\/#breadcrumb\",\"itemListElement\":[{\"@type\":\"ListItem\",\"position\":1,\"name\":\"Anasayfa\",\"item\":\"https:\/\/ticaret.edu.tr\/egitim-bilimleri\/\"},{\"@type\":\"ListItem\",\"position\":2,\"name\":\"B\u00f6l\u00fcm Kalite G\u00fcvence Politikas\u0131\"}]},{\"@type\":\"WebSite\",\"@id\":\"https:\/\/ticaret.edu.tr\/egitim-bilimleri\/#website\",\"url\":\"https:\/\/ticaret.edu.tr\/egitim-bilimleri\/\",\"name\":\"E\u011fitim Bilimleri\",\"description\":\"Bir ba\u015fka \u0130stanbul Ticaret \u00dcniversitesi site sitesi\",\"potentialAction\":[{\"@type\":\"SearchAction\",\"target\":{\"@type\":\"EntryPoint\",\"urlTemplate\":\"https:\/\/ticaret.edu.tr\/egitim-bilimleri\/?s={search_term_string}\"},\"query-input\":\"required name=search_term_string\"}],\"inLanguage\":\"tr\"}]}<\/script>\n<!-- \/ Yoast SEO Premium plugin. -->","yoast_head_json":{"title":"B\u00f6l\u00fcm Kalite G\u00fcvence Politikas\u0131 - E\u011fitim Bilimleri","robots":{"index":"index","follow":"follow","max-snippet":"max-snippet:-1","max-image-preview":"max-image-preview:large","max-video-preview":"max-video-preview:-1"},"canonical":"https:\/\/ticaret.edu.tr\/egitim-bilimleri\/bolum-kalite-guvence-politikasi\/","og_locale":"tr_TR","og_type":"article","og_title":"B\u00f6l\u00fcm Kalite G\u00fcvence Politikas\u0131","og_description":"E\u011fitim Bilimleri B\u00f6l\u00fcm\u00fc; e\u011fitim, ara\u015ft\u0131rma ve toplumsal katk\u0131 faaliyetlerini, s\u00fcrekli iyile\u015ftirme ve kalite k\u00fclt\u00fcr\u00fcn\u00fc esas alan bir y\u00f6netim anlay\u0131\u015f\u0131yla y\u00fcr\u00fctmeyi benimsemektedir. Bu do\u011frultuda B\u00f6l\u00fcm\u00fcm\u00fcz\u00fcn kalite g\u00fcvencesi politikas\u0131: \u00dcniversitenin kurumsal kalite politikas\u0131 ve stratejik hedefleri ile uyumlu bir \u015fekilde y\u00fcr\u00fct\u00fcl\u00fcr. E\u011fitim-\u00f6\u011fretim s\u00fcre\u00e7lerinde etkinlik, verimlilik ve g\u00fcncellik esas al\u0131n\u0131r; program \u00e7\u0131kt\u0131lar\u0131 d\u00fczenli olarak izlenir, de\u011ferlendirilir ve geli\u015ftirilir. [&hellip;]","og_url":"https:\/\/ticaret.edu.tr\/egitim-bilimleri\/bolum-kalite-guvence-politikasi\/","og_site_name":"E\u011fitim Bilimleri","article_publisher":"https:\/\/www.facebook.com\/ticaretedutr","article_modified_time":"2025-10-15T10:30:21+00:00","og_image":[{"width":1250,"height":833,"url":"http:\/\/ticaret.edu.tr\/egitim-bilimleri\/wp-content\/uploads\/sites\/66\/2021\/11\/web_logo-01.jpg","type":"image\/jpeg"}],"twitter_card":"summary_large_image","twitter_site":"@ticaretedutr","schema":{"@context":"https:\/\/schema.org","@graph":[{"@type":"WebPage","@id":"https:\/\/ticaret.edu.tr\/egitim-bilimleri\/bolum-kalite-guvence-politikasi\/","url":"https:\/\/ticaret.edu.tr\/egitim-bilimleri\/bolum-kalite-guvence-politikasi\/","name":"B\u00f6l\u00fcm Kalite G\u00fcvence Politikas\u0131 - E\u011fitim Bilimleri","isPartOf":{"@id":"https:\/\/ticaret.edu.tr\/egitim-bilimleri\/#website"},"datePublished":"2025-01-26T22:47:26+00:00","dateModified":"2025-10-15T10:30:21+00:00","breadcrumb":{"@id":"https:\/\/ticaret.edu.tr\/egitim-bilimleri\/bolum-kalite-guvence-politikasi\/#breadcrumb"},"inLanguage":"tr","potentialAction":[{"@type":"ReadAction","target":["https:\/\/ticaret.edu.tr\/egitim-bilimleri\/bolum-kalite-guvence-politikasi\/"]}]},{"@type":"BreadcrumbList","@id":"https:\/\/ticaret.edu.tr\/egitim-bilimleri\/bolum-kalite-guvence-politikasi\/#breadcrumb","itemListElement":[{"@type":"ListItem","position":1,"name":"Anasayfa","item":"https:\/\/ticaret.edu.tr\/egitim-bilimleri\/"},{"@type":"ListItem","position":2,"name":"B\u00f6l\u00fcm Kalite G\u00fcvence Politikas\u0131"}]},{"@type":"WebSite","@id":"https:\/\/ticaret.edu.tr\/egitim-bilimleri\/#website","url":"https:\/\/ticaret.edu.tr\/egitim-bilimleri\/","name":"E\u011fitim Bilimleri","description":"Bir ba\u015fka \u0130stanbul Ticaret \u00dcniversitesi site sitesi","potentialAction":[{"@type":"SearchAction","target":{"@type":"EntryPoint","urlTemplate":"https:\/\/ticaret.edu.tr\/egitim-bilimleri\/?s={search_term_string}"},"query-input":"required name=search_term_string"}],"inLanguage":"tr"}]}},"lang":"tr","translations":{"tr":508},"pll_sync_post":[],"_links":{"self":[{"href":"http:\/\/ticaret.edu.tr\/egitim-bilimleri\/wp-json\/wp\/v2\/pages\/508"}],"collection":[{"href":"http:\/\/ticaret.edu.tr\/egitim-bilimleri\/wp-json\/wp\/v2\/pages"}],"about":[{"href":"http:\/\/ticaret.edu.tr\/egitim-bilimleri\/wp-json\/wp\/v2\/types\/page"}],"author":[{"embeddable":true,"href":"http:\/\/ticaret.edu.tr\/egitim-bilimleri\/wp-json\/wp\/v2\/users\/223"}],"replies":[{"embeddable":true,"href":"http:\/\/ticaret.edu.tr\/egitim-bilimleri\/wp-json\/wp\/v2\/comments?post=508"}],"version-history":[{"count":2,"href":"http:\/\/ticaret.edu.tr\/egitim-bilimleri\/wp-json\/wp\/v2\/pages\/508\/revisions"}],"predecessor-version":[{"id":697,"href":"http:\/\/ticaret.edu.tr\/egitim-bilimleri\/wp-json\/wp\/v2\/pages\/508\/revisions\/697"}],"wp:attachment":[{"href":"http:\/\/ticaret.edu.tr\/egitim-bilimleri\/wp-json\/wp\/v2\/media?parent=508"}],"curies":[{"name":"wp","href":"https:\/\/api.w.org\/{rel}","templated":true}]}}