{"id":510,"date":"2025-01-27T01:47:42","date_gmt":"2025-01-26T22:47:42","guid":{"rendered":"https:\/\/ticaret.edu.tr\/egitim-bilimleri\/?page_id=510"},"modified":"2025-10-15T14:38:37","modified_gmt":"2025-10-15T11:38:37","slug":"birim-oz-degerlendirme-raporu","status":"publish","type":"page","link":"http:\/\/ticaret.edu.tr\/egitim-bilimleri\/birim-oz-degerlendirme-raporu\/","title":{"rendered":"Birim \u00d6z De\u011ferlendirme Raporu"},"content":{"rendered":"<h3 data-start=\"373\" data-end=\"421\">\ud83d\udcca <strong data-start=\"380\" data-end=\"419\">Birim \u00d6z De\u011ferlendirme Raporu (\u00d6DR)<\/strong><\/h3>\n<p data-start=\"423\" data-end=\"648\">\u0130stanbul Ticaret \u00dcniversitesi <strong data-start=\"453\" data-end=\"480\">E\u011fitim Bilimleri B\u00f6l\u00fcm\u00fc<\/strong>, kalite g\u00fcvencesi politikas\u0131 do\u011frultusunda y\u00fcr\u00fctt\u00fc\u011f\u00fc t\u00fcm e\u011fitim, ara\u015ft\u0131rma ve toplumsal katk\u0131 faaliyetlerini <strong data-start=\"590\" data-end=\"646\">d\u00fczenli olarak de\u011ferlendirmekte ve geli\u015ftirmektedir.<\/strong><\/p>\n<p data-start=\"650\" data-end=\"856\">Bu kapsamda her akademik y\u0131l sonunda haz\u0131rlanan <strong data-start=\"698\" data-end=\"737\">Birim \u00d6z De\u011ferlendirme Raporu (\u00d6DR)<\/strong>; b\u00f6l\u00fcm\u00fcn g\u00fc\u00e7l\u00fc y\u00f6nlerini, geli\u015fim alanlar\u0131n\u0131, hedeflerini ve iyile\u015ftirme planlar\u0131n\u0131 sistematik bi\u00e7imde ortaya koyar.<\/p>\n<hr data-start=\"858\" data-end=\"861\" \/>\n<h3 data-start=\"863\" data-end=\"900\">\ud83c\udfaf <strong data-start=\"870\" data-end=\"898\">\u00d6DR\u2019nin Amac\u0131 ve Kapsam\u0131<\/strong><\/h3>\n<p data-start=\"901\" data-end=\"1052\">\ud83d\udccc Birim \u00d6z De\u011ferlendirme Raporu\u2019nun temel amac\u0131, <strong data-start=\"951\" data-end=\"1041\">b\u00f6l\u00fcm\u00fcn kalite g\u00fcvencesi sistemini s\u00fcrekli izlemek, de\u011ferlendirmek ve iyile\u015ftirmektir.<\/strong><br data-start=\"1041\" data-end=\"1044\" \/>Rapor;<\/p>\n<ul data-start=\"1053\" data-end=\"1300\">\n<li data-start=\"1053\" data-end=\"1092\">\n<p data-start=\"1055\" data-end=\"1092\">\ud83c\udf93 <strong data-start=\"1058\" data-end=\"1089\">E\u011fitim-\u00f6\u011fretim faaliyetleri<\/strong>,<\/p>\n<\/li>\n<li data-start=\"1093\" data-end=\"1137\">\n<p data-start=\"1095\" data-end=\"1137\">\ud83d\udd2c <strong data-start=\"1098\" data-end=\"1134\">Ara\u015ft\u0131rma ve bilimsel \u00fcretkenlik<\/strong>,<\/p>\n<\/li>\n<li data-start=\"1138\" data-end=\"1186\">\n<p data-start=\"1140\" data-end=\"1186\">\ud83c\udf0d <strong data-start=\"1143\" data-end=\"1183\">Toplumsal katk\u0131 ve payda\u015f ili\u015fkileri<\/strong>,<\/p>\n<\/li>\n<li data-start=\"1187\" data-end=\"1300\">\n<p data-start=\"1189\" data-end=\"1300\">\ud83e\udded <strong data-start=\"1192\" data-end=\"1239\">Y\u00f6netim, idari s\u00fcre\u00e7ler ve kaynak kullan\u0131m\u0131<\/strong>,<br data-start=\"1240\" data-end=\"1243\" \/>alanlar\u0131nda ger\u00e7ekle\u015ftirilen \u00e7al\u0131\u015fmalar\u0131 kapsamaktad\u0131r.<\/p>\n<\/li>\n<\/ul>\n<hr data-start=\"1302\" data-end=\"1305\" \/>\n<h3 data-start=\"1307\" data-end=\"1340\">\ud83e\udde9 <strong data-start=\"1314\" data-end=\"1338\">De\u011ferlendirme S\u00fcreci<\/strong><\/h3>\n<p data-start=\"1341\" data-end=\"1732\">\ud83d\udccb \u00d6DR, <strong data-start=\"1349\" data-end=\"1376\">b\u00f6l\u00fcm kalite temsilcisi<\/strong> koordinasyonunda, \u00f6\u011fretim elemanlar\u0131n\u0131n, \u00f6\u011frenci temsilcilerinin ve idari personelin kat\u0131l\u0131m\u0131yla haz\u0131rlan\u0131r.<br data-start=\"1485\" data-end=\"1488\" \/>\ud83d\udcc5 Rapor, y\u0131lda bir kez g\u00fcncellenir ve fak\u00fclte ile <strong data-start=\"1539\" data-end=\"1570\">\u00dcniversite Kalite Komisyonu<\/strong>\u2019na sunulur.<br data-start=\"1582\" data-end=\"1585\" \/>\ud83d\udd0d Bulgular, <strong data-start=\"1598\" data-end=\"1648\">PUK\u00d6 (Planla \u2013 Uygula \u2013 Kontrol Et \u2013 \u00d6nlem Al)<\/strong> d\u00f6ng\u00fcs\u00fc \u00e7er\u00e7evesinde analiz edilerek s\u00fcrekli iyile\u015ftirme s\u00fcrecine entegre edilir.<\/p>\n<hr data-start=\"1734\" data-end=\"1737\" \/>\n<h3 data-start=\"1739\" data-end=\"1780\">\ud83c\udf31 <strong data-start=\"1746\" data-end=\"1778\">Sonu\u00e7 ve S\u00fcrekli \u0130yile\u015ftirme<\/strong><\/h3>\n<p data-start=\"1781\" data-end=\"1848\">E\u011fitim Bilimleri B\u00f6l\u00fcm\u00fc, \u00f6z de\u011ferlendirme sonu\u00e7lar\u0131n\u0131 kullanarak;<\/p>\n<ul data-start=\"1849\" data-end=\"2070\">\n<li data-start=\"1849\" data-end=\"1884\">\n<p data-start=\"1851\" data-end=\"1884\">\u00d6\u011frenci memnuniyetini art\u0131rmak,<\/p>\n<\/li>\n<li data-start=\"1885\" data-end=\"1941\">\n<p data-start=\"1887\" data-end=\"1941\">Program \u00e7\u0131kt\u0131lar\u0131n\u0131n izlenebilirli\u011fini g\u00fc\u00e7lendirmek,<\/p>\n<\/li>\n<li data-start=\"1942\" data-end=\"1981\">\n<p data-start=\"1944\" data-end=\"1981\">Ara\u015ft\u0131rma kapasitesini geli\u015ftirmek,<\/p>\n<\/li>\n<li data-start=\"1982\" data-end=\"2070\">\n<p data-start=\"1984\" data-end=\"2070\">Payda\u015f kat\u0131l\u0131m\u0131n\u0131 art\u0131rmak<br data-start=\"2010\" data-end=\"2013\" \/>ama\u00e7lar\u0131yla somut iyile\u015ftirme eylem planlar\u0131 olu\u015fturur.<\/p>\n<\/li>\n<\/ul>\n<p data-start=\"2072\" data-end=\"2226\">Haz\u0131rlanan rapor, b\u00f6l\u00fcm\u00fcn <strong data-start=\"2098\" data-end=\"2159\">\u015feffafl\u0131k, hesap verebilirlik ve s\u00fcrekli geli\u015fim ilkeleri<\/strong> do\u011frultusunda y\u00fcr\u00fctt\u00fc\u011f\u00fc kalite \u00e7al\u0131\u015fmalar\u0131n\u0131n bir g\u00f6stergesidir.<\/p>\n","protected":false},"excerpt":{"rendered":"<p>\ud83d\udcca Birim \u00d6z De\u011ferlendirme Raporu (\u00d6DR) \u0130stanbul Ticaret \u00dcniversitesi E\u011fitim Bilimleri B\u00f6l\u00fcm\u00fc, kalite g\u00fcvencesi politikas\u0131 do\u011frultusunda y\u00fcr\u00fctt\u00fc\u011f\u00fc t\u00fcm e\u011fitim, ara\u015ft\u0131rma ve toplumsal katk\u0131 faaliyetlerini d\u00fczenli olarak de\u011ferlendirmekte ve geli\u015ftirmektedir. Bu kapsamda her akademik y\u0131l sonunda haz\u0131rlanan Birim \u00d6z De\u011ferlendirme Raporu (\u00d6DR); b\u00f6l\u00fcm\u00fcn g\u00fc\u00e7l\u00fc y\u00f6nlerini, geli\u015fim alanlar\u0131n\u0131, hedeflerini ve iyile\u015ftirme planlar\u0131n\u0131 sistematik bi\u00e7imde ortaya koyar. \ud83c\udfaf [&hellip;]<\/p>\n","protected":false},"author":223,"featured_media":0,"parent":0,"menu_order":0,"comment_status":"closed","ping_status":"closed","template":"genel_sayfa.php","meta":{"footnotes":""},"yoast_head":"<!-- This site is optimized with the Yoast SEO Premium plugin v22.1 (Yoast SEO v22.1) - https:\/\/yoast.com\/wordpress\/plugins\/seo\/ -->\n<title>Birim \u00d6z De\u011ferlendirme Raporu - E\u011fitim Bilimleri<\/title>\n<meta name=\"robots\" content=\"index, follow, max-snippet:-1, max-image-preview:large, max-video-preview:-1\" \/>\n<link rel=\"canonical\" href=\"https:\/\/ticaret.edu.tr\/egitim-bilimleri\/birim-oz-degerlendirme-raporu\/\" \/>\n<meta property=\"og:locale\" content=\"tr_TR\" \/>\n<meta property=\"og:type\" content=\"article\" \/>\n<meta property=\"og:title\" content=\"Birim \u00d6z De\u011ferlendirme Raporu\" \/>\n<meta property=\"og:description\" content=\"\ud83d\udcca Birim \u00d6z De\u011ferlendirme Raporu (\u00d6DR) \u0130stanbul Ticaret \u00dcniversitesi E\u011fitim Bilimleri B\u00f6l\u00fcm\u00fc, kalite g\u00fcvencesi politikas\u0131 do\u011frultusunda y\u00fcr\u00fctt\u00fc\u011f\u00fc t\u00fcm e\u011fitim, ara\u015ft\u0131rma ve toplumsal katk\u0131 faaliyetlerini d\u00fczenli olarak de\u011ferlendirmekte ve geli\u015ftirmektedir. Bu kapsamda her akademik y\u0131l sonunda haz\u0131rlanan Birim \u00d6z De\u011ferlendirme Raporu (\u00d6DR); b\u00f6l\u00fcm\u00fcn g\u00fc\u00e7l\u00fc y\u00f6nlerini, geli\u015fim alanlar\u0131n\u0131, hedeflerini ve iyile\u015ftirme planlar\u0131n\u0131 sistematik bi\u00e7imde ortaya koyar. \ud83c\udfaf [&hellip;]\" \/>\n<meta property=\"og:url\" content=\"https:\/\/ticaret.edu.tr\/egitim-bilimleri\/birim-oz-degerlendirme-raporu\/\" \/>\n<meta property=\"og:site_name\" content=\"E\u011fitim Bilimleri\" \/>\n<meta property=\"article:publisher\" content=\"https:\/\/www.facebook.com\/ticaretedutr\" \/>\n<meta property=\"article:modified_time\" content=\"2025-10-15T11:38:37+00:00\" \/>\n<meta property=\"og:image\" content=\"http:\/\/ticaret.edu.tr\/egitim-bilimleri\/wp-content\/uploads\/sites\/66\/2021\/11\/web_logo-01.jpg\" \/>\n\t<meta property=\"og:image:width\" content=\"1250\" \/>\n\t<meta property=\"og:image:height\" content=\"833\" \/>\n\t<meta property=\"og:image:type\" content=\"image\/jpeg\" \/>\n<meta name=\"twitter:card\" content=\"summary_large_image\" \/>\n<meta name=\"twitter:site\" content=\"@ticaretedutr\" \/>\n<script type=\"application\/ld+json\" class=\"yoast-schema-graph\">{\"@context\":\"https:\/\/schema.org\",\"@graph\":[{\"@type\":\"WebPage\",\"@id\":\"https:\/\/ticaret.edu.tr\/egitim-bilimleri\/birim-oz-degerlendirme-raporu\/\",\"url\":\"https:\/\/ticaret.edu.tr\/egitim-bilimleri\/birim-oz-degerlendirme-raporu\/\",\"name\":\"Birim \u00d6z De\u011ferlendirme Raporu - E\u011fitim Bilimleri\",\"isPartOf\":{\"@id\":\"https:\/\/ticaret.edu.tr\/egitim-bilimleri\/#website\"},\"datePublished\":\"2025-01-26T22:47:42+00:00\",\"dateModified\":\"2025-10-15T11:38:37+00:00\",\"breadcrumb\":{\"@id\":\"https:\/\/ticaret.edu.tr\/egitim-bilimleri\/birim-oz-degerlendirme-raporu\/#breadcrumb\"},\"inLanguage\":\"tr\",\"potentialAction\":[{\"@type\":\"ReadAction\",\"target\":[\"https:\/\/ticaret.edu.tr\/egitim-bilimleri\/birim-oz-degerlendirme-raporu\/\"]}]},{\"@type\":\"BreadcrumbList\",\"@id\":\"https:\/\/ticaret.edu.tr\/egitim-bilimleri\/birim-oz-degerlendirme-raporu\/#breadcrumb\",\"itemListElement\":[{\"@type\":\"ListItem\",\"position\":1,\"name\":\"Anasayfa\",\"item\":\"https:\/\/ticaret.edu.tr\/egitim-bilimleri\/\"},{\"@type\":\"ListItem\",\"position\":2,\"name\":\"Birim \u00d6z De\u011ferlendirme Raporu\"}]},{\"@type\":\"WebSite\",\"@id\":\"https:\/\/ticaret.edu.tr\/egitim-bilimleri\/#website\",\"url\":\"https:\/\/ticaret.edu.tr\/egitim-bilimleri\/\",\"name\":\"E\u011fitim Bilimleri\",\"description\":\"Bir ba\u015fka \u0130stanbul Ticaret \u00dcniversitesi site sitesi\",\"potentialAction\":[{\"@type\":\"SearchAction\",\"target\":{\"@type\":\"EntryPoint\",\"urlTemplate\":\"https:\/\/ticaret.edu.tr\/egitim-bilimleri\/?s={search_term_string}\"},\"query-input\":\"required name=search_term_string\"}],\"inLanguage\":\"tr\"}]}<\/script>\n<!-- \/ Yoast SEO Premium plugin. -->","yoast_head_json":{"title":"Birim \u00d6z De\u011ferlendirme Raporu - E\u011fitim Bilimleri","robots":{"index":"index","follow":"follow","max-snippet":"max-snippet:-1","max-image-preview":"max-image-preview:large","max-video-preview":"max-video-preview:-1"},"canonical":"https:\/\/ticaret.edu.tr\/egitim-bilimleri\/birim-oz-degerlendirme-raporu\/","og_locale":"tr_TR","og_type":"article","og_title":"Birim \u00d6z De\u011ferlendirme Raporu","og_description":"\ud83d\udcca Birim \u00d6z De\u011ferlendirme Raporu (\u00d6DR) \u0130stanbul Ticaret \u00dcniversitesi E\u011fitim Bilimleri B\u00f6l\u00fcm\u00fc, kalite g\u00fcvencesi politikas\u0131 do\u011frultusunda y\u00fcr\u00fctt\u00fc\u011f\u00fc t\u00fcm e\u011fitim, ara\u015ft\u0131rma ve toplumsal katk\u0131 faaliyetlerini d\u00fczenli olarak de\u011ferlendirmekte ve geli\u015ftirmektedir. Bu kapsamda her akademik y\u0131l sonunda haz\u0131rlanan Birim \u00d6z De\u011ferlendirme Raporu (\u00d6DR); b\u00f6l\u00fcm\u00fcn g\u00fc\u00e7l\u00fc y\u00f6nlerini, geli\u015fim alanlar\u0131n\u0131, hedeflerini ve iyile\u015ftirme planlar\u0131n\u0131 sistematik bi\u00e7imde ortaya koyar. \ud83c\udfaf [&hellip;]","og_url":"https:\/\/ticaret.edu.tr\/egitim-bilimleri\/birim-oz-degerlendirme-raporu\/","og_site_name":"E\u011fitim Bilimleri","article_publisher":"https:\/\/www.facebook.com\/ticaretedutr","article_modified_time":"2025-10-15T11:38:37+00:00","og_image":[{"width":1250,"height":833,"url":"http:\/\/ticaret.edu.tr\/egitim-bilimleri\/wp-content\/uploads\/sites\/66\/2021\/11\/web_logo-01.jpg","type":"image\/jpeg"}],"twitter_card":"summary_large_image","twitter_site":"@ticaretedutr","schema":{"@context":"https:\/\/schema.org","@graph":[{"@type":"WebPage","@id":"https:\/\/ticaret.edu.tr\/egitim-bilimleri\/birim-oz-degerlendirme-raporu\/","url":"https:\/\/ticaret.edu.tr\/egitim-bilimleri\/birim-oz-degerlendirme-raporu\/","name":"Birim \u00d6z De\u011ferlendirme Raporu - E\u011fitim Bilimleri","isPartOf":{"@id":"https:\/\/ticaret.edu.tr\/egitim-bilimleri\/#website"},"datePublished":"2025-01-26T22:47:42+00:00","dateModified":"2025-10-15T11:38:37+00:00","breadcrumb":{"@id":"https:\/\/ticaret.edu.tr\/egitim-bilimleri\/birim-oz-degerlendirme-raporu\/#breadcrumb"},"inLanguage":"tr","potentialAction":[{"@type":"ReadAction","target":["https:\/\/ticaret.edu.tr\/egitim-bilimleri\/birim-oz-degerlendirme-raporu\/"]}]},{"@type":"BreadcrumbList","@id":"https:\/\/ticaret.edu.tr\/egitim-bilimleri\/birim-oz-degerlendirme-raporu\/#breadcrumb","itemListElement":[{"@type":"ListItem","position":1,"name":"Anasayfa","item":"https:\/\/ticaret.edu.tr\/egitim-bilimleri\/"},{"@type":"ListItem","position":2,"name":"Birim \u00d6z De\u011ferlendirme Raporu"}]},{"@type":"WebSite","@id":"https:\/\/ticaret.edu.tr\/egitim-bilimleri\/#website","url":"https:\/\/ticaret.edu.tr\/egitim-bilimleri\/","name":"E\u011fitim Bilimleri","description":"Bir ba\u015fka \u0130stanbul Ticaret \u00dcniversitesi site sitesi","potentialAction":[{"@type":"SearchAction","target":{"@type":"EntryPoint","urlTemplate":"https:\/\/ticaret.edu.tr\/egitim-bilimleri\/?s={search_term_string}"},"query-input":"required name=search_term_string"}],"inLanguage":"tr"}]}},"lang":"tr","translations":{"tr":510},"pll_sync_post":[],"_links":{"self":[{"href":"http:\/\/ticaret.edu.tr\/egitim-bilimleri\/wp-json\/wp\/v2\/pages\/510"}],"collection":[{"href":"http:\/\/ticaret.edu.tr\/egitim-bilimleri\/wp-json\/wp\/v2\/pages"}],"about":[{"href":"http:\/\/ticaret.edu.tr\/egitim-bilimleri\/wp-json\/wp\/v2\/types\/page"}],"author":[{"embeddable":true,"href":"http:\/\/ticaret.edu.tr\/egitim-bilimleri\/wp-json\/wp\/v2\/users\/223"}],"replies":[{"embeddable":true,"href":"http:\/\/ticaret.edu.tr\/egitim-bilimleri\/wp-json\/wp\/v2\/comments?post=510"}],"version-history":[{"count":3,"href":"http:\/\/ticaret.edu.tr\/egitim-bilimleri\/wp-json\/wp\/v2\/pages\/510\/revisions"}],"predecessor-version":[{"id":733,"href":"http:\/\/ticaret.edu.tr\/egitim-bilimleri\/wp-json\/wp\/v2\/pages\/510\/revisions\/733"}],"wp:attachment":[{"href":"http:\/\/ticaret.edu.tr\/egitim-bilimleri\/wp-json\/wp\/v2\/media?parent=510"}],"curies":[{"name":"wp","href":"https:\/\/api.w.org\/{rel}","templated":true}]}}