{"id":514,"date":"2025-01-27T01:48:24","date_gmt":"2025-01-26T22:48:24","guid":{"rendered":"https:\/\/ticaret.edu.tr\/egitim-bilimleri\/?page_id=514"},"modified":"2025-10-20T12:39:34","modified_gmt":"2025-10-20T09:39:34","slug":"bolum-danisma-kurulu","status":"publish","type":"page","link":"http:\/\/ticaret.edu.tr\/egitim-bilimleri\/bolum-danisma-kurulu\/","title":{"rendered":"B\u00f6l\u00fcm Dan\u0131\u015fma Kurulu"},"content":{"rendered":"<table style=\"font-weight: 400\" width=\"598\">\n<tbody>\n<tr>\n<td colspan=\"4\" width=\"598\"><strong>E\u011e\u0130T\u0130M B\u0130L\u0130MLER\u0130 B\u00d6L\u00dcM\u00dc DANI\u015eMA KURULU \u00dcYELER\u0130<\/strong><\/td>\n<\/tr>\n<tr>\n<td width=\"145\"><strong>Unvan\u0131 Ad\u0131 Soyad\u0131<\/strong><\/td>\n<td width=\"137\"><strong>Birimi\/Kurumu<\/strong><\/td>\n<td width=\"145\"><strong>B\u00f6l\u00fcm\u00fc\/G\u00f6revi<\/strong><\/td>\n<td width=\"171\"><strong>E-posta- Telefon<\/strong><\/td>\n<\/tr>\n<tr>\n<td width=\"145\">Prof. Dr. Hanifi Parlar<\/td>\n<td width=\"137\">\u0130stanbul Ticaret \u00dcniversitesi<\/td>\n<td width=\"145\">E\u011fitim Bilimleri B\u00f6l\u00fcm Ba\u015fkan\u0131,<\/p>\n<p>Rekt\u00f6r Yard\u0131mc\u0131s\u0131<\/td>\n<td width=\"171\"><a href=\"mailto:hparlar@ticaret.edu.tr\">hparlar@ticaret.edu.tr<\/a><\/p>\n<p>&nbsp;<\/td>\n<\/tr>\n<tr>\n<td width=\"145\">\n<div><span lang=\"EN-US\">Prof. Dr. Mehmet Engin Deniz<\/span><\/div>\n<\/td>\n<td width=\"137\">Y\u0131ld\u0131z Teknik \u00dcniversitesi<\/td>\n<td width=\"145\">E\u011fitim Bilimleri B\u00f6l\u00fcm Ba\u015fkan\u0131,<\/p>\n<p>Rekt\u00f6r Dan\u0131\u015fman\u0131<\/td>\n<td width=\"171\"><a href=\"mailto:edeniz@yildiz.edu.tr\">edeniz@yildiz.edu.tr\u00a0<\/a><\/p>\n<p>&nbsp;<\/td>\n<\/tr>\n<tr>\n<td width=\"145\">Prof. Dr. Durmu\u015f \u00dcmmet<\/td>\n<td width=\"137\">Marmara \u00dcniversitesi<\/td>\n<td width=\"145\">Psikolojik Dan\u0131\u015fmanl\u0131k ve Rehberlik Anabilim Dal\u0131 \u00d6\u011fretim \u00dcyesi<\/td>\n<td width=\"171\"><a href=\"mailto:dummet@marmara.edu.tr\">dummet@marmara.edu.tr<\/a><\/p>\n<p>&nbsp;<\/td>\n<\/tr>\n<tr>\n<td width=\"145\">Cevat Dervi\u015fo\u011flu<\/td>\n<td width=\"137\">Beyo\u011flu \u0130l\u00e7e Milli E\u011fitim M\u00fcd\u00fcrl\u00fc\u011f\u00fc<\/td>\n<td width=\"145\">\u0130l\u00e7e Milli E\u011fitim M\u00fcd\u00fcr\u00fc<\/td>\n<td width=\"171\">0(212) 293 6364<\/td>\n<\/tr>\n<tr>\n<td width=\"145\">\n<div><span lang=\"EN-US\">Mahmut Yelek<\/span><\/div>\n<\/td>\n<td width=\"137\">Beyo\u011flu Anadolu \u0130mam Hatip Lisesi<\/td>\n<td width=\"145\">Okul M\u00fcd\u00fcr\u00fc<\/td>\n<td width=\"171\"><i class=\"fas fa-phone\"><\/i>0(212) 210 2412<\/td>\n<\/tr>\n<tr>\n<td width=\"145\">Uzman Aile Dan\u0131\u015fman\u0131<\/p>\n<div><span lang=\"EN-US\">Zeynep \u00dcst\u00fcnda\u011f K\u00f6ksal<\/span><\/div>\n<\/td>\n<td width=\"137\">Aile ve Sosyal Politikalar Bakanl\u0131\u011f\u0131<\/td>\n<td width=\"145\">Aile Dan\u0131\u015fman\u0131 Uzman\u0131<\/p>\n<p>Mezun \u00d6\u011frenci<\/td>\n<td width=\"171\"><a href=\"mailto:zynp.ustndg@gmail.com\"> zynp.ustndg@gmail.com<\/a><\/td>\n<\/tr>\n<tr>\n<td width=\"145\">Dr. \u00d6\u011fr. \u00dcyesi L\u00fctf\u00fc \u00c7ak\u0131r<\/td>\n<td width=\"137\">\u0130stanbul Ticaret \u00dcniversitesi<\/p>\n<p>&nbsp;<\/td>\n<td width=\"145\">E\u011fitim Bilimleri B\u00f6l\u00fcm\u00fc\u00d6\u011fretim \u00dcyesi<\/td>\n<td width=\"171\"><a href=\"mailto:lcakir@ticaret.edu.tr\">lcakir@ticaret.edu.tr<\/a><\/p>\n<p>&nbsp;<\/td>\n<\/tr>\n<tr>\n<td width=\"145\">Dr. \u00d6\u011fr. \u00dcyesi \u00dclk\u00fc Ak\u00e7ay<\/td>\n<td width=\"137\">\u0130stanbul Ticaret \u00dcniversitesi<\/p>\n<p>&nbsp;<\/td>\n<td width=\"145\">E\u011fitim Bilimleri B\u00f6l\u00fcm\u00fc\u00d6\u011fretim \u00dcyesi<\/td>\n<td width=\"171\"><a href=\"mailto:uakcay@ticaret.edu.tr\">uakcay@ticaret.edu.tr<\/a><\/p>\n<p>&nbsp;<\/td>\n<\/tr>\n<tr>\n<td width=\"145\">Ar\u015f. G\u00f6r. B\u00fc\u015fra Yi\u011fit<\/td>\n<td width=\"137\">\u0130stanbul Ticaret \u00dcniversitesi<\/p>\n<p>&nbsp;<\/td>\n<td width=\"145\">E\u011fitim Bilimleri B\u00f6l\u00fcm\u00fcKalite El\u00e7isi<\/td>\n<td width=\"171\"><a href=\"mailto:byigit@ticaret.edu.tr\">byigit@ticaret.edu.tr<\/a><\/p>\n<p>&nbsp;<\/td>\n<\/tr>\n<\/tbody>\n<\/table>\n","protected":false},"excerpt":{"rendered":"<p>E\u011e\u0130T\u0130M B\u0130L\u0130MLER\u0130 B\u00d6L\u00dcM\u00dc DANI\u015eMA KURULU \u00dcYELER\u0130 Unvan\u0131 Ad\u0131 Soyad\u0131 Birimi\/Kurumu B\u00f6l\u00fcm\u00fc\/G\u00f6revi E-posta- Telefon Prof. Dr. Hanifi Parlar \u0130stanbul Ticaret \u00dcniversitesi E\u011fitim Bilimleri B\u00f6l\u00fcm Ba\u015fkan\u0131, Rekt\u00f6r Yard\u0131mc\u0131s\u0131 hparlar@ticaret.edu.tr &nbsp; Prof. Dr. Mehmet Engin Deniz Y\u0131ld\u0131z Teknik \u00dcniversitesi E\u011fitim Bilimleri B\u00f6l\u00fcm Ba\u015fkan\u0131, Rekt\u00f6r Dan\u0131\u015fman\u0131 edeniz@yildiz.edu.tr\u00a0 &nbsp; Prof. Dr. Durmu\u015f \u00dcmmet Marmara \u00dcniversitesi Psikolojik Dan\u0131\u015fmanl\u0131k ve Rehberlik Anabilim [&hellip;]<\/p>\n","protected":false},"author":223,"featured_media":0,"parent":0,"menu_order":0,"comment_status":"closed","ping_status":"closed","template":"genel_sayfa.php","meta":{"footnotes":""},"yoast_head":"<!-- This site is optimized with the Yoast SEO Premium plugin v22.1 (Yoast SEO v22.1) - https:\/\/yoast.com\/wordpress\/plugins\/seo\/ -->\n<title>B\u00f6l\u00fcm Dan\u0131\u015fma Kurulu - E\u011fitim Bilimleri<\/title>\n<meta name=\"robots\" content=\"index, follow, max-snippet:-1, max-image-preview:large, max-video-preview:-1\" \/>\n<link rel=\"canonical\" href=\"https:\/\/ticaret.edu.tr\/egitim-bilimleri\/bolum-danisma-kurulu\/\" \/>\n<meta property=\"og:locale\" content=\"tr_TR\" \/>\n<meta property=\"og:type\" content=\"article\" \/>\n<meta property=\"og:title\" content=\"B\u00f6l\u00fcm Dan\u0131\u015fma Kurulu\" \/>\n<meta property=\"og:description\" content=\"E\u011e\u0130T\u0130M B\u0130L\u0130MLER\u0130 B\u00d6L\u00dcM\u00dc DANI\u015eMA KURULU \u00dcYELER\u0130 Unvan\u0131 Ad\u0131 Soyad\u0131 Birimi\/Kurumu B\u00f6l\u00fcm\u00fc\/G\u00f6revi E-posta- Telefon Prof. Dr. Hanifi Parlar \u0130stanbul Ticaret \u00dcniversitesi E\u011fitim Bilimleri B\u00f6l\u00fcm Ba\u015fkan\u0131, Rekt\u00f6r Yard\u0131mc\u0131s\u0131 hparlar@ticaret.edu.tr &nbsp; Prof. Dr. Mehmet Engin Deniz Y\u0131ld\u0131z Teknik \u00dcniversitesi E\u011fitim Bilimleri B\u00f6l\u00fcm Ba\u015fkan\u0131, Rekt\u00f6r Dan\u0131\u015fman\u0131 edeniz@yildiz.edu.tr\u00a0 &nbsp; Prof. Dr. Durmu\u015f \u00dcmmet Marmara \u00dcniversitesi Psikolojik Dan\u0131\u015fmanl\u0131k ve Rehberlik Anabilim [&hellip;]\" \/>\n<meta property=\"og:url\" content=\"https:\/\/ticaret.edu.tr\/egitim-bilimleri\/bolum-danisma-kurulu\/\" \/>\n<meta property=\"og:site_name\" content=\"E\u011fitim Bilimleri\" \/>\n<meta property=\"article:publisher\" content=\"https:\/\/www.facebook.com\/ticaretedutr\" \/>\n<meta property=\"article:modified_time\" content=\"2025-10-20T09:39:34+00:00\" \/>\n<meta property=\"og:image\" content=\"http:\/\/ticaret.edu.tr\/egitim-bilimleri\/wp-content\/uploads\/sites\/66\/2021\/11\/web_logo-01.jpg\" \/>\n\t<meta property=\"og:image:width\" content=\"1250\" \/>\n\t<meta property=\"og:image:height\" content=\"833\" \/>\n\t<meta property=\"og:image:type\" content=\"image\/jpeg\" \/>\n<meta name=\"twitter:card\" content=\"summary_large_image\" \/>\n<meta name=\"twitter:site\" content=\"@ticaretedutr\" \/>\n<meta name=\"twitter:label1\" content=\"Tahmini okuma s\u00fcresi\" \/>\n\t<meta name=\"twitter:data1\" content=\"1 dakika\" \/>\n<script type=\"application\/ld+json\" class=\"yoast-schema-graph\">{\"@context\":\"https:\/\/schema.org\",\"@graph\":[{\"@type\":\"WebPage\",\"@id\":\"https:\/\/ticaret.edu.tr\/egitim-bilimleri\/bolum-danisma-kurulu\/\",\"url\":\"https:\/\/ticaret.edu.tr\/egitim-bilimleri\/bolum-danisma-kurulu\/\",\"name\":\"B\u00f6l\u00fcm Dan\u0131\u015fma Kurulu - E\u011fitim Bilimleri\",\"isPartOf\":{\"@id\":\"https:\/\/ticaret.edu.tr\/egitim-bilimleri\/#website\"},\"datePublished\":\"2025-01-26T22:48:24+00:00\",\"dateModified\":\"2025-10-20T09:39:34+00:00\",\"breadcrumb\":{\"@id\":\"https:\/\/ticaret.edu.tr\/egitim-bilimleri\/bolum-danisma-kurulu\/#breadcrumb\"},\"inLanguage\":\"tr\",\"potentialAction\":[{\"@type\":\"ReadAction\",\"target\":[\"https:\/\/ticaret.edu.tr\/egitim-bilimleri\/bolum-danisma-kurulu\/\"]}]},{\"@type\":\"BreadcrumbList\",\"@id\":\"https:\/\/ticaret.edu.tr\/egitim-bilimleri\/bolum-danisma-kurulu\/#breadcrumb\",\"itemListElement\":[{\"@type\":\"ListItem\",\"position\":1,\"name\":\"Anasayfa\",\"item\":\"https:\/\/ticaret.edu.tr\/egitim-bilimleri\/\"},{\"@type\":\"ListItem\",\"position\":2,\"name\":\"B\u00f6l\u00fcm Dan\u0131\u015fma Kurulu\"}]},{\"@type\":\"WebSite\",\"@id\":\"https:\/\/ticaret.edu.tr\/egitim-bilimleri\/#website\",\"url\":\"https:\/\/ticaret.edu.tr\/egitim-bilimleri\/\",\"name\":\"E\u011fitim Bilimleri\",\"description\":\"Bir ba\u015fka \u0130stanbul Ticaret \u00dcniversitesi site sitesi\",\"potentialAction\":[{\"@type\":\"SearchAction\",\"target\":{\"@type\":\"EntryPoint\",\"urlTemplate\":\"https:\/\/ticaret.edu.tr\/egitim-bilimleri\/?s={search_term_string}\"},\"query-input\":\"required name=search_term_string\"}],\"inLanguage\":\"tr\"}]}<\/script>\n<!-- \/ Yoast SEO Premium plugin. -->","yoast_head_json":{"title":"B\u00f6l\u00fcm Dan\u0131\u015fma Kurulu - E\u011fitim Bilimleri","robots":{"index":"index","follow":"follow","max-snippet":"max-snippet:-1","max-image-preview":"max-image-preview:large","max-video-preview":"max-video-preview:-1"},"canonical":"https:\/\/ticaret.edu.tr\/egitim-bilimleri\/bolum-danisma-kurulu\/","og_locale":"tr_TR","og_type":"article","og_title":"B\u00f6l\u00fcm Dan\u0131\u015fma Kurulu","og_description":"E\u011e\u0130T\u0130M B\u0130L\u0130MLER\u0130 B\u00d6L\u00dcM\u00dc DANI\u015eMA KURULU \u00dcYELER\u0130 Unvan\u0131 Ad\u0131 Soyad\u0131 Birimi\/Kurumu B\u00f6l\u00fcm\u00fc\/G\u00f6revi E-posta- Telefon Prof. Dr. Hanifi Parlar \u0130stanbul Ticaret \u00dcniversitesi E\u011fitim Bilimleri B\u00f6l\u00fcm Ba\u015fkan\u0131, Rekt\u00f6r Yard\u0131mc\u0131s\u0131 hparlar@ticaret.edu.tr &nbsp; Prof. Dr. Mehmet Engin Deniz Y\u0131ld\u0131z Teknik \u00dcniversitesi E\u011fitim Bilimleri B\u00f6l\u00fcm Ba\u015fkan\u0131, Rekt\u00f6r Dan\u0131\u015fman\u0131 edeniz@yildiz.edu.tr\u00a0 &nbsp; Prof. Dr. Durmu\u015f \u00dcmmet Marmara \u00dcniversitesi Psikolojik Dan\u0131\u015fmanl\u0131k ve Rehberlik Anabilim [&hellip;]","og_url":"https:\/\/ticaret.edu.tr\/egitim-bilimleri\/bolum-danisma-kurulu\/","og_site_name":"E\u011fitim Bilimleri","article_publisher":"https:\/\/www.facebook.com\/ticaretedutr","article_modified_time":"2025-10-20T09:39:34+00:00","og_image":[{"width":1250,"height":833,"url":"http:\/\/ticaret.edu.tr\/egitim-bilimleri\/wp-content\/uploads\/sites\/66\/2021\/11\/web_logo-01.jpg","type":"image\/jpeg"}],"twitter_card":"summary_large_image","twitter_site":"@ticaretedutr","twitter_misc":{"Tahmini okuma s\u00fcresi":"1 dakika"},"schema":{"@context":"https:\/\/schema.org","@graph":[{"@type":"WebPage","@id":"https:\/\/ticaret.edu.tr\/egitim-bilimleri\/bolum-danisma-kurulu\/","url":"https:\/\/ticaret.edu.tr\/egitim-bilimleri\/bolum-danisma-kurulu\/","name":"B\u00f6l\u00fcm Dan\u0131\u015fma Kurulu - E\u011fitim Bilimleri","isPartOf":{"@id":"https:\/\/ticaret.edu.tr\/egitim-bilimleri\/#website"},"datePublished":"2025-01-26T22:48:24+00:00","dateModified":"2025-10-20T09:39:34+00:00","breadcrumb":{"@id":"https:\/\/ticaret.edu.tr\/egitim-bilimleri\/bolum-danisma-kurulu\/#breadcrumb"},"inLanguage":"tr","potentialAction":[{"@type":"ReadAction","target":["https:\/\/ticaret.edu.tr\/egitim-bilimleri\/bolum-danisma-kurulu\/"]}]},{"@type":"BreadcrumbList","@id":"https:\/\/ticaret.edu.tr\/egitim-bilimleri\/bolum-danisma-kurulu\/#breadcrumb","itemListElement":[{"@type":"ListItem","position":1,"name":"Anasayfa","item":"https:\/\/ticaret.edu.tr\/egitim-bilimleri\/"},{"@type":"ListItem","position":2,"name":"B\u00f6l\u00fcm Dan\u0131\u015fma Kurulu"}]},{"@type":"WebSite","@id":"https:\/\/ticaret.edu.tr\/egitim-bilimleri\/#website","url":"https:\/\/ticaret.edu.tr\/egitim-bilimleri\/","name":"E\u011fitim Bilimleri","description":"Bir ba\u015fka \u0130stanbul Ticaret \u00dcniversitesi site sitesi","potentialAction":[{"@type":"SearchAction","target":{"@type":"EntryPoint","urlTemplate":"https:\/\/ticaret.edu.tr\/egitim-bilimleri\/?s={search_term_string}"},"query-input":"required name=search_term_string"}],"inLanguage":"tr"}]}},"lang":"tr","translations":{"tr":514},"pll_sync_post":[],"_links":{"self":[{"href":"http:\/\/ticaret.edu.tr\/egitim-bilimleri\/wp-json\/wp\/v2\/pages\/514"}],"collection":[{"href":"http:\/\/ticaret.edu.tr\/egitim-bilimleri\/wp-json\/wp\/v2\/pages"}],"about":[{"href":"http:\/\/ticaret.edu.tr\/egitim-bilimleri\/wp-json\/wp\/v2\/types\/page"}],"author":[{"embeddable":true,"href":"http:\/\/ticaret.edu.tr\/egitim-bilimleri\/wp-json\/wp\/v2\/users\/223"}],"replies":[{"embeddable":true,"href":"http:\/\/ticaret.edu.tr\/egitim-bilimleri\/wp-json\/wp\/v2\/comments?post=514"}],"version-history":[{"count":11,"href":"http:\/\/ticaret.edu.tr\/egitim-bilimleri\/wp-json\/wp\/v2\/pages\/514\/revisions"}],"predecessor-version":[{"id":759,"href":"http:\/\/ticaret.edu.tr\/egitim-bilimleri\/wp-json\/wp\/v2\/pages\/514\/revisions\/759"}],"wp:attachment":[{"href":"http:\/\/ticaret.edu.tr\/egitim-bilimleri\/wp-json\/wp\/v2\/media?parent=514"}],"curies":[{"name":"wp","href":"https:\/\/api.w.org\/{rel}","templated":true}]}}