{"id":1524,"date":"2025-01-26T13:36:33","date_gmt":"2025-01-26T10:36:33","guid":{"rendered":"https:\/\/ticaret.edu.tr\/elektrik-elektronik-muhendisligi\/?page_id=1524"},"modified":"2025-12-23T09:49:04","modified_gmt":"2025-12-23T06:49:04","slug":"bolum-danisma-kurulu","status":"publish","type":"page","link":"http:\/\/ticaret.edu.tr\/elektrik-elektronik-muhendisligi\/bolum-danisma-kurulu\/","title":{"rendered":"B\u00f6l\u00fcm Dan\u0131\u015fma Kurulu"},"content":{"rendered":"<ul data-start=\"82\" data-end=\"262\" data-is-last-node=\"\" data-is-only-node=\"\">\n<li data-start=\"82\" data-end=\"133\">\n<p data-start=\"34\" data-end=\"80\"><strong data-start=\"34\" data-end=\"80\">ELEKTR\u0130K-ELEKTRON\u0130K M\u00dcHEND\u0130SL\u0130\u011e\u0130 B\u00d6L\u00dcM KURULU \u00dcYELER\u0130<\/strong><\/p>\n<table width=\"766\">\n<tbody>\n<tr>\n<td colspan=\"4\" width=\"766\">B\u00f6l\u00fcm Dan\u0131\u015fma Kurulu \u00dcyeleri<\/td>\n<\/tr>\n<tr>\n<td colspan=\"4\" width=\"766\">B\u00f6l\u00fcm Ba\u015fkan\u0131<\/td>\n<\/tr>\n<tr>\n<td colspan=\"4\" width=\"766\">B\u00f6l\u00fcm \u00d6\u011fretim \u00dcyeleri<\/td>\n<\/tr>\n<tr>\n<td colspan=\"4\" width=\"766\">B\u00f6l\u00fcm Kalite Elcisi<\/td>\n<\/tr>\n<tr>\n<td colspan=\"4\" width=\"766\">B\u00f6l\u00fcm \u00d6\u011frenci Temsilcisi<\/td>\n<\/tr>\n<tr>\n<td colspan=\"4\" width=\"766\">B\u00f6l\u00fcm Dan\u0131\u015fma Kurulu \u00dcyeleri (Kurum D\u0131\u015f\u0131 \u00dcyeler)<\/td>\n<\/tr>\n<tr>\n<td width=\"39\">S\u0131ra No<\/td>\n<td width=\"212\">Ad\u0131-Soyad\u0131<\/td>\n<td width=\"222\">Kurumu<\/td>\n<td width=\"293\">G\u00f6revi<\/td>\n<\/tr>\n<tr>\n<td width=\"39\">1<\/td>\n<td width=\"212\">Murat Erat<\/td>\n<td width=\"222\">Ortem Elektronik A.\u015e.<\/td>\n<td width=\"293\">Elektrik-Elektronik M\u00fch., Firma Sahibi<\/td>\n<\/tr>\n<tr>\n<td width=\"39\">2<\/td>\n<td width=\"212\">Halil Atay<\/td>\n<td width=\"222\">EMO Temsilcisi<\/td>\n<td width=\"293\">Elektrik-Elektronik M\u00fch., Firma Sahibi<\/td>\n<\/tr>\n<tr>\n<td width=\"39\">3<\/td>\n<td width=\"212\">Erol Demiralay<\/td>\n<td width=\"222\">ENTEK. A. \u015e.<\/td>\n<td width=\"293\">Elektrik-Elektronik M\u00fch., Firma Sahibi<\/td>\n<\/tr>\n<tr>\n<td width=\"39\">4<\/td>\n<td width=\"212\">Erol Topuz<\/td>\n<td width=\"222\">Golden Trophy Capital<\/td>\n<td width=\"293\">Elektrik-Elektronik M\u00fch.<\/td>\n<\/tr>\n<tr>\n<td width=\"39\">5<\/td>\n<td width=\"212\">Abd\u00fclkadir Bal\u0131k\u00e7\u0131<\/td>\n<td width=\"222\">TENMAK<\/td>\n<td width=\"293\">Elektrik M\u00fch., Y\u00f6netici<\/td>\n<\/tr>\n<tr>\n<td width=\"39\">6<\/td>\n<td width=\"212\">Sedat S\u00fcnter<\/td>\n<td width=\"222\">At\u0131l\u0131m \u00dcniversitesi<\/td>\n<td width=\"293\">Elektrik-Elektronik M\u00fch. B\u00f6l. \u00d6\u011fretim \u00dcyesi<\/td>\n<\/tr>\n<tr>\n<td width=\"39\">7<\/td>\n<td width=\"212\">Yusuf Karaca<\/td>\n<td width=\"222\">Neutec \u0130la\u00e7 Sanayii T.A.\u015e<\/td>\n<td width=\"293\">Elektrik-Elektronik M\u00fch.<\/td>\n<\/tr>\n<tr>\n<td width=\"39\">8<\/td>\n<td width=\"212\">Tayfun Acarer<\/td>\n<td width=\"222\">\u0130stanbul Bilgi \u00dcniversitesi<\/td>\n<td width=\"293\">Elektronik ve Haberle\u015fme M\u00fch. \u00d6\u011fretim \u00dcyesi<\/td>\n<\/tr>\n<tr>\n<td width=\"39\">9<\/td>\n<td width=\"212\">Prof. Dr. Yunus Emre Erdemli<\/td>\n<td>Kocaeli \u00dcniversitesi<\/td>\n<td width=\"293\">Biyomedikal M\u00fchendisli\u011fi, \u00d6\u011fretim \u00dcyesi<\/td>\n<\/tr>\n<tr>\n<td width=\"39\">10<\/td>\n<td width=\"212\">Yakup G\u00fclmez<\/td>\n<td width=\"222\">Gentek Elektronik<\/td>\n<td width=\"293\">Elektrik-Elektronik M\u00fch., Ar-Ge M\u00fcd\u00fcr\u00fc<\/td>\n<\/tr>\n<tr>\n<td width=\"39\">11<\/td>\n<td>Dr. \u0130brahim \u00d6l\u00e7er<\/td>\n<td width=\"222\">\u0130nsigma Engineering<\/td>\n<td width=\"293\">Elektrik-Elektronik M\u00fch., Genel M\u00fcd\u00fcr<\/td>\n<\/tr>\n<tr>\n<td width=\"39\">12<\/td>\n<td width=\"212\">Dr. Ali G\u00f6r\u00e7in<\/td>\n<td width=\"222\">T\u00dcB\u0130TAK B\u0130LGEM<\/td>\n<td width=\"293\">Elektrik-Elektronik M\u00fch., Ba\u015fkan<\/td>\n<\/tr>\n<\/tbody>\n<\/table>\n<\/li>\n<\/ul>\n<p><strong><a href=\"https:\/\/ticaret.edu.tr\/elektrik-elektronik-muhendisligi\/bolum-danisma-kurulu\/iticu_eee_danisma_kurulu_tutanak_09_05_2025_imzali\/\" rel=\"attachment wp-att-2129\">2025 D\u0131\u015f Payda\u015f Kalite Toplant\u0131 Tutana\u011f\u0131<\/a><\/strong><\/p>\n<p><strong><a href=\"https:\/\/ticaret.edu.tr\/elektrik-elektronik-muhendisligi\/bolum-danisma-kurulu\/elektrik-elektronik-muh-kalite-komisyon-tutanagi\/\" rel=\"attachment wp-att-2130\">2025 B\u00f6l\u00fcm Kalite Komisyonu Toplant\u0131 Tutana\u011f\u0131<\/a><\/strong><\/p>\n","protected":false},"excerpt":{"rendered":"<p>ELEKTR\u0130K-ELEKTRON\u0130K M\u00dcHEND\u0130SL\u0130\u011e\u0130 B\u00d6L\u00dcM KURULU \u00dcYELER\u0130 B\u00f6l\u00fcm Dan\u0131\u015fma Kurulu \u00dcyeleri B\u00f6l\u00fcm Ba\u015fkan\u0131 B\u00f6l\u00fcm \u00d6\u011fretim \u00dcyeleri B\u00f6l\u00fcm Kalite Elcisi B\u00f6l\u00fcm \u00d6\u011frenci Temsilcisi B\u00f6l\u00fcm Dan\u0131\u015fma Kurulu \u00dcyeleri (Kurum D\u0131\u015f\u0131 \u00dcyeler) S\u0131ra No Ad\u0131-Soyad\u0131 Kurumu G\u00f6revi 1 Murat Erat Ortem Elektronik A.\u015e. Elektrik-Elektronik M\u00fch., Firma Sahibi 2 Halil Atay EMO Temsilcisi Elektrik-Elektronik M\u00fch., Firma Sahibi 3 Erol Demiralay ENTEK. [&hellip;]<\/p>\n","protected":false},"author":226,"featured_media":0,"parent":0,"menu_order":0,"comment_status":"closed","ping_status":"closed","template":"genel_sayfa.php","meta":{"footnotes":""},"yoast_head":"<!-- This site is optimized with the Yoast SEO Premium plugin v22.1 (Yoast SEO v22.1) - https:\/\/yoast.com\/wordpress\/plugins\/seo\/ -->\n<title>B\u00f6l\u00fcm Dan\u0131\u015fma Kurulu - Elektrik Elektronik M\u00fchendisli\u011fi<\/title>\n<meta name=\"robots\" content=\"index, follow, max-snippet:-1, max-image-preview:large, max-video-preview:-1\" \/>\n<link rel=\"canonical\" href=\"http:\/\/ticaret.edu.tr\/elektrik-elektronik-muhendisligi\/bolum-danisma-kurulu\/\" \/>\n<meta property=\"og:locale\" content=\"tr_TR\" \/>\n<meta property=\"og:type\" content=\"article\" \/>\n<meta property=\"og:title\" content=\"B\u00f6l\u00fcm Dan\u0131\u015fma Kurulu\" \/>\n<meta property=\"og:description\" content=\"ELEKTR\u0130K-ELEKTRON\u0130K M\u00dcHEND\u0130SL\u0130\u011e\u0130 B\u00d6L\u00dcM KURULU \u00dcYELER\u0130 B\u00f6l\u00fcm Dan\u0131\u015fma Kurulu \u00dcyeleri B\u00f6l\u00fcm Ba\u015fkan\u0131 B\u00f6l\u00fcm \u00d6\u011fretim \u00dcyeleri B\u00f6l\u00fcm Kalite Elcisi B\u00f6l\u00fcm \u00d6\u011frenci Temsilcisi B\u00f6l\u00fcm Dan\u0131\u015fma Kurulu \u00dcyeleri (Kurum D\u0131\u015f\u0131 \u00dcyeler) S\u0131ra No Ad\u0131-Soyad\u0131 Kurumu G\u00f6revi 1 Murat Erat Ortem Elektronik A.\u015e. Elektrik-Elektronik M\u00fch., Firma Sahibi 2 Halil Atay EMO Temsilcisi Elektrik-Elektronik M\u00fch., Firma Sahibi 3 Erol Demiralay ENTEK. [&hellip;]\" \/>\n<meta property=\"og:url\" content=\"http:\/\/ticaret.edu.tr\/elektrik-elektronik-muhendisligi\/bolum-danisma-kurulu\/\" \/>\n<meta property=\"og:site_name\" content=\"Elektrik Elektronik M\u00fchendisli\u011fi\" \/>\n<meta property=\"article:publisher\" content=\"https:\/\/www.facebook.com\/ticaretedutr\" \/>\n<meta property=\"article:modified_time\" content=\"2025-12-23T06:49:04+00:00\" \/>\n<meta property=\"og:image\" content=\"http:\/\/ticaret.edu.tr\/elektrik-elektronik-muhendisligi\/wp-content\/uploads\/sites\/20\/2021\/11\/web_logo-01.jpg\" \/>\n\t<meta property=\"og:image:width\" content=\"1250\" \/>\n\t<meta property=\"og:image:height\" content=\"833\" \/>\n\t<meta property=\"og:image:type\" content=\"image\/jpeg\" \/>\n<meta name=\"twitter:card\" content=\"summary_large_image\" \/>\n<meta name=\"twitter:site\" content=\"@ticaretedutr\" \/>\n<meta name=\"twitter:label1\" content=\"Tahmini okuma s\u00fcresi\" \/>\n\t<meta name=\"twitter:data1\" content=\"1 dakika\" \/>\n<script type=\"application\/ld+json\" class=\"yoast-schema-graph\">{\"@context\":\"https:\/\/schema.org\",\"@graph\":[{\"@type\":\"WebPage\",\"@id\":\"http:\/\/ticaret.edu.tr\/elektrik-elektronik-muhendisligi\/bolum-danisma-kurulu\/\",\"url\":\"http:\/\/ticaret.edu.tr\/elektrik-elektronik-muhendisligi\/bolum-danisma-kurulu\/\",\"name\":\"B\u00f6l\u00fcm Dan\u0131\u015fma Kurulu - Elektrik Elektronik M\u00fchendisli\u011fi\",\"isPartOf\":{\"@id\":\"http:\/\/ticaret.edu.tr\/elektrik-elektronik-muhendisligi\/#website\"},\"datePublished\":\"2025-01-26T10:36:33+00:00\",\"dateModified\":\"2025-12-23T06:49:04+00:00\",\"breadcrumb\":{\"@id\":\"http:\/\/ticaret.edu.tr\/elektrik-elektronik-muhendisligi\/bolum-danisma-kurulu\/#breadcrumb\"},\"inLanguage\":\"tr\",\"potentialAction\":[{\"@type\":\"ReadAction\",\"target\":[\"http:\/\/ticaret.edu.tr\/elektrik-elektronik-muhendisligi\/bolum-danisma-kurulu\/\"]}]},{\"@type\":\"BreadcrumbList\",\"@id\":\"http:\/\/ticaret.edu.tr\/elektrik-elektronik-muhendisligi\/bolum-danisma-kurulu\/#breadcrumb\",\"itemListElement\":[{\"@type\":\"ListItem\",\"position\":1,\"name\":\"Ana sayfa\",\"item\":\"http:\/\/ticaret.edu.tr\/elektrik-elektronik-muhendisligi\/\"},{\"@type\":\"ListItem\",\"position\":2,\"name\":\"B\u00f6l\u00fcm Dan\u0131\u015fma Kurulu\"}]},{\"@type\":\"WebSite\",\"@id\":\"http:\/\/ticaret.edu.tr\/elektrik-elektronik-muhendisligi\/#website\",\"url\":\"http:\/\/ticaret.edu.tr\/elektrik-elektronik-muhendisligi\/\",\"name\":\"Elektrik Elektronik M\u00fchendisli\u011fi\",\"description\":\"\",\"potentialAction\":[{\"@type\":\"SearchAction\",\"target\":{\"@type\":\"EntryPoint\",\"urlTemplate\":\"http:\/\/ticaret.edu.tr\/elektrik-elektronik-muhendisligi\/?s={search_term_string}\"},\"query-input\":\"required name=search_term_string\"}],\"inLanguage\":\"tr\"}]}<\/script>\n<!-- \/ Yoast SEO Premium plugin. -->","yoast_head_json":{"title":"B\u00f6l\u00fcm Dan\u0131\u015fma Kurulu - Elektrik Elektronik M\u00fchendisli\u011fi","robots":{"index":"index","follow":"follow","max-snippet":"max-snippet:-1","max-image-preview":"max-image-preview:large","max-video-preview":"max-video-preview:-1"},"canonical":"http:\/\/ticaret.edu.tr\/elektrik-elektronik-muhendisligi\/bolum-danisma-kurulu\/","og_locale":"tr_TR","og_type":"article","og_title":"B\u00f6l\u00fcm Dan\u0131\u015fma Kurulu","og_description":"ELEKTR\u0130K-ELEKTRON\u0130K M\u00dcHEND\u0130SL\u0130\u011e\u0130 B\u00d6L\u00dcM KURULU \u00dcYELER\u0130 B\u00f6l\u00fcm Dan\u0131\u015fma Kurulu \u00dcyeleri B\u00f6l\u00fcm Ba\u015fkan\u0131 B\u00f6l\u00fcm \u00d6\u011fretim \u00dcyeleri B\u00f6l\u00fcm Kalite Elcisi B\u00f6l\u00fcm \u00d6\u011frenci Temsilcisi B\u00f6l\u00fcm Dan\u0131\u015fma Kurulu \u00dcyeleri (Kurum D\u0131\u015f\u0131 \u00dcyeler) S\u0131ra No Ad\u0131-Soyad\u0131 Kurumu G\u00f6revi 1 Murat Erat Ortem Elektronik A.\u015e. Elektrik-Elektronik M\u00fch., Firma Sahibi 2 Halil Atay EMO Temsilcisi Elektrik-Elektronik M\u00fch., Firma Sahibi 3 Erol Demiralay ENTEK. [&hellip;]","og_url":"http:\/\/ticaret.edu.tr\/elektrik-elektronik-muhendisligi\/bolum-danisma-kurulu\/","og_site_name":"Elektrik Elektronik M\u00fchendisli\u011fi","article_publisher":"https:\/\/www.facebook.com\/ticaretedutr","article_modified_time":"2025-12-23T06:49:04+00:00","og_image":[{"width":1250,"height":833,"url":"http:\/\/ticaret.edu.tr\/elektrik-elektronik-muhendisligi\/wp-content\/uploads\/sites\/20\/2021\/11\/web_logo-01.jpg","type":"image\/jpeg"}],"twitter_card":"summary_large_image","twitter_site":"@ticaretedutr","twitter_misc":{"Tahmini okuma s\u00fcresi":"1 dakika"},"schema":{"@context":"https:\/\/schema.org","@graph":[{"@type":"WebPage","@id":"http:\/\/ticaret.edu.tr\/elektrik-elektronik-muhendisligi\/bolum-danisma-kurulu\/","url":"http:\/\/ticaret.edu.tr\/elektrik-elektronik-muhendisligi\/bolum-danisma-kurulu\/","name":"B\u00f6l\u00fcm Dan\u0131\u015fma Kurulu - Elektrik Elektronik M\u00fchendisli\u011fi","isPartOf":{"@id":"http:\/\/ticaret.edu.tr\/elektrik-elektronik-muhendisligi\/#website"},"datePublished":"2025-01-26T10:36:33+00:00","dateModified":"2025-12-23T06:49:04+00:00","breadcrumb":{"@id":"http:\/\/ticaret.edu.tr\/elektrik-elektronik-muhendisligi\/bolum-danisma-kurulu\/#breadcrumb"},"inLanguage":"tr","potentialAction":[{"@type":"ReadAction","target":["http:\/\/ticaret.edu.tr\/elektrik-elektronik-muhendisligi\/bolum-danisma-kurulu\/"]}]},{"@type":"BreadcrumbList","@id":"http:\/\/ticaret.edu.tr\/elektrik-elektronik-muhendisligi\/bolum-danisma-kurulu\/#breadcrumb","itemListElement":[{"@type":"ListItem","position":1,"name":"Ana sayfa","item":"http:\/\/ticaret.edu.tr\/elektrik-elektronik-muhendisligi\/"},{"@type":"ListItem","position":2,"name":"B\u00f6l\u00fcm Dan\u0131\u015fma Kurulu"}]},{"@type":"WebSite","@id":"http:\/\/ticaret.edu.tr\/elektrik-elektronik-muhendisligi\/#website","url":"http:\/\/ticaret.edu.tr\/elektrik-elektronik-muhendisligi\/","name":"Elektrik Elektronik M\u00fchendisli\u011fi","description":"","potentialAction":[{"@type":"SearchAction","target":{"@type":"EntryPoint","urlTemplate":"http:\/\/ticaret.edu.tr\/elektrik-elektronik-muhendisligi\/?s={search_term_string}"},"query-input":"required name=search_term_string"}],"inLanguage":"tr"}]}},"lang":"tr","translations":{"en":1583,"tr":1524},"pll_sync_post":[],"_links":{"self":[{"href":"http:\/\/ticaret.edu.tr\/elektrik-elektronik-muhendisligi\/wp-json\/wp\/v2\/pages\/1524"}],"collection":[{"href":"http:\/\/ticaret.edu.tr\/elektrik-elektronik-muhendisligi\/wp-json\/wp\/v2\/pages"}],"about":[{"href":"http:\/\/ticaret.edu.tr\/elektrik-elektronik-muhendisligi\/wp-json\/wp\/v2\/types\/page"}],"author":[{"embeddable":true,"href":"http:\/\/ticaret.edu.tr\/elektrik-elektronik-muhendisligi\/wp-json\/wp\/v2\/users\/226"}],"replies":[{"embeddable":true,"href":"http:\/\/ticaret.edu.tr\/elektrik-elektronik-muhendisligi\/wp-json\/wp\/v2\/comments?post=1524"}],"version-history":[{"count":7,"href":"http:\/\/ticaret.edu.tr\/elektrik-elektronik-muhendisligi\/wp-json\/wp\/v2\/pages\/1524\/revisions"}],"predecessor-version":[{"id":2132,"href":"http:\/\/ticaret.edu.tr\/elektrik-elektronik-muhendisligi\/wp-json\/wp\/v2\/pages\/1524\/revisions\/2132"}],"wp:attachment":[{"href":"http:\/\/ticaret.edu.tr\/elektrik-elektronik-muhendisligi\/wp-json\/wp\/v2\/media?parent=1524"}],"curies":[{"name":"wp","href":"https:\/\/api.w.org\/{rel}","templated":true}]}}