{"id":636,"date":"2022-11-09T16:55:33","date_gmt":"2022-11-09T13:55:33","guid":{"rendered":"https:\/\/ticaret.edu.tr\/elektrik-elektronik-muhendisligi\/?page_id=636"},"modified":"2025-03-14T00:42:39","modified_gmt":"2025-03-13T21:42:39","slug":"mezunlar","status":"publish","type":"page","link":"http:\/\/ticaret.edu.tr\/elektrik-elektronik-muhendisligi\/mezunlar\/","title":{"rendered":"Mezunlar"},"content":{"rendered":"<table width=\"752\">\n<tbody>\n<tr>\n<td width=\"752\">Elektronik, Haberle\u015fme, \u0130\u015faret \u0130\u015fleme, G\u00fc\u00e7 ve Enerji, Elektromanyetik Alanlar ve Dalgalar, Kontrol ve Otomasyon gibi disiplinler mezunlar\u0131m\u0131z\u0131n i\u015f alanlar\u0131d\u0131r. B\u00f6l\u00fcm\u00fcm\u00fczden mezun olan m\u00fchendislerimiz hem elektrik hem de elektronik m\u00fchendislerinin yetkilerine sahiptir.<\/p>\n<p>Mezunlar\u0131m\u0131z T\u00fcbitak, Aselsan, Neta\u015f, Alcatel, Ar\u00e7elik, Vestel, Siemens, IBM, Tofa\u015f, Ford, Mercedes-Benz, Turkcell, Turk Telekom, Vodafone, Avea, Ericsson, Turk Havac\u0131l\u0131k ve Uzay Sanayi (TAI), Roketsan, THY, TRT gibi sayg\u0131n kurulu\u015flarda \u00e7al\u0131\u015fmaktad\u0131r. \u0130steyen mezunlar\u0131m\u0131z s\u00fcrd\u00fcrmekte oldu\u011fumuz lisans\u00fcst\u00fc \u00f6\u011frenimine devam ederek mesleklerinde daha derin bilgi birikimine sahip olabilirler.<\/p>\n<p><a href=\"https:\/\/ticaret.edu.tr\/elektrik-elektronik-muhendisligi\/mezunlar\/eem-mezun-listesi\/\" rel=\"attachment wp-att-1856\">Elektrik-Elektronik M\u00fchendisli\u011fi Mezunlar\u0131<\/a><\/td>\n<\/tr>\n<\/tbody>\n<\/table>\n","protected":false},"excerpt":{"rendered":"<p>Elektronik, Haberle\u015fme, \u0130\u015faret \u0130\u015fleme, G\u00fc\u00e7 ve Enerji, Elektromanyetik Alanlar ve Dalgalar, Kontrol ve Otomasyon gibi disiplinler mezunlar\u0131m\u0131z\u0131n i\u015f alanlar\u0131d\u0131r. B\u00f6l\u00fcm\u00fcm\u00fczden mezun olan m\u00fchendislerimiz hem elektrik hem de elektronik m\u00fchendislerinin yetkilerine sahiptir. Mezunlar\u0131m\u0131z T\u00fcbitak, Aselsan, Neta\u015f, Alcatel, Ar\u00e7elik, Vestel, Siemens, IBM, Tofa\u015f, Ford, Mercedes-Benz, Turkcell, Turk Telekom, Vodafone, Avea, Ericsson, Turk Havac\u0131l\u0131k ve Uzay Sanayi (TAI), [&hellip;]<\/p>\n","protected":false},"author":203,"featured_media":0,"parent":0,"menu_order":0,"comment_status":"closed","ping_status":"closed","template":"genel_sayfa.php","meta":{"footnotes":""},"yoast_head":"<!-- This site is optimized with the Yoast SEO Premium plugin v22.1 (Yoast SEO v22.1) - https:\/\/yoast.com\/wordpress\/plugins\/seo\/ -->\n<title>Mezunlar - Elektrik Elektronik M\u00fchendisli\u011fi<\/title>\n<meta name=\"robots\" content=\"index, follow, max-snippet:-1, max-image-preview:large, max-video-preview:-1\" \/>\n<link rel=\"canonical\" href=\"http:\/\/ticaret.edu.tr\/elektrik-elektronik-muhendisligi\/mezunlar\/\" \/>\n<meta property=\"og:locale\" content=\"tr_TR\" \/>\n<meta property=\"og:type\" content=\"article\" \/>\n<meta property=\"og:title\" content=\"Mezunlar\" \/>\n<meta property=\"og:description\" content=\"Elektronik, Haberle\u015fme, \u0130\u015faret \u0130\u015fleme, G\u00fc\u00e7 ve Enerji, Elektromanyetik Alanlar ve Dalgalar, Kontrol ve Otomasyon gibi disiplinler mezunlar\u0131m\u0131z\u0131n i\u015f alanlar\u0131d\u0131r. B\u00f6l\u00fcm\u00fcm\u00fczden mezun olan m\u00fchendislerimiz hem elektrik hem de elektronik m\u00fchendislerinin yetkilerine sahiptir. Mezunlar\u0131m\u0131z T\u00fcbitak, Aselsan, Neta\u015f, Alcatel, Ar\u00e7elik, Vestel, Siemens, IBM, Tofa\u015f, Ford, Mercedes-Benz, Turkcell, Turk Telekom, Vodafone, Avea, Ericsson, Turk Havac\u0131l\u0131k ve Uzay Sanayi (TAI), [&hellip;]\" \/>\n<meta property=\"og:url\" content=\"http:\/\/ticaret.edu.tr\/elektrik-elektronik-muhendisligi\/mezunlar\/\" \/>\n<meta property=\"og:site_name\" content=\"Elektrik Elektronik M\u00fchendisli\u011fi\" \/>\n<meta property=\"article:publisher\" content=\"https:\/\/www.facebook.com\/ticaretedutr\" \/>\n<meta property=\"article:modified_time\" content=\"2025-03-13T21:42:39+00:00\" \/>\n<meta property=\"og:image\" content=\"http:\/\/ticaret.edu.tr\/elektrik-elektronik-muhendisligi\/wp-content\/uploads\/sites\/20\/2021\/11\/web_logo-01.jpg\" \/>\n\t<meta property=\"og:image:width\" content=\"1250\" \/>\n\t<meta property=\"og:image:height\" content=\"833\" \/>\n\t<meta property=\"og:image:type\" content=\"image\/jpeg\" \/>\n<meta name=\"twitter:card\" content=\"summary_large_image\" \/>\n<meta name=\"twitter:site\" content=\"@ticaretedutr\" \/>\n<meta name=\"twitter:label1\" content=\"Tahmini okuma s\u00fcresi\" \/>\n\t<meta name=\"twitter:data1\" content=\"1 dakika\" \/>\n<script type=\"application\/ld+json\" class=\"yoast-schema-graph\">{\"@context\":\"https:\/\/schema.org\",\"@graph\":[{\"@type\":\"WebPage\",\"@id\":\"http:\/\/ticaret.edu.tr\/elektrik-elektronik-muhendisligi\/mezunlar\/\",\"url\":\"http:\/\/ticaret.edu.tr\/elektrik-elektronik-muhendisligi\/mezunlar\/\",\"name\":\"Mezunlar - Elektrik Elektronik M\u00fchendisli\u011fi\",\"isPartOf\":{\"@id\":\"https:\/\/ticaret.edu.tr\/elektrik-elektronik-muhendisligi\/en\/#website\"},\"datePublished\":\"2022-11-09T13:55:33+00:00\",\"dateModified\":\"2025-03-13T21:42:39+00:00\",\"breadcrumb\":{\"@id\":\"http:\/\/ticaret.edu.tr\/elektrik-elektronik-muhendisligi\/mezunlar\/#breadcrumb\"},\"inLanguage\":\"tr\",\"potentialAction\":[{\"@type\":\"ReadAction\",\"target\":[\"http:\/\/ticaret.edu.tr\/elektrik-elektronik-muhendisligi\/mezunlar\/\"]}]},{\"@type\":\"BreadcrumbList\",\"@id\":\"http:\/\/ticaret.edu.tr\/elektrik-elektronik-muhendisligi\/mezunlar\/#breadcrumb\",\"itemListElement\":[{\"@type\":\"ListItem\",\"position\":1,\"name\":\"Ana sayfa\",\"item\":\"http:\/\/ticaret.edu.tr\/elektrik-elektronik-muhendisligi\/\"},{\"@type\":\"ListItem\",\"position\":2,\"name\":\"Mezunlar\"}]},{\"@type\":\"WebSite\",\"@id\":\"https:\/\/ticaret.edu.tr\/elektrik-elektronik-muhendisligi\/en\/#website\",\"url\":\"https:\/\/ticaret.edu.tr\/elektrik-elektronik-muhendisligi\/en\/\",\"name\":\"Elektrik Elektronik M\u00fchendisli\u011fi\",\"description\":\"\",\"potentialAction\":[{\"@type\":\"SearchAction\",\"target\":{\"@type\":\"EntryPoint\",\"urlTemplate\":\"https:\/\/ticaret.edu.tr\/elektrik-elektronik-muhendisligi\/en\/?s={search_term_string}\"},\"query-input\":\"required name=search_term_string\"}],\"inLanguage\":\"tr\"}]}<\/script>\n<!-- \/ Yoast SEO Premium plugin. -->","yoast_head_json":{"title":"Mezunlar - Elektrik Elektronik M\u00fchendisli\u011fi","robots":{"index":"index","follow":"follow","max-snippet":"max-snippet:-1","max-image-preview":"max-image-preview:large","max-video-preview":"max-video-preview:-1"},"canonical":"http:\/\/ticaret.edu.tr\/elektrik-elektronik-muhendisligi\/mezunlar\/","og_locale":"tr_TR","og_type":"article","og_title":"Mezunlar","og_description":"Elektronik, Haberle\u015fme, \u0130\u015faret \u0130\u015fleme, G\u00fc\u00e7 ve Enerji, Elektromanyetik Alanlar ve Dalgalar, Kontrol ve Otomasyon gibi disiplinler mezunlar\u0131m\u0131z\u0131n i\u015f alanlar\u0131d\u0131r. B\u00f6l\u00fcm\u00fcm\u00fczden mezun olan m\u00fchendislerimiz hem elektrik hem de elektronik m\u00fchendislerinin yetkilerine sahiptir. Mezunlar\u0131m\u0131z T\u00fcbitak, Aselsan, Neta\u015f, Alcatel, Ar\u00e7elik, Vestel, Siemens, IBM, Tofa\u015f, Ford, Mercedes-Benz, Turkcell, Turk Telekom, Vodafone, Avea, Ericsson, Turk Havac\u0131l\u0131k ve Uzay Sanayi (TAI), [&hellip;]","og_url":"http:\/\/ticaret.edu.tr\/elektrik-elektronik-muhendisligi\/mezunlar\/","og_site_name":"Elektrik Elektronik M\u00fchendisli\u011fi","article_publisher":"https:\/\/www.facebook.com\/ticaretedutr","article_modified_time":"2025-03-13T21:42:39+00:00","og_image":[{"width":1250,"height":833,"url":"http:\/\/ticaret.edu.tr\/elektrik-elektronik-muhendisligi\/wp-content\/uploads\/sites\/20\/2021\/11\/web_logo-01.jpg","type":"image\/jpeg"}],"twitter_card":"summary_large_image","twitter_site":"@ticaretedutr","twitter_misc":{"Tahmini okuma s\u00fcresi":"1 dakika"},"schema":{"@context":"https:\/\/schema.org","@graph":[{"@type":"WebPage","@id":"http:\/\/ticaret.edu.tr\/elektrik-elektronik-muhendisligi\/mezunlar\/","url":"http:\/\/ticaret.edu.tr\/elektrik-elektronik-muhendisligi\/mezunlar\/","name":"Mezunlar - Elektrik Elektronik M\u00fchendisli\u011fi","isPartOf":{"@id":"https:\/\/ticaret.edu.tr\/elektrik-elektronik-muhendisligi\/en\/#website"},"datePublished":"2022-11-09T13:55:33+00:00","dateModified":"2025-03-13T21:42:39+00:00","breadcrumb":{"@id":"http:\/\/ticaret.edu.tr\/elektrik-elektronik-muhendisligi\/mezunlar\/#breadcrumb"},"inLanguage":"tr","potentialAction":[{"@type":"ReadAction","target":["http:\/\/ticaret.edu.tr\/elektrik-elektronik-muhendisligi\/mezunlar\/"]}]},{"@type":"BreadcrumbList","@id":"http:\/\/ticaret.edu.tr\/elektrik-elektronik-muhendisligi\/mezunlar\/#breadcrumb","itemListElement":[{"@type":"ListItem","position":1,"name":"Ana sayfa","item":"http:\/\/ticaret.edu.tr\/elektrik-elektronik-muhendisligi\/"},{"@type":"ListItem","position":2,"name":"Mezunlar"}]},{"@type":"WebSite","@id":"https:\/\/ticaret.edu.tr\/elektrik-elektronik-muhendisligi\/en\/#website","url":"https:\/\/ticaret.edu.tr\/elektrik-elektronik-muhendisligi\/en\/","name":"Elektrik Elektronik M\u00fchendisli\u011fi","description":"","potentialAction":[{"@type":"SearchAction","target":{"@type":"EntryPoint","urlTemplate":"https:\/\/ticaret.edu.tr\/elektrik-elektronik-muhendisligi\/en\/?s={search_term_string}"},"query-input":"required name=search_term_string"}],"inLanguage":"tr"}]}},"lang":"tr","translations":{"en":1230,"tr":636},"pll_sync_post":[],"_links":{"self":[{"href":"http:\/\/ticaret.edu.tr\/elektrik-elektronik-muhendisligi\/wp-json\/wp\/v2\/pages\/636"}],"collection":[{"href":"http:\/\/ticaret.edu.tr\/elektrik-elektronik-muhendisligi\/wp-json\/wp\/v2\/pages"}],"about":[{"href":"http:\/\/ticaret.edu.tr\/elektrik-elektronik-muhendisligi\/wp-json\/wp\/v2\/types\/page"}],"author":[{"embeddable":true,"href":"http:\/\/ticaret.edu.tr\/elektrik-elektronik-muhendisligi\/wp-json\/wp\/v2\/users\/203"}],"replies":[{"embeddable":true,"href":"http:\/\/ticaret.edu.tr\/elektrik-elektronik-muhendisligi\/wp-json\/wp\/v2\/comments?post=636"}],"version-history":[{"count":7,"href":"http:\/\/ticaret.edu.tr\/elektrik-elektronik-muhendisligi\/wp-json\/wp\/v2\/pages\/636\/revisions"}],"predecessor-version":[{"id":1857,"href":"http:\/\/ticaret.edu.tr\/elektrik-elektronik-muhendisligi\/wp-json\/wp\/v2\/pages\/636\/revisions\/1857"}],"wp:attachment":[{"href":"http:\/\/ticaret.edu.tr\/elektrik-elektronik-muhendisligi\/wp-json\/wp\/v2\/media?parent=636"}],"curies":[{"name":"wp","href":"https:\/\/api.w.org\/{rel}","templated":true}]}}