{"id":660,"date":"2022-11-09T16:49:19","date_gmt":"2022-11-09T13:49:19","guid":{"rendered":"https:\/\/ticaret.edu.tr\/elektrik-elektronik-muhendisligi\/?page_id=660"},"modified":"2025-02-12T09:41:12","modified_gmt":"2025-02-12T06:41:12","slug":"arastirma-alanlari","status":"publish","type":"page","link":"http:\/\/ticaret.edu.tr\/elektrik-elektronik-muhendisligi\/arastirma-alanlari\/","title":{"rendered":"Ara\u015ft\u0131rma Alanlar\u0131"},"content":{"rendered":"<table>\n<tbody>\n<tr>\n<td rowspan=\"3\" width=\"auto\">\n<ul>\n<li><strong>Sinyal \u0130\u015fleme<\/strong><\/li>\n<li style=\"list-style-type: none;\">\n<ul>\n<li>Resim ve video i\u015fleme<\/li>\n<li>3B hareket\/\u015fekil tan\u0131ma ve takip<\/li>\n<li>3B insan y\u00fcz\u00fc modelleme<\/li>\n<li>Oyun ve mant\u0131k motoru geli\u015ftirme<\/li>\n<li>Video i\u015fleme (s\u0131k\u0131\u015ft\u0131rma, onarma ve nesne takip)<\/li>\n<li>Resim stabilizasyonu, restorasyonu ve rekonstr\u00fcks\u00fcyonu<\/li>\n<li>Geni\u015fletilmi\u015f ger\u00e7eklik<\/li>\n<li>Ses i\u015fleme<\/li>\n<li>Metin-ses d\u00f6n\u00fc\u015f\u00fcm\u00fc<\/li>\n<li>G\u00fcr\u00fclt\u00fcye dayan\u0131kl\u0131 otomatik ses tan\u0131ma<\/li>\n<li>G\u00f6m\u00fcl\u00fc yaz\u0131-ses d\u00f6n\u00fc\u015f\u00fcm\u00fc ve ses tan\u0131ma<\/li>\n<li>Konu\u015fan\u0131 tan\u0131ma, do\u011frulama<\/li>\n<li>G\u00fcr\u00fclt\u00fcye dayan\u0131kl\u0131 \u00e7ok sens\u00f6rl\u00fc ses kodlama<\/li>\n<li>\u0130\u015fitme cihazlar\u0131 i\u00e7in sinyal i\u015fleme<\/li>\n<li>Kablosuz\/Optik Haberle\u015fme ve A\u011f Sistemleri<\/li>\n<\/ul>\n<\/li>\n<li><strong>Kablosuz haberle\u015fme:<\/strong>\n<ul>\n<li>\u00c7ok giri\u015f \u00e7ok \u00e7\u0131k\u0131\u015fl\u0131 (MIMO) haberle\u015fme<\/li>\n<li>OFDM ve \u00e7ok ta\u015f\u0131y\u0131c\u0131l\u0131 haberle\u015fme<\/li>\n<li>\u0130\u015fbirlikli (r\u00f6le destekli) haberle\u015fme<\/li>\n<li>Adaptif iletim<\/li>\n<li>Kanal kodlama, kestirimi ve denkle\u015ftirme<\/li>\n<li>\u00c7e\u015fitlilik teknikleri<\/li>\n<li>Giri\u015fim engelleme ve y\u00f6netim<\/li>\n<li>Multimedya haberle\u015fme<\/li>\n<li>5G ve sonras\u0131 i\u00e7in kablosuz haberle\u015fme teknolojileri<\/li>\n<li>THz kablosuz haberle\u015fme<\/li>\n<li>Manyetik end\u00fcksiyon ile kablosuz haberle\u015fme<\/li>\n<li>Optik haberle\u015fme<\/li>\n<li>Optik haberle\u015fme sistemleri<\/li>\n<li>G\u00f6r\u00fcn\u00fcr ve UV \u0131\u015f\u0131k ile haberle\u015fme<\/li>\n<li>Su alt\u0131nda optik haberle\u015fme<\/li>\n<li>Optik kanal modelleme<\/li>\n<li>A\u011f sistemleri<\/li>\n<li>Bili\u015fsel telsiz<\/li>\n<li>Yaz\u0131l\u0131m tabanl\u0131 a\u011flar (SDN)<\/li>\n<li>Enerji veren ve etraftaki enerjiyi toplayan a\u011flar<\/li>\n<li>5G ve sonras\u0131 i\u00e7in geli\u015fmi\u015f a\u011f teknolojileri<\/li>\n<li>Kablosuz a\u011flar i\u00e7in a\u011f fonksiyonlar\u0131n\u0131 sanalla\u015ft\u0131rma (NFV)<\/li>\n<li>Adaptif iletim<\/li>\n<\/ul>\n<\/li>\n<li><strong>Elektronik:<\/strong>\n<ul>\n<li>Ger\u00e7ek-zamanl\u0131 ve g\u00f6m\u00fcl\u00fc sistemler<\/li>\n<li>Say\u0131sal \u00e7ip\/FPGA tasar\u0131m ve otomasyonu<\/li>\n<li>Bilgisayar aritmeti\u011fi<\/li>\n<li>Haberle\u015fme sistemleri tasar\u0131m\u0131<\/li>\n<li>End\u00fcstriyel elektronik ve otomasyon<\/li>\n<li>Otomotiv elektroni\u011fi<\/li>\n<li>Mikroelektromekanik sistemler (MEMS)<\/li>\n<li>Nanoelektromekanik sistemler (NEMS)<\/li>\n<li>Piezoelektrik eyleyiciler<\/li>\n<li>Ultrason ve ultrason g\u00f6r\u00fcnt\u00fcleme<\/li>\n<li>Mikros\u0131v\u0131sal sistemler<\/li>\n<li>Kuantum bilgisayarlar\u0131<\/li>\n<li>Ak\u0131ll\u0131 sens\u00f6rler ve IoT<\/li>\n<li>Giyilebilir ve ak\u0131ll\u0131 sens\u00f6rler<\/li>\n<li>Enerji hasatlayan sistemler<\/li>\n<li>Fotonik ve Mikrodalga Sistemler<\/li>\n<\/ul>\n<\/li>\n<li><strong>Analog\/RF entegre devreler<\/strong>\n<ul>\n<li>Biomedikal sens\u00f6rler<\/li>\n<li>Haberle\u015fme<\/li>\n<li>Analog-say\u0131sal aray\u00fczleri ve d\u00f6n\u00fc\u015ft\u00fcr\u00fcc\u00fcler<\/li>\n<li>Uzaktan alg\u0131lama sistemleri<\/li>\n<li>Radar ve radyometreler<\/li>\n<li>Entegre devreler<\/li>\n<li>Antenler<\/li>\n<li>Di\u011fer pasif mikrodalga ekipmanlar<\/li>\n<li>Elektromanyetizma ve Dalga yay\u0131l\u0131m\u0131<\/li>\n<li>Say\u0131sal elektromanyetik<\/li>\n<li>Uzayda ve atmasforde dalga yay\u0131l\u0131m\u0131Optoelektronik<\/li>\n<li>Optik<\/li>\n<li>Bio- ve nano-fotonik<\/li>\n<li>Nano-malzemeler<\/li>\n<\/ul>\n<\/li>\n<\/ul>\n<\/td>\n<\/tr>\n<\/tbody>\n<\/table>\n","protected":false},"excerpt":{"rendered":"<p>Sinyal \u0130\u015fleme Resim ve video i\u015fleme 3B hareket\/\u015fekil tan\u0131ma ve takip 3B insan y\u00fcz\u00fc modelleme Oyun ve mant\u0131k motoru geli\u015ftirme Video i\u015fleme (s\u0131k\u0131\u015ft\u0131rma, onarma ve nesne takip) Resim stabilizasyonu, restorasyonu ve rekonstr\u00fcks\u00fcyonu Geni\u015fletilmi\u015f ger\u00e7eklik Ses i\u015fleme Metin-ses d\u00f6n\u00fc\u015f\u00fcm\u00fc G\u00fcr\u00fclt\u00fcye dayan\u0131kl\u0131 otomatik ses tan\u0131ma G\u00f6m\u00fcl\u00fc yaz\u0131-ses d\u00f6n\u00fc\u015f\u00fcm\u00fc ve ses tan\u0131ma Konu\u015fan\u0131 tan\u0131ma, do\u011frulama G\u00fcr\u00fclt\u00fcye dayan\u0131kl\u0131 \u00e7ok [&hellip;]<\/p>\n","protected":false},"author":203,"featured_media":0,"parent":0,"menu_order":0,"comment_status":"closed","ping_status":"closed","template":"genel_sayfa.php","meta":{"footnotes":""},"yoast_head":"<!-- This site is optimized with the Yoast SEO Premium plugin v22.1 (Yoast SEO v22.1) - https:\/\/yoast.com\/wordpress\/plugins\/seo\/ -->\n<title>Ara\u015ft\u0131rma Alanlar\u0131 - Elektrik Elektronik M\u00fchendisli\u011fi<\/title>\n<meta name=\"robots\" content=\"index, follow, max-snippet:-1, max-image-preview:large, max-video-preview:-1\" \/>\n<link rel=\"canonical\" href=\"http:\/\/ticaret.edu.tr\/elektrik-elektronik-muhendisligi\/arastirma-alanlari\/\" \/>\n<meta property=\"og:locale\" content=\"tr_TR\" \/>\n<meta property=\"og:type\" content=\"article\" \/>\n<meta property=\"og:title\" content=\"Ara\u015ft\u0131rma Alanlar\u0131\" \/>\n<meta property=\"og:description\" content=\"Sinyal \u0130\u015fleme Resim ve video i\u015fleme 3B hareket\/\u015fekil tan\u0131ma ve takip 3B insan y\u00fcz\u00fc modelleme Oyun ve mant\u0131k motoru geli\u015ftirme Video i\u015fleme (s\u0131k\u0131\u015ft\u0131rma, onarma ve nesne takip) Resim stabilizasyonu, restorasyonu ve rekonstr\u00fcks\u00fcyonu Geni\u015fletilmi\u015f ger\u00e7eklik Ses i\u015fleme Metin-ses d\u00f6n\u00fc\u015f\u00fcm\u00fc G\u00fcr\u00fclt\u00fcye dayan\u0131kl\u0131 otomatik ses tan\u0131ma G\u00f6m\u00fcl\u00fc yaz\u0131-ses d\u00f6n\u00fc\u015f\u00fcm\u00fc ve ses tan\u0131ma Konu\u015fan\u0131 tan\u0131ma, do\u011frulama G\u00fcr\u00fclt\u00fcye dayan\u0131kl\u0131 \u00e7ok [&hellip;]\" \/>\n<meta property=\"og:url\" content=\"http:\/\/ticaret.edu.tr\/elektrik-elektronik-muhendisligi\/arastirma-alanlari\/\" \/>\n<meta property=\"og:site_name\" content=\"Elektrik Elektronik M\u00fchendisli\u011fi\" \/>\n<meta property=\"article:publisher\" content=\"https:\/\/www.facebook.com\/ticaretedutr\" \/>\n<meta property=\"article:modified_time\" content=\"2025-02-12T06:41:12+00:00\" \/>\n<meta property=\"og:image\" content=\"http:\/\/ticaret.edu.tr\/elektrik-elektronik-muhendisligi\/wp-content\/uploads\/sites\/20\/2021\/11\/web_logo-01.jpg\" \/>\n\t<meta property=\"og:image:width\" content=\"1250\" \/>\n\t<meta property=\"og:image:height\" content=\"833\" \/>\n\t<meta property=\"og:image:type\" content=\"image\/jpeg\" \/>\n<meta name=\"twitter:card\" content=\"summary_large_image\" \/>\n<meta name=\"twitter:site\" content=\"@ticaretedutr\" \/>\n<meta name=\"twitter:label1\" content=\"Tahmini okuma s\u00fcresi\" \/>\n\t<meta name=\"twitter:data1\" content=\"2 dakika\" \/>\n<script type=\"application\/ld+json\" class=\"yoast-schema-graph\">{\"@context\":\"https:\/\/schema.org\",\"@graph\":[{\"@type\":\"WebPage\",\"@id\":\"http:\/\/ticaret.edu.tr\/elektrik-elektronik-muhendisligi\/arastirma-alanlari\/\",\"url\":\"http:\/\/ticaret.edu.tr\/elektrik-elektronik-muhendisligi\/arastirma-alanlari\/\",\"name\":\"Ara\u015ft\u0131rma Alanlar\u0131 - Elektrik Elektronik M\u00fchendisli\u011fi\",\"isPartOf\":{\"@id\":\"http:\/\/ticaret.edu.tr\/elektrik-elektronik-muhendisligi\/#website\"},\"datePublished\":\"2022-11-09T13:49:19+00:00\",\"dateModified\":\"2025-02-12T06:41:12+00:00\",\"breadcrumb\":{\"@id\":\"http:\/\/ticaret.edu.tr\/elektrik-elektronik-muhendisligi\/arastirma-alanlari\/#breadcrumb\"},\"inLanguage\":\"tr\",\"potentialAction\":[{\"@type\":\"ReadAction\",\"target\":[\"http:\/\/ticaret.edu.tr\/elektrik-elektronik-muhendisligi\/arastirma-alanlari\/\"]}]},{\"@type\":\"BreadcrumbList\",\"@id\":\"http:\/\/ticaret.edu.tr\/elektrik-elektronik-muhendisligi\/arastirma-alanlari\/#breadcrumb\",\"itemListElement\":[{\"@type\":\"ListItem\",\"position\":1,\"name\":\"Ana sayfa\",\"item\":\"http:\/\/ticaret.edu.tr\/elektrik-elektronik-muhendisligi\/\"},{\"@type\":\"ListItem\",\"position\":2,\"name\":\"Ara\u015ft\u0131rma Alanlar\u0131\"}]},{\"@type\":\"WebSite\",\"@id\":\"http:\/\/ticaret.edu.tr\/elektrik-elektronik-muhendisligi\/#website\",\"url\":\"http:\/\/ticaret.edu.tr\/elektrik-elektronik-muhendisligi\/\",\"name\":\"Elektrik Elektronik M\u00fchendisli\u011fi\",\"description\":\"\",\"potentialAction\":[{\"@type\":\"SearchAction\",\"target\":{\"@type\":\"EntryPoint\",\"urlTemplate\":\"http:\/\/ticaret.edu.tr\/elektrik-elektronik-muhendisligi\/?s={search_term_string}\"},\"query-input\":\"required name=search_term_string\"}],\"inLanguage\":\"tr\"}]}<\/script>\n<!-- \/ Yoast SEO Premium plugin. -->","yoast_head_json":{"title":"Ara\u015ft\u0131rma Alanlar\u0131 - Elektrik Elektronik M\u00fchendisli\u011fi","robots":{"index":"index","follow":"follow","max-snippet":"max-snippet:-1","max-image-preview":"max-image-preview:large","max-video-preview":"max-video-preview:-1"},"canonical":"http:\/\/ticaret.edu.tr\/elektrik-elektronik-muhendisligi\/arastirma-alanlari\/","og_locale":"tr_TR","og_type":"article","og_title":"Ara\u015ft\u0131rma Alanlar\u0131","og_description":"Sinyal \u0130\u015fleme Resim ve video i\u015fleme 3B hareket\/\u015fekil tan\u0131ma ve takip 3B insan y\u00fcz\u00fc modelleme Oyun ve mant\u0131k motoru geli\u015ftirme Video i\u015fleme (s\u0131k\u0131\u015ft\u0131rma, onarma ve nesne takip) Resim stabilizasyonu, restorasyonu ve rekonstr\u00fcks\u00fcyonu Geni\u015fletilmi\u015f ger\u00e7eklik Ses i\u015fleme Metin-ses d\u00f6n\u00fc\u015f\u00fcm\u00fc G\u00fcr\u00fclt\u00fcye dayan\u0131kl\u0131 otomatik ses tan\u0131ma G\u00f6m\u00fcl\u00fc yaz\u0131-ses d\u00f6n\u00fc\u015f\u00fcm\u00fc ve ses tan\u0131ma Konu\u015fan\u0131 tan\u0131ma, do\u011frulama G\u00fcr\u00fclt\u00fcye dayan\u0131kl\u0131 \u00e7ok [&hellip;]","og_url":"http:\/\/ticaret.edu.tr\/elektrik-elektronik-muhendisligi\/arastirma-alanlari\/","og_site_name":"Elektrik Elektronik M\u00fchendisli\u011fi","article_publisher":"https:\/\/www.facebook.com\/ticaretedutr","article_modified_time":"2025-02-12T06:41:12+00:00","og_image":[{"width":1250,"height":833,"url":"http:\/\/ticaret.edu.tr\/elektrik-elektronik-muhendisligi\/wp-content\/uploads\/sites\/20\/2021\/11\/web_logo-01.jpg","type":"image\/jpeg"}],"twitter_card":"summary_large_image","twitter_site":"@ticaretedutr","twitter_misc":{"Tahmini okuma s\u00fcresi":"2 dakika"},"schema":{"@context":"https:\/\/schema.org","@graph":[{"@type":"WebPage","@id":"http:\/\/ticaret.edu.tr\/elektrik-elektronik-muhendisligi\/arastirma-alanlari\/","url":"http:\/\/ticaret.edu.tr\/elektrik-elektronik-muhendisligi\/arastirma-alanlari\/","name":"Ara\u015ft\u0131rma Alanlar\u0131 - Elektrik Elektronik M\u00fchendisli\u011fi","isPartOf":{"@id":"http:\/\/ticaret.edu.tr\/elektrik-elektronik-muhendisligi\/#website"},"datePublished":"2022-11-09T13:49:19+00:00","dateModified":"2025-02-12T06:41:12+00:00","breadcrumb":{"@id":"http:\/\/ticaret.edu.tr\/elektrik-elektronik-muhendisligi\/arastirma-alanlari\/#breadcrumb"},"inLanguage":"tr","potentialAction":[{"@type":"ReadAction","target":["http:\/\/ticaret.edu.tr\/elektrik-elektronik-muhendisligi\/arastirma-alanlari\/"]}]},{"@type":"BreadcrumbList","@id":"http:\/\/ticaret.edu.tr\/elektrik-elektronik-muhendisligi\/arastirma-alanlari\/#breadcrumb","itemListElement":[{"@type":"ListItem","position":1,"name":"Ana sayfa","item":"http:\/\/ticaret.edu.tr\/elektrik-elektronik-muhendisligi\/"},{"@type":"ListItem","position":2,"name":"Ara\u015ft\u0131rma Alanlar\u0131"}]},{"@type":"WebSite","@id":"http:\/\/ticaret.edu.tr\/elektrik-elektronik-muhendisligi\/#website","url":"http:\/\/ticaret.edu.tr\/elektrik-elektronik-muhendisligi\/","name":"Elektrik Elektronik M\u00fchendisli\u011fi","description":"","potentialAction":[{"@type":"SearchAction","target":{"@type":"EntryPoint","urlTemplate":"http:\/\/ticaret.edu.tr\/elektrik-elektronik-muhendisligi\/?s={search_term_string}"},"query-input":"required name=search_term_string"}],"inLanguage":"tr"}]}},"lang":"tr","translations":{"en":1295,"tr":660},"pll_sync_post":[],"_links":{"self":[{"href":"http:\/\/ticaret.edu.tr\/elektrik-elektronik-muhendisligi\/wp-json\/wp\/v2\/pages\/660"}],"collection":[{"href":"http:\/\/ticaret.edu.tr\/elektrik-elektronik-muhendisligi\/wp-json\/wp\/v2\/pages"}],"about":[{"href":"http:\/\/ticaret.edu.tr\/elektrik-elektronik-muhendisligi\/wp-json\/wp\/v2\/types\/page"}],"author":[{"embeddable":true,"href":"http:\/\/ticaret.edu.tr\/elektrik-elektronik-muhendisligi\/wp-json\/wp\/v2\/users\/203"}],"replies":[{"embeddable":true,"href":"http:\/\/ticaret.edu.tr\/elektrik-elektronik-muhendisligi\/wp-json\/wp\/v2\/comments?post=660"}],"version-history":[{"count":7,"href":"http:\/\/ticaret.edu.tr\/elektrik-elektronik-muhendisligi\/wp-json\/wp\/v2\/pages\/660\/revisions"}],"predecessor-version":[{"id":1729,"href":"http:\/\/ticaret.edu.tr\/elektrik-elektronik-muhendisligi\/wp-json\/wp\/v2\/pages\/660\/revisions\/1729"}],"wp:attachment":[{"href":"http:\/\/ticaret.edu.tr\/elektrik-elektronik-muhendisligi\/wp-json\/wp\/v2\/media?parent=660"}],"curies":[{"name":"wp","href":"https:\/\/api.w.org\/{rel}","templated":true}]}}