{"id":437,"date":"2022-01-04T14:15:40","date_gmt":"2022-01-04T11:15:40","guid":{"rendered":"https:\/\/ticaret.edu.tr\/endustri-muhendisligi\/?page_id=437"},"modified":"2026-02-10T16:47:12","modified_gmt":"2026-02-10T13:47:12","slug":"curriculum","status":"publish","type":"page","link":"http:\/\/ticaret.edu.tr\/endustri-muhendisligi\/en\/curriculum\/","title":{"rendered":"CURRICULUM"},"content":{"rendered":"<h3><a href=\"https:\/\/ticaret.edu.tr\/endustri-muhendisligi\/en\/home-page\/\">Industrial Engineering<\/a> Undergraduate Program Curriculum Lists Applied by Years<\/h3>\n<p><span style=\"color: #0000ff\"><a style=\"color: #0000ff\" href=\"http:\/\/ticaret.edu.tr\/endustri-muhendisligi\/wp-content\/uploads\/sites\/21\/2026\/02\/ENM-2025-26-Guz-MFR-Haziran-2025-Guncelleme-v1.pdf\">2025-2026 Curriculum of Department of Industrial Engineering\u00a0<\/a><\/span><\/p>\n<p><a href=\"http:\/\/ticaret.edu.tr\/endustri-muhendisligi\/wp-content\/uploads\/sites\/21\/2026\/02\/2024-2025-Endustri-Muhendisligi-Bolum-Mufredati.pdf\">2024-2025 Curriculum of Department of Industrial Engineering\u00a0<\/a><\/p>\n<p><a href=\"http:\/\/ticaret.edu.tr\/endustri\/wp-content\/uploads\/sites\/21\/2021\/09\/ENM-2021-2022-Mufredat.pdf\" target=\"_blank\" rel=\"noopener\">2021-2022 <\/a><a href=\"http:\/\/ticaret.edu.tr\/endustri\/wp-content\/uploads\/sites\/21\/2020\/05\/End%C3%BCstri-M%C3%BChendisli%C4%9Fi-M%C3%BCfredat.pdf\" target=\"_blank\" rel=\"noopener noreferrer\">Curriculum of Department of Industrial Engineering\u00a0<\/a><\/p>\n<p><a href=\"http:\/\/ticaret.edu.tr\/endustri\/wp-content\/uploads\/sites\/21\/2021\/04\/End%C3%BCstri-M%C3%BChendisli%C4%9Fi-B%C3%B6l%C3%BCm%C3%BC-2020-2021-M%C3%BCfredat-Program%C4%B1.pdf\" target=\"_blank\" rel=\"noopener noreferrer\">2020-2021 <\/a><a href=\"http:\/\/ticaret.edu.tr\/endustri\/wp-content\/uploads\/sites\/21\/2020\/05\/End%C3%BCstri-M%C3%BChendisli%C4%9Fi-M%C3%BCfredat.pdf\" target=\"_blank\" rel=\"noopener noreferrer\">Curriculum of Department of Industrial Engineering\u00a0<\/a><\/p>\n<p><a href=\"http:\/\/ticaret.edu.tr\/endustri\/wp-content\/uploads\/sites\/21\/2020\/05\/End%C3%BCstri-M%C3%BChendisli%C4%9Fi-M%C3%BCfredat.pdf\" target=\"_blank\" rel=\"noopener noreferrer\">2019-2020 Curriculum of Department of Industrial Engineering\u00a0<\/a><\/p>\n","protected":false},"excerpt":{"rendered":"<p>Industrial Engineering Undergraduate Program Curriculum Lists Applied by Years 2025-2026 Curriculum of Department of Industrial Engineering\u00a0 2024-2025 Curriculum of Department of Industrial Engineering\u00a0 2021-2022 Curriculum of Department of Industrial Engineering\u00a0 2020-2021 Curriculum of Department of Industrial Engineering\u00a0 2019-2020 Curriculum of Department of Industrial Engineering\u00a0<\/p>\n","protected":false},"author":149,"featured_media":0,"parent":0,"menu_order":0,"comment_status":"closed","ping_status":"closed","template":"genel_sayfa.php","meta":{"footnotes":""},"yoast_head":"<!-- This site is optimized with the Yoast SEO Premium plugin v22.1 (Yoast SEO v22.1) - https:\/\/yoast.com\/wordpress\/plugins\/seo\/ -->\n<title>CURRICULUM - End\u00fcstri M\u00fchendisli\u011fi<\/title>\n<meta name=\"description\" content=\"Curriculum Lists Applied by Years for Istanbul Commerce University Industrial Engineering Undergraduate Program\" \/>\n<meta name=\"robots\" content=\"index, follow, max-snippet:-1, max-image-preview:large, max-video-preview:-1\" \/>\n<link rel=\"canonical\" href=\"http:\/\/ticaret.edu.tr\/endustri-muhendisligi\/en\/curriculum\/\" \/>\n<meta property=\"og:locale\" content=\"tr_TR\" \/>\n<meta property=\"og:type\" content=\"article\" \/>\n<meta property=\"og:title\" content=\"CURRICULUM\" \/>\n<meta property=\"og:description\" content=\"Curriculum Lists Applied by Years for Istanbul Commerce University Industrial Engineering Undergraduate Program\" \/>\n<meta property=\"og:url\" content=\"http:\/\/ticaret.edu.tr\/endustri-muhendisligi\/en\/curriculum\/\" \/>\n<meta property=\"og:site_name\" content=\"End\u00fcstri M\u00fchendisli\u011fi\" \/>\n<meta property=\"article:publisher\" content=\"https:\/\/www.facebook.com\/ticaretedutr\" \/>\n<meta property=\"article:modified_time\" content=\"2026-02-10T13:47:12+00:00\" \/>\n<meta property=\"og:image\" content=\"http:\/\/ticaret.edu.tr\/endustri-muhendisligi\/wp-content\/uploads\/sites\/21\/2021\/11\/web_logo-01.jpg\" \/>\n\t<meta property=\"og:image:width\" content=\"1250\" \/>\n\t<meta property=\"og:image:height\" content=\"833\" \/>\n\t<meta property=\"og:image:type\" content=\"image\/jpeg\" \/>\n<meta name=\"twitter:card\" content=\"summary_large_image\" \/>\n<meta name=\"twitter:site\" content=\"@ticaretedutr\" \/>\n<meta name=\"twitter:label1\" content=\"Tahmini okuma s\u00fcresi\" \/>\n\t<meta name=\"twitter:data1\" content=\"1 dakika\" \/>\n<script type=\"application\/ld+json\" class=\"yoast-schema-graph\">{\"@context\":\"https:\/\/schema.org\",\"@graph\":[{\"@type\":\"WebPage\",\"@id\":\"http:\/\/ticaret.edu.tr\/endustri-muhendisligi\/en\/curriculum\/\",\"url\":\"http:\/\/ticaret.edu.tr\/endustri-muhendisligi\/en\/curriculum\/\",\"name\":\"CURRICULUM - End\u00fcstri M\u00fchendisli\u011fi\",\"isPartOf\":{\"@id\":\"https:\/\/ticaret.edu.tr\/endustri-muhendisligi\/en\/#website\"},\"datePublished\":\"2022-01-04T11:15:40+00:00\",\"dateModified\":\"2026-02-10T13:47:12+00:00\",\"description\":\"Curriculum Lists Applied by Years for Istanbul Commerce University Industrial Engineering Undergraduate Program\",\"breadcrumb\":{\"@id\":\"http:\/\/ticaret.edu.tr\/endustri-muhendisligi\/en\/curriculum\/#breadcrumb\"},\"inLanguage\":\"tr\",\"potentialAction\":[{\"@type\":\"ReadAction\",\"target\":[\"http:\/\/ticaret.edu.tr\/endustri-muhendisligi\/en\/curriculum\/\"]}]},{\"@type\":\"BreadcrumbList\",\"@id\":\"http:\/\/ticaret.edu.tr\/endustri-muhendisligi\/en\/curriculum\/#breadcrumb\",\"itemListElement\":[{\"@type\":\"ListItem\",\"position\":1,\"name\":\"Ana sayfa\",\"item\":\"http:\/\/ticaret.edu.tr\/endustri-muhendisligi\/\"},{\"@type\":\"ListItem\",\"position\":2,\"name\":\"CURRICULUM\"}]},{\"@type\":\"WebSite\",\"@id\":\"https:\/\/ticaret.edu.tr\/endustri-muhendisligi\/en\/#website\",\"url\":\"https:\/\/ticaret.edu.tr\/endustri-muhendisligi\/en\/\",\"name\":\"End\u00fcstri M\u00fchendisli\u011fi\",\"description\":\"\",\"potentialAction\":[{\"@type\":\"SearchAction\",\"target\":{\"@type\":\"EntryPoint\",\"urlTemplate\":\"https:\/\/ticaret.edu.tr\/endustri-muhendisligi\/en\/?s={search_term_string}\"},\"query-input\":\"required name=search_term_string\"}],\"inLanguage\":\"tr\"}]}<\/script>\n<!-- \/ Yoast SEO Premium plugin. -->","yoast_head_json":{"title":"CURRICULUM - End\u00fcstri M\u00fchendisli\u011fi","description":"Curriculum Lists Applied by Years for Istanbul Commerce University Industrial Engineering Undergraduate Program","robots":{"index":"index","follow":"follow","max-snippet":"max-snippet:-1","max-image-preview":"max-image-preview:large","max-video-preview":"max-video-preview:-1"},"canonical":"http:\/\/ticaret.edu.tr\/endustri-muhendisligi\/en\/curriculum\/","og_locale":"tr_TR","og_type":"article","og_title":"CURRICULUM","og_description":"Curriculum Lists Applied by Years for Istanbul Commerce University Industrial Engineering Undergraduate Program","og_url":"http:\/\/ticaret.edu.tr\/endustri-muhendisligi\/en\/curriculum\/","og_site_name":"End\u00fcstri M\u00fchendisli\u011fi","article_publisher":"https:\/\/www.facebook.com\/ticaretedutr","article_modified_time":"2026-02-10T13:47:12+00:00","og_image":[{"width":1250,"height":833,"url":"http:\/\/ticaret.edu.tr\/endustri-muhendisligi\/wp-content\/uploads\/sites\/21\/2021\/11\/web_logo-01.jpg","type":"image\/jpeg"}],"twitter_card":"summary_large_image","twitter_site":"@ticaretedutr","twitter_misc":{"Tahmini okuma s\u00fcresi":"1 dakika"},"schema":{"@context":"https:\/\/schema.org","@graph":[{"@type":"WebPage","@id":"http:\/\/ticaret.edu.tr\/endustri-muhendisligi\/en\/curriculum\/","url":"http:\/\/ticaret.edu.tr\/endustri-muhendisligi\/en\/curriculum\/","name":"CURRICULUM - End\u00fcstri M\u00fchendisli\u011fi","isPartOf":{"@id":"https:\/\/ticaret.edu.tr\/endustri-muhendisligi\/en\/#website"},"datePublished":"2022-01-04T11:15:40+00:00","dateModified":"2026-02-10T13:47:12+00:00","description":"Curriculum Lists Applied by Years for Istanbul Commerce University Industrial Engineering Undergraduate Program","breadcrumb":{"@id":"http:\/\/ticaret.edu.tr\/endustri-muhendisligi\/en\/curriculum\/#breadcrumb"},"inLanguage":"tr","potentialAction":[{"@type":"ReadAction","target":["http:\/\/ticaret.edu.tr\/endustri-muhendisligi\/en\/curriculum\/"]}]},{"@type":"BreadcrumbList","@id":"http:\/\/ticaret.edu.tr\/endustri-muhendisligi\/en\/curriculum\/#breadcrumb","itemListElement":[{"@type":"ListItem","position":1,"name":"Ana sayfa","item":"http:\/\/ticaret.edu.tr\/endustri-muhendisligi\/"},{"@type":"ListItem","position":2,"name":"CURRICULUM"}]},{"@type":"WebSite","@id":"https:\/\/ticaret.edu.tr\/endustri-muhendisligi\/en\/#website","url":"https:\/\/ticaret.edu.tr\/endustri-muhendisligi\/en\/","name":"End\u00fcstri M\u00fchendisli\u011fi","description":"","potentialAction":[{"@type":"SearchAction","target":{"@type":"EntryPoint","urlTemplate":"https:\/\/ticaret.edu.tr\/endustri-muhendisligi\/en\/?s={search_term_string}"},"query-input":"required name=search_term_string"}],"inLanguage":"tr"}]}},"lang":"en","translations":{"en":437,"tr":6},"pll_sync_post":[],"_links":{"self":[{"href":"http:\/\/ticaret.edu.tr\/endustri-muhendisligi\/wp-json\/wp\/v2\/pages\/437"}],"collection":[{"href":"http:\/\/ticaret.edu.tr\/endustri-muhendisligi\/wp-json\/wp\/v2\/pages"}],"about":[{"href":"http:\/\/ticaret.edu.tr\/endustri-muhendisligi\/wp-json\/wp\/v2\/types\/page"}],"author":[{"embeddable":true,"href":"http:\/\/ticaret.edu.tr\/endustri-muhendisligi\/wp-json\/wp\/v2\/users\/149"}],"replies":[{"embeddable":true,"href":"http:\/\/ticaret.edu.tr\/endustri-muhendisligi\/wp-json\/wp\/v2\/comments?post=437"}],"version-history":[{"count":6,"href":"http:\/\/ticaret.edu.tr\/endustri-muhendisligi\/wp-json\/wp\/v2\/pages\/437\/revisions"}],"predecessor-version":[{"id":1655,"href":"http:\/\/ticaret.edu.tr\/endustri-muhendisligi\/wp-json\/wp\/v2\/pages\/437\/revisions\/1655"}],"wp:attachment":[{"href":"http:\/\/ticaret.edu.tr\/endustri-muhendisligi\/wp-json\/wp\/v2\/media?parent=437"}],"curies":[{"name":"wp","href":"https:\/\/api.w.org\/{rel}","templated":true}]}}