{"id":5,"date":"2020-05-03T16:08:07","date_gmt":"2020-05-03T13:08:07","guid":{"rendered":"http:\/\/ticaret.edu.tr\/endustri\/?page_id=5"},"modified":"2025-04-03T10:49:01","modified_gmt":"2025-04-03T07:49:01","slug":"ders-tanitim-formlari","status":"publish","type":"page","link":"http:\/\/ticaret.edu.tr\/endustri-muhendisligi\/ders-tanitim-formlari\/","title":{"rendered":"DERS TANITIM FORMLARI"},"content":{"rendered":"<p><a href=\"https:\/\/ticaret.edu.tr\/endustri-muhendisligi\">End\u00fcstri M\u00fchendisli\u011fi<\/a> B\u00f6l\u00fcm\u00fc temel bilimler, mesleki m\u00fchendislik dersleri ve se\u00e7meli derslerin bulundu\u011fu ders listesine sahiptir. Genel anlamda se\u00e7meli ve zorunlu dersler olmak \u00fczere iki grup alt\u0131nda toplan\u0131rlar. Dersin; dili, d\u00fczeyi, t\u00fcr\u00fc, i\u00e7erikleri, amac\u0131, k\u0131sa tan\u0131m\u0131, verildi\u011fi d\u00f6nem ve \u00f6\u011frenme \u00e7\u0131kt\u0131lar\u0131 gibi derse ili\u015fkin t\u00fcm detaylar\u0131n yer ald\u0131\u011f\u0131 Syllabus listelerinin yer ald\u0131\u011f\u0131 sisteme a\u015fa\u011f\u0131daki link arac\u0131l\u0131\u011f\u0131yla ula\u015fabilirsiniz:<\/p>\n<p><a href=\"https:\/\/obs.ticaret.edu.tr\/oibs\/bologna\/index.aspx?lang=tr&amp;curOp=showPac&amp;curUnit=05&amp;curSunit=545#\"><u><strong>Bologna Link i\u00e7in t\u0131klay\u0131n\u0131z.<\/strong><\/u><\/a><\/p>\n","protected":false},"excerpt":{"rendered":"<p>End\u00fcstri M\u00fchendisli\u011fi B\u00f6l\u00fcm\u00fc temel bilimler, mesleki m\u00fchendislik dersleri ve se\u00e7meli derslerin bulundu\u011fu ders listesine sahiptir. Genel anlamda se\u00e7meli ve zorunlu dersler olmak \u00fczere iki grup alt\u0131nda toplan\u0131rlar. Dersin; dili, d\u00fczeyi, t\u00fcr\u00fc, i\u00e7erikleri, amac\u0131, k\u0131sa tan\u0131m\u0131, verildi\u011fi d\u00f6nem ve \u00f6\u011frenme \u00e7\u0131kt\u0131lar\u0131 gibi derse ili\u015fkin t\u00fcm detaylar\u0131n yer ald\u0131\u011f\u0131 Syllabus listelerinin yer ald\u0131\u011f\u0131 sisteme a\u015fa\u011f\u0131daki link arac\u0131l\u0131\u011f\u0131yla [&hellip;]<\/p>\n","protected":false},"author":1,"featured_media":0,"parent":0,"menu_order":0,"comment_status":"closed","ping_status":"closed","template":"genel_sayfa.php","meta":{"footnotes":""},"yoast_head":"<!-- This site is optimized with the Yoast SEO Premium plugin v22.1 (Yoast SEO v22.1) - https:\/\/yoast.com\/wordpress\/plugins\/seo\/ -->\n<title>DERS TANITIM FORMLARI - End\u00fcstri M\u00fchendisli\u011fi<\/title>\n<meta name=\"description\" content=\"\u0130stanbul Ticaret \u00dcniversitesi End\u00fcstri M\u00fchendisli\u011fi Lisans Program\u0131 Syllabus listesi. M\u00fchendislik b\u00f6l\u00fcm\u00fc, zorunlu ve se\u00e7meli dersler.\" \/>\n<meta name=\"robots\" content=\"index, follow, max-snippet:-1, max-image-preview:large, max-video-preview:-1\" \/>\n<link rel=\"canonical\" href=\"http:\/\/ticaret.edu.tr\/endustri-muhendisligi\/ders-tanitim-formlari\/\" \/>\n<meta property=\"og:locale\" content=\"tr_TR\" \/>\n<meta property=\"og:type\" content=\"article\" \/>\n<meta property=\"og:title\" content=\"DERS TANITIM FORMLARI\" \/>\n<meta property=\"og:description\" content=\"\u0130stanbul Ticaret \u00dcniversitesi End\u00fcstri M\u00fchendisli\u011fi Lisans Program\u0131 Syllabus listesi. M\u00fchendislik b\u00f6l\u00fcm\u00fc, zorunlu ve se\u00e7meli dersler.\" \/>\n<meta property=\"og:url\" content=\"http:\/\/ticaret.edu.tr\/endustri-muhendisligi\/ders-tanitim-formlari\/\" \/>\n<meta property=\"og:site_name\" content=\"End\u00fcstri M\u00fchendisli\u011fi\" \/>\n<meta property=\"article:publisher\" content=\"https:\/\/www.facebook.com\/ticaretedutr\" \/>\n<meta property=\"article:modified_time\" content=\"2025-04-03T07:49:01+00:00\" \/>\n<meta property=\"og:image\" content=\"http:\/\/ticaret.edu.tr\/endustri-muhendisligi\/wp-content\/uploads\/sites\/21\/2021\/11\/web_logo-01.jpg\" \/>\n\t<meta property=\"og:image:width\" content=\"1250\" \/>\n\t<meta property=\"og:image:height\" content=\"833\" \/>\n\t<meta property=\"og:image:type\" content=\"image\/jpeg\" \/>\n<meta name=\"twitter:card\" content=\"summary_large_image\" \/>\n<meta name=\"twitter:site\" content=\"@ticaretedutr\" \/>\n<meta name=\"twitter:label1\" content=\"Tahmini okuma s\u00fcresi\" \/>\n\t<meta name=\"twitter:data1\" content=\"1 dakika\" \/>\n<script type=\"application\/ld+json\" class=\"yoast-schema-graph\">{\"@context\":\"https:\/\/schema.org\",\"@graph\":[{\"@type\":\"WebPage\",\"@id\":\"http:\/\/ticaret.edu.tr\/endustri-muhendisligi\/ders-tanitim-formlari\/\",\"url\":\"http:\/\/ticaret.edu.tr\/endustri-muhendisligi\/ders-tanitim-formlari\/\",\"name\":\"DERS TANITIM FORMLARI - End\u00fcstri M\u00fchendisli\u011fi\",\"isPartOf\":{\"@id\":\"https:\/\/ticaret.edu.tr\/endustri-muhendisligi\/en\/#website\"},\"datePublished\":\"2020-05-03T13:08:07+00:00\",\"dateModified\":\"2025-04-03T07:49:01+00:00\",\"description\":\"\u0130stanbul Ticaret \u00dcniversitesi End\u00fcstri M\u00fchendisli\u011fi Lisans Program\u0131 Syllabus listesi. M\u00fchendislik b\u00f6l\u00fcm\u00fc, zorunlu ve se\u00e7meli dersler.\",\"breadcrumb\":{\"@id\":\"http:\/\/ticaret.edu.tr\/endustri-muhendisligi\/ders-tanitim-formlari\/#breadcrumb\"},\"inLanguage\":\"tr\",\"potentialAction\":[{\"@type\":\"ReadAction\",\"target\":[\"http:\/\/ticaret.edu.tr\/endustri-muhendisligi\/ders-tanitim-formlari\/\"]}]},{\"@type\":\"BreadcrumbList\",\"@id\":\"http:\/\/ticaret.edu.tr\/endustri-muhendisligi\/ders-tanitim-formlari\/#breadcrumb\",\"itemListElement\":[{\"@type\":\"ListItem\",\"position\":1,\"name\":\"Ana sayfa\",\"item\":\"http:\/\/ticaret.edu.tr\/endustri-muhendisligi\/\"},{\"@type\":\"ListItem\",\"position\":2,\"name\":\"DERS TANITIM FORMLARI\"}]},{\"@type\":\"WebSite\",\"@id\":\"https:\/\/ticaret.edu.tr\/endustri-muhendisligi\/en\/#website\",\"url\":\"https:\/\/ticaret.edu.tr\/endustri-muhendisligi\/en\/\",\"name\":\"End\u00fcstri M\u00fchendisli\u011fi\",\"description\":\"\",\"potentialAction\":[{\"@type\":\"SearchAction\",\"target\":{\"@type\":\"EntryPoint\",\"urlTemplate\":\"https:\/\/ticaret.edu.tr\/endustri-muhendisligi\/en\/?s={search_term_string}\"},\"query-input\":\"required name=search_term_string\"}],\"inLanguage\":\"tr\"}]}<\/script>\n<!-- \/ Yoast SEO Premium plugin. -->","yoast_head_json":{"title":"DERS TANITIM FORMLARI - End\u00fcstri M\u00fchendisli\u011fi","description":"\u0130stanbul Ticaret \u00dcniversitesi End\u00fcstri M\u00fchendisli\u011fi Lisans Program\u0131 Syllabus listesi. M\u00fchendislik b\u00f6l\u00fcm\u00fc, zorunlu ve se\u00e7meli dersler.","robots":{"index":"index","follow":"follow","max-snippet":"max-snippet:-1","max-image-preview":"max-image-preview:large","max-video-preview":"max-video-preview:-1"},"canonical":"http:\/\/ticaret.edu.tr\/endustri-muhendisligi\/ders-tanitim-formlari\/","og_locale":"tr_TR","og_type":"article","og_title":"DERS TANITIM FORMLARI","og_description":"\u0130stanbul Ticaret \u00dcniversitesi End\u00fcstri M\u00fchendisli\u011fi Lisans Program\u0131 Syllabus listesi. M\u00fchendislik b\u00f6l\u00fcm\u00fc, zorunlu ve se\u00e7meli dersler.","og_url":"http:\/\/ticaret.edu.tr\/endustri-muhendisligi\/ders-tanitim-formlari\/","og_site_name":"End\u00fcstri M\u00fchendisli\u011fi","article_publisher":"https:\/\/www.facebook.com\/ticaretedutr","article_modified_time":"2025-04-03T07:49:01+00:00","og_image":[{"width":1250,"height":833,"url":"http:\/\/ticaret.edu.tr\/endustri-muhendisligi\/wp-content\/uploads\/sites\/21\/2021\/11\/web_logo-01.jpg","type":"image\/jpeg"}],"twitter_card":"summary_large_image","twitter_site":"@ticaretedutr","twitter_misc":{"Tahmini okuma s\u00fcresi":"1 dakika"},"schema":{"@context":"https:\/\/schema.org","@graph":[{"@type":"WebPage","@id":"http:\/\/ticaret.edu.tr\/endustri-muhendisligi\/ders-tanitim-formlari\/","url":"http:\/\/ticaret.edu.tr\/endustri-muhendisligi\/ders-tanitim-formlari\/","name":"DERS TANITIM FORMLARI - End\u00fcstri M\u00fchendisli\u011fi","isPartOf":{"@id":"https:\/\/ticaret.edu.tr\/endustri-muhendisligi\/en\/#website"},"datePublished":"2020-05-03T13:08:07+00:00","dateModified":"2025-04-03T07:49:01+00:00","description":"\u0130stanbul Ticaret \u00dcniversitesi End\u00fcstri M\u00fchendisli\u011fi Lisans Program\u0131 Syllabus listesi. M\u00fchendislik b\u00f6l\u00fcm\u00fc, zorunlu ve se\u00e7meli dersler.","breadcrumb":{"@id":"http:\/\/ticaret.edu.tr\/endustri-muhendisligi\/ders-tanitim-formlari\/#breadcrumb"},"inLanguage":"tr","potentialAction":[{"@type":"ReadAction","target":["http:\/\/ticaret.edu.tr\/endustri-muhendisligi\/ders-tanitim-formlari\/"]}]},{"@type":"BreadcrumbList","@id":"http:\/\/ticaret.edu.tr\/endustri-muhendisligi\/ders-tanitim-formlari\/#breadcrumb","itemListElement":[{"@type":"ListItem","position":1,"name":"Ana sayfa","item":"http:\/\/ticaret.edu.tr\/endustri-muhendisligi\/"},{"@type":"ListItem","position":2,"name":"DERS TANITIM FORMLARI"}]},{"@type":"WebSite","@id":"https:\/\/ticaret.edu.tr\/endustri-muhendisligi\/en\/#website","url":"https:\/\/ticaret.edu.tr\/endustri-muhendisligi\/en\/","name":"End\u00fcstri M\u00fchendisli\u011fi","description":"","potentialAction":[{"@type":"SearchAction","target":{"@type":"EntryPoint","urlTemplate":"https:\/\/ticaret.edu.tr\/endustri-muhendisligi\/en\/?s={search_term_string}"},"query-input":"required name=search_term_string"}],"inLanguage":"tr"}]}},"lang":"tr","translations":{"tr":5,"en":435},"pll_sync_post":[],"_links":{"self":[{"href":"http:\/\/ticaret.edu.tr\/endustri-muhendisligi\/wp-json\/wp\/v2\/pages\/5"}],"collection":[{"href":"http:\/\/ticaret.edu.tr\/endustri-muhendisligi\/wp-json\/wp\/v2\/pages"}],"about":[{"href":"http:\/\/ticaret.edu.tr\/endustri-muhendisligi\/wp-json\/wp\/v2\/types\/page"}],"author":[{"embeddable":true,"href":"http:\/\/ticaret.edu.tr\/endustri-muhendisligi\/wp-json\/wp\/v2\/users\/1"}],"replies":[{"embeddable":true,"href":"http:\/\/ticaret.edu.tr\/endustri-muhendisligi\/wp-json\/wp\/v2\/comments?post=5"}],"version-history":[{"count":9,"href":"http:\/\/ticaret.edu.tr\/endustri-muhendisligi\/wp-json\/wp\/v2\/pages\/5\/revisions"}],"predecessor-version":[{"id":499,"href":"http:\/\/ticaret.edu.tr\/endustri-muhendisligi\/wp-json\/wp\/v2\/pages\/5\/revisions\/499"}],"wp:attachment":[{"href":"http:\/\/ticaret.edu.tr\/endustri-muhendisligi\/wp-json\/wp\/v2\/media?parent=5"}],"curies":[{"name":"wp","href":"https:\/\/api.w.org\/{rel}","templated":true}]}}