{"id":588,"date":"2022-10-13T13:47:09","date_gmt":"2022-10-13T10:47:09","guid":{"rendered":"https:\/\/ticaret.edu.tr\/endustri-muhendisligi\/?page_id=588"},"modified":"2025-05-15T10:04:03","modified_gmt":"2025-05-15T07:04:03","slug":"bolum-kurul-ve-komisyonlari","status":"publish","type":"page","link":"http:\/\/ticaret.edu.tr\/endustri-muhendisligi\/bolum-kurul-ve-komisyonlari\/","title":{"rendered":"B\u00d6L\u00dcM KURUL VE KOM\u0130SYONLARI"},"content":{"rendered":"<p data-start=\"85\" data-end=\"109\"><strong data-start=\"85\" data-end=\"109\">B\u00f6l\u00fcm Staj Komisyonu:<\/strong><\/p>\n<ul data-start=\"110\" data-end=\"241\" data-is-last-node=\"\" data-is-only-node=\"\">\n<li data-start=\"110\" data-end=\"149\">\n<p data-start=\"112\" data-end=\"149\">Prof. Dr. Sibkat Ka\u00e7t\u0131o\u011flu (Ba\u015fkan)<\/p>\n<\/li>\n<li data-start=\"150\" data-end=\"184\">\n<p data-start=\"152\" data-end=\"184\">Prof. Dr. \u0130smail Ekmek\u00e7i (\u00dcye)<\/p>\n<\/li>\n<li data-start=\"185\" data-end=\"241\" data-is-last-node=\"\">\n<p data-start=\"187\" data-end=\"241\" data-is-last-node=\"\">Dr. \u00d6\u011fretim \u00dcyesi Emel \u015eeyma K\u00fc\u00e7\u00fcka\u015f\u00e7\u0131 \u00c7iftbudak (\u00dcye)<\/p>\n<\/li>\n<\/ul>\n<p data-start=\"39\" data-end=\"67\"><strong data-start=\"39\" data-end=\"67\">B\u00f6l\u00fcm \u0130ntibak Komisyonu:<\/strong><\/p>\n<ul data-start=\"69\" data-end=\"200\" data-is-last-node=\"\" data-is-only-node=\"\">\n<li data-start=\"69\" data-end=\"108\">\n<p data-start=\"71\" data-end=\"108\">Prof. Dr. Sibkat Ka\u00e7t\u0131o\u011flu (Ba\u015fkan)<\/p>\n<\/li>\n<li data-start=\"109\" data-end=\"143\">\n<p data-start=\"111\" data-end=\"143\">Prof. Dr. \u0130smail Ekmek\u00e7i (\u00dcye)<\/p>\n<\/li>\n<li data-start=\"144\" data-end=\"200\" data-is-last-node=\"\">\n<p data-start=\"146\" data-end=\"200\" data-is-last-node=\"\">Dr. \u00d6\u011fretim \u00dcyesi Emel \u015eeyma K\u00fc\u00e7\u00fcka\u015f\u00e7\u0131 \u00c7iftbudak (\u00dcye)<\/p>\n<\/li>\n<\/ul>\n<p data-start=\"39\" data-end=\"78\"><strong data-start=\"39\" data-end=\"78\">B\u00f6l\u00fcm \u00c7ift Anadal Yandal Komisyonu:<\/strong><\/p>\n<ul data-start=\"80\" data-end=\"211\" data-is-last-node=\"\" data-is-only-node=\"\">\n<li data-start=\"80\" data-end=\"119\">\n<p data-start=\"82\" data-end=\"119\">Prof. Dr. Sibkat Ka\u00e7t\u0131o\u011flu (Ba\u015fkan)<\/p>\n<\/li>\n<li data-start=\"120\" data-end=\"154\">\n<p data-start=\"122\" data-end=\"154\">Prof. Dr. \u0130smail Ekmek\u00e7i (\u00dcye)<\/p>\n<\/li>\n<li data-start=\"155\" data-end=\"211\" data-is-last-node=\"\">\n<p data-start=\"157\" data-end=\"211\" data-is-last-node=\"\">Dr. \u00d6\u011fretim \u00dcyesi Emel \u015eeyma K\u00fc\u00e7\u00fcka\u015f\u00e7\u0131 \u00c7iftbudak (\u00dcye)<\/p>\n<\/li>\n<\/ul>\n<p data-start=\"39\" data-end=\"96\"><strong data-start=\"39\" data-end=\"96\">B\u00f6l\u00fcm \u00d6l\u00e7me, De\u011ferlendirme ve Akreditasyon Komisyonu:<\/strong><\/p>\n<ul data-start=\"98\" data-end=\"170\" data-is-last-node=\"\" data-is-only-node=\"\">\n<li data-start=\"98\" data-end=\"137\">\n<p data-start=\"100\" data-end=\"137\">Prof. Dr. Sibkat Ka\u00e7t\u0131o\u011flu (Ba\u015fkan)<\/p>\n<\/li>\n<li data-start=\"138\" data-end=\"170\" data-is-last-node=\"\">\n<p data-start=\"140\" data-end=\"170\" data-is-last-node=\"\">Prof. Dr. \u0130smail Ekmek\u00e7i (\u00dcye)<\/p>\n<\/li>\n<\/ul>\n<p data-start=\"39\" data-end=\"86\"><strong data-start=\"39\" data-end=\"86\">B\u00f6l\u00fcm \u00d6\u011frenci De\u011fi\u015fim Programlar\u0131 Komisyonu:<\/strong><\/p>\n<ul data-start=\"88\" data-end=\"219\" data-is-last-node=\"\" data-is-only-node=\"\">\n<li data-start=\"88\" data-end=\"127\">\n<p data-start=\"90\" data-end=\"127\">Prof. Dr. Sibkat Ka\u00e7t\u0131o\u011flu (Ba\u015fkan)<\/p>\n<\/li>\n<li data-start=\"128\" data-end=\"162\">\n<p data-start=\"130\" data-end=\"162\">Prof. Dr. \u0130smail Ekmek\u00e7i (\u00dcye)<\/p>\n<\/li>\n<li data-start=\"163\" data-end=\"219\" data-is-last-node=\"\">\n<p data-start=\"165\" data-end=\"219\" data-is-last-node=\"\">Dr. \u00d6\u011fretim \u00dcyesi Emel \u015eeyma K\u00fc\u00e7\u00fcka\u015f\u00e7\u0131 \u00c7iftbudak (\u00dcye)<\/p>\n<\/li>\n<\/ul>\n<p data-start=\"39\" data-end=\"68\"><strong data-start=\"39\" data-end=\"68\">B\u00f6l\u00fcm M\u00fcfredat Komisyonu:<\/strong><\/p>\n<ul data-start=\"70\" data-end=\"201\" data-is-last-node=\"\" data-is-only-node=\"\">\n<li data-start=\"70\" data-end=\"109\">\n<p data-start=\"72\" data-end=\"109\">Prof. Dr. Sibkat Ka\u00e7t\u0131o\u011flu (Ba\u015fkan)<\/p>\n<\/li>\n<li data-start=\"110\" data-end=\"144\">\n<p data-start=\"112\" data-end=\"144\">Prof. Dr. \u0130smail Ekmek\u00e7i (\u00dcye)<\/p>\n<\/li>\n<li data-start=\"145\" data-end=\"201\" data-is-last-node=\"\">\n<p data-start=\"147\" data-end=\"201\" data-is-last-node=\"\">Dr. \u00d6\u011fretim \u00dcyesi Emel \u015eeyma K\u00fc\u00e7\u00fcka\u015f\u00e7\u0131 \u00c7iftbudak (\u00dcye)<\/p>\n<\/li>\n<\/ul>\n<p><strong>Ders ve S\u0131nav Programlar\u0131 Sorumlusu:<\/strong><\/p>\n<ul>\n<li>Ar. G\u00f6r. Selin Oral<\/li>\n<\/ul>\n<p><strong>B\u00f6l\u00fcm Web Sayfas\u0131 Sorumlusu:<\/strong><\/p>\n<ul>\n<li>Ar. G\u00f6r. Selin Oral<\/li>\n<\/ul>\n<p>&nbsp;<\/p>\n<p>&nbsp;<\/p>\n","protected":false},"excerpt":{"rendered":"<p>B\u00f6l\u00fcm Staj Komisyonu: Prof. Dr. Sibkat Ka\u00e7t\u0131o\u011flu (Ba\u015fkan) Prof. Dr. \u0130smail Ekmek\u00e7i (\u00dcye) Dr. \u00d6\u011fretim \u00dcyesi Emel \u015eeyma K\u00fc\u00e7\u00fcka\u015f\u00e7\u0131 \u00c7iftbudak (\u00dcye) B\u00f6l\u00fcm \u0130ntibak Komisyonu: Prof. Dr. Sibkat Ka\u00e7t\u0131o\u011flu (Ba\u015fkan) Prof. Dr. \u0130smail Ekmek\u00e7i (\u00dcye) Dr. \u00d6\u011fretim \u00dcyesi Emel \u015eeyma K\u00fc\u00e7\u00fcka\u015f\u00e7\u0131 \u00c7iftbudak (\u00dcye) B\u00f6l\u00fcm \u00c7ift Anadal Yandal Komisyonu: Prof. Dr. Sibkat Ka\u00e7t\u0131o\u011flu (Ba\u015fkan) Prof. Dr. \u0130smail [&hellip;]<\/p>\n","protected":false},"author":149,"featured_media":0,"parent":0,"menu_order":0,"comment_status":"closed","ping_status":"closed","template":"genel_sayfa.php","meta":{"footnotes":""},"yoast_head":"<!-- This site is optimized with the Yoast SEO Premium plugin v22.1 (Yoast SEO v22.1) - https:\/\/yoast.com\/wordpress\/plugins\/seo\/ -->\n<title>B\u00d6L\u00dcM KURUL VE KOM\u0130SYONLARI - End\u00fcstri M\u00fchendisli\u011fi<\/title>\n<meta name=\"robots\" content=\"index, follow, max-snippet:-1, max-image-preview:large, max-video-preview:-1\" \/>\n<link rel=\"canonical\" href=\"http:\/\/ticaret.edu.tr\/endustri-muhendisligi\/bolum-kurul-ve-komisyonlari\/\" \/>\n<meta property=\"og:locale\" content=\"tr_TR\" \/>\n<meta property=\"og:type\" content=\"article\" \/>\n<meta property=\"og:title\" content=\"B\u00d6L\u00dcM KURUL VE KOM\u0130SYONLARI\" \/>\n<meta property=\"og:description\" content=\"B\u00f6l\u00fcm Staj Komisyonu: Prof. Dr. Sibkat Ka\u00e7t\u0131o\u011flu (Ba\u015fkan) Prof. Dr. \u0130smail Ekmek\u00e7i (\u00dcye) Dr. \u00d6\u011fretim \u00dcyesi Emel \u015eeyma K\u00fc\u00e7\u00fcka\u015f\u00e7\u0131 \u00c7iftbudak (\u00dcye) B\u00f6l\u00fcm \u0130ntibak Komisyonu: Prof. Dr. Sibkat Ka\u00e7t\u0131o\u011flu (Ba\u015fkan) Prof. Dr. \u0130smail Ekmek\u00e7i (\u00dcye) Dr. \u00d6\u011fretim \u00dcyesi Emel \u015eeyma K\u00fc\u00e7\u00fcka\u015f\u00e7\u0131 \u00c7iftbudak (\u00dcye) B\u00f6l\u00fcm \u00c7ift Anadal Yandal Komisyonu: Prof. Dr. Sibkat Ka\u00e7t\u0131o\u011flu (Ba\u015fkan) Prof. Dr. \u0130smail [&hellip;]\" \/>\n<meta property=\"og:url\" content=\"http:\/\/ticaret.edu.tr\/endustri-muhendisligi\/bolum-kurul-ve-komisyonlari\/\" \/>\n<meta property=\"og:site_name\" content=\"End\u00fcstri M\u00fchendisli\u011fi\" \/>\n<meta property=\"article:publisher\" content=\"https:\/\/www.facebook.com\/ticaretedutr\" \/>\n<meta property=\"article:modified_time\" content=\"2025-05-15T07:04:03+00:00\" \/>\n<meta property=\"og:image\" content=\"http:\/\/ticaret.edu.tr\/endustri-muhendisligi\/wp-content\/uploads\/sites\/21\/2021\/11\/web_logo-01.jpg\" \/>\n\t<meta property=\"og:image:width\" content=\"1250\" \/>\n\t<meta property=\"og:image:height\" content=\"833\" \/>\n\t<meta property=\"og:image:type\" content=\"image\/jpeg\" \/>\n<meta name=\"twitter:card\" content=\"summary_large_image\" \/>\n<meta name=\"twitter:site\" content=\"@ticaretedutr\" \/>\n<meta name=\"twitter:label1\" content=\"Tahmini okuma s\u00fcresi\" \/>\n\t<meta name=\"twitter:data1\" content=\"1 dakika\" \/>\n<script type=\"application\/ld+json\" class=\"yoast-schema-graph\">{\"@context\":\"https:\/\/schema.org\",\"@graph\":[{\"@type\":\"WebPage\",\"@id\":\"http:\/\/ticaret.edu.tr\/endustri-muhendisligi\/bolum-kurul-ve-komisyonlari\/\",\"url\":\"http:\/\/ticaret.edu.tr\/endustri-muhendisligi\/bolum-kurul-ve-komisyonlari\/\",\"name\":\"B\u00d6L\u00dcM KURUL VE KOM\u0130SYONLARI - End\u00fcstri M\u00fchendisli\u011fi\",\"isPartOf\":{\"@id\":\"https:\/\/ticaret.edu.tr\/endustri-muhendisligi\/en\/#website\"},\"datePublished\":\"2022-10-13T10:47:09+00:00\",\"dateModified\":\"2025-05-15T07:04:03+00:00\",\"breadcrumb\":{\"@id\":\"http:\/\/ticaret.edu.tr\/endustri-muhendisligi\/bolum-kurul-ve-komisyonlari\/#breadcrumb\"},\"inLanguage\":\"tr\",\"potentialAction\":[{\"@type\":\"ReadAction\",\"target\":[\"http:\/\/ticaret.edu.tr\/endustri-muhendisligi\/bolum-kurul-ve-komisyonlari\/\"]}]},{\"@type\":\"BreadcrumbList\",\"@id\":\"http:\/\/ticaret.edu.tr\/endustri-muhendisligi\/bolum-kurul-ve-komisyonlari\/#breadcrumb\",\"itemListElement\":[{\"@type\":\"ListItem\",\"position\":1,\"name\":\"Ana sayfa\",\"item\":\"http:\/\/ticaret.edu.tr\/endustri-muhendisligi\/\"},{\"@type\":\"ListItem\",\"position\":2,\"name\":\"B\u00d6L\u00dcM KURUL VE KOM\u0130SYONLARI\"}]},{\"@type\":\"WebSite\",\"@id\":\"https:\/\/ticaret.edu.tr\/endustri-muhendisligi\/en\/#website\",\"url\":\"https:\/\/ticaret.edu.tr\/endustri-muhendisligi\/en\/\",\"name\":\"End\u00fcstri M\u00fchendisli\u011fi\",\"description\":\"\",\"potentialAction\":[{\"@type\":\"SearchAction\",\"target\":{\"@type\":\"EntryPoint\",\"urlTemplate\":\"https:\/\/ticaret.edu.tr\/endustri-muhendisligi\/en\/?s={search_term_string}\"},\"query-input\":\"required name=search_term_string\"}],\"inLanguage\":\"tr\"}]}<\/script>\n<!-- \/ Yoast SEO Premium plugin. -->","yoast_head_json":{"title":"B\u00d6L\u00dcM KURUL VE KOM\u0130SYONLARI - End\u00fcstri M\u00fchendisli\u011fi","robots":{"index":"index","follow":"follow","max-snippet":"max-snippet:-1","max-image-preview":"max-image-preview:large","max-video-preview":"max-video-preview:-1"},"canonical":"http:\/\/ticaret.edu.tr\/endustri-muhendisligi\/bolum-kurul-ve-komisyonlari\/","og_locale":"tr_TR","og_type":"article","og_title":"B\u00d6L\u00dcM KURUL VE KOM\u0130SYONLARI","og_description":"B\u00f6l\u00fcm Staj Komisyonu: Prof. Dr. Sibkat Ka\u00e7t\u0131o\u011flu (Ba\u015fkan) Prof. Dr. \u0130smail Ekmek\u00e7i (\u00dcye) Dr. \u00d6\u011fretim \u00dcyesi Emel \u015eeyma K\u00fc\u00e7\u00fcka\u015f\u00e7\u0131 \u00c7iftbudak (\u00dcye) B\u00f6l\u00fcm \u0130ntibak Komisyonu: Prof. Dr. Sibkat Ka\u00e7t\u0131o\u011flu (Ba\u015fkan) Prof. Dr. \u0130smail Ekmek\u00e7i (\u00dcye) Dr. \u00d6\u011fretim \u00dcyesi Emel \u015eeyma K\u00fc\u00e7\u00fcka\u015f\u00e7\u0131 \u00c7iftbudak (\u00dcye) B\u00f6l\u00fcm \u00c7ift Anadal Yandal Komisyonu: Prof. Dr. Sibkat Ka\u00e7t\u0131o\u011flu (Ba\u015fkan) Prof. Dr. \u0130smail [&hellip;]","og_url":"http:\/\/ticaret.edu.tr\/endustri-muhendisligi\/bolum-kurul-ve-komisyonlari\/","og_site_name":"End\u00fcstri M\u00fchendisli\u011fi","article_publisher":"https:\/\/www.facebook.com\/ticaretedutr","article_modified_time":"2025-05-15T07:04:03+00:00","og_image":[{"width":1250,"height":833,"url":"http:\/\/ticaret.edu.tr\/endustri-muhendisligi\/wp-content\/uploads\/sites\/21\/2021\/11\/web_logo-01.jpg","type":"image\/jpeg"}],"twitter_card":"summary_large_image","twitter_site":"@ticaretedutr","twitter_misc":{"Tahmini okuma s\u00fcresi":"1 dakika"},"schema":{"@context":"https:\/\/schema.org","@graph":[{"@type":"WebPage","@id":"http:\/\/ticaret.edu.tr\/endustri-muhendisligi\/bolum-kurul-ve-komisyonlari\/","url":"http:\/\/ticaret.edu.tr\/endustri-muhendisligi\/bolum-kurul-ve-komisyonlari\/","name":"B\u00d6L\u00dcM KURUL VE KOM\u0130SYONLARI - End\u00fcstri M\u00fchendisli\u011fi","isPartOf":{"@id":"https:\/\/ticaret.edu.tr\/endustri-muhendisligi\/en\/#website"},"datePublished":"2022-10-13T10:47:09+00:00","dateModified":"2025-05-15T07:04:03+00:00","breadcrumb":{"@id":"http:\/\/ticaret.edu.tr\/endustri-muhendisligi\/bolum-kurul-ve-komisyonlari\/#breadcrumb"},"inLanguage":"tr","potentialAction":[{"@type":"ReadAction","target":["http:\/\/ticaret.edu.tr\/endustri-muhendisligi\/bolum-kurul-ve-komisyonlari\/"]}]},{"@type":"BreadcrumbList","@id":"http:\/\/ticaret.edu.tr\/endustri-muhendisligi\/bolum-kurul-ve-komisyonlari\/#breadcrumb","itemListElement":[{"@type":"ListItem","position":1,"name":"Ana sayfa","item":"http:\/\/ticaret.edu.tr\/endustri-muhendisligi\/"},{"@type":"ListItem","position":2,"name":"B\u00d6L\u00dcM KURUL VE KOM\u0130SYONLARI"}]},{"@type":"WebSite","@id":"https:\/\/ticaret.edu.tr\/endustri-muhendisligi\/en\/#website","url":"https:\/\/ticaret.edu.tr\/endustri-muhendisligi\/en\/","name":"End\u00fcstri M\u00fchendisli\u011fi","description":"","potentialAction":[{"@type":"SearchAction","target":{"@type":"EntryPoint","urlTemplate":"https:\/\/ticaret.edu.tr\/endustri-muhendisligi\/en\/?s={search_term_string}"},"query-input":"required name=search_term_string"}],"inLanguage":"tr"}]}},"lang":"tr","translations":{"tr":588,"en":1120},"pll_sync_post":[],"_links":{"self":[{"href":"http:\/\/ticaret.edu.tr\/endustri-muhendisligi\/wp-json\/wp\/v2\/pages\/588"}],"collection":[{"href":"http:\/\/ticaret.edu.tr\/endustri-muhendisligi\/wp-json\/wp\/v2\/pages"}],"about":[{"href":"http:\/\/ticaret.edu.tr\/endustri-muhendisligi\/wp-json\/wp\/v2\/types\/page"}],"author":[{"embeddable":true,"href":"http:\/\/ticaret.edu.tr\/endustri-muhendisligi\/wp-json\/wp\/v2\/users\/149"}],"replies":[{"embeddable":true,"href":"http:\/\/ticaret.edu.tr\/endustri-muhendisligi\/wp-json\/wp\/v2\/comments?post=588"}],"version-history":[{"count":9,"href":"http:\/\/ticaret.edu.tr\/endustri-muhendisligi\/wp-json\/wp\/v2\/pages\/588\/revisions"}],"predecessor-version":[{"id":1442,"href":"http:\/\/ticaret.edu.tr\/endustri-muhendisligi\/wp-json\/wp\/v2\/pages\/588\/revisions\/1442"}],"wp:attachment":[{"href":"http:\/\/ticaret.edu.tr\/endustri-muhendisligi\/wp-json\/wp\/v2\/media?parent=588"}],"curies":[{"name":"wp","href":"https:\/\/api.w.org\/{rel}","templated":true}]}}