{"id":607,"date":"2022-10-13T13:58:05","date_gmt":"2022-10-13T10:58:05","guid":{"rendered":"https:\/\/ticaret.edu.tr\/endustri-muhendisligi\/?page_id=607"},"modified":"2025-02-17T10:49:15","modified_gmt":"2025-02-17T07:49:15","slug":"mezuniyet-kosullari","status":"publish","type":"page","link":"http:\/\/ticaret.edu.tr\/endustri-muhendisligi\/mezuniyet-kosullari\/","title":{"rendered":"MEZUN\u0130YET KO\u015eULLARI"},"content":{"rendered":"<p>\u00d6\u011frenci kay\u0131t oldu\u011fu\u00a0 program\u0131n ders planlar\u0131nda yer alan derslere yaz\u0131larak bu dersleri ba\u015farm\u0131\u015f, \u0130stanbul Ticaret \u00dcniversitesi \u00d6nlisans ve Lisans E\u011fitim ve \u00d6\u011fretim ve S\u0131nav Y\u00f6netmeli\u011fi&#8217;nde g\u00f6sterilen staj ve tasar\u0131m projesi \/bitirme \u00f6devi gibi \u00e7al\u0131\u015fmalar\u0131 ba\u015far\u0131 ile bitirmi\u015f ve GANO&#8217;su en az 2.00 olan \u00f6\u011frenciler \u00dcniversite e\u011fitim-\u00f6\u011fretimini tamamlam\u0131\u015f say\u0131l\u0131rlar.<\/p>\n","protected":false},"excerpt":{"rendered":"<p>\u00d6\u011frenci kay\u0131t oldu\u011fu\u00a0 program\u0131n ders planlar\u0131nda yer alan derslere yaz\u0131larak bu dersleri ba\u015farm\u0131\u015f, \u0130stanbul Ticaret \u00dcniversitesi \u00d6nlisans ve Lisans E\u011fitim ve \u00d6\u011fretim ve S\u0131nav Y\u00f6netmeli\u011fi&#8217;nde g\u00f6sterilen staj ve tasar\u0131m projesi \/bitirme \u00f6devi gibi \u00e7al\u0131\u015fmalar\u0131 ba\u015far\u0131 ile bitirmi\u015f ve GANO&#8217;su en az 2.00 olan \u00f6\u011frenciler \u00dcniversite e\u011fitim-\u00f6\u011fretimini tamamlam\u0131\u015f say\u0131l\u0131rlar.<\/p>\n","protected":false},"author":149,"featured_media":0,"parent":0,"menu_order":0,"comment_status":"closed","ping_status":"closed","template":"genel_sayfa.php","meta":{"footnotes":""},"yoast_head":"<!-- This site is optimized with the Yoast SEO Premium plugin v22.1 (Yoast SEO v22.1) - https:\/\/yoast.com\/wordpress\/plugins\/seo\/ -->\n<title>MEZUN\u0130YET KO\u015eULLARI - End\u00fcstri M\u00fchendisli\u011fi<\/title>\n<meta name=\"robots\" content=\"index, follow, max-snippet:-1, max-image-preview:large, max-video-preview:-1\" \/>\n<link rel=\"canonical\" href=\"http:\/\/ticaret.edu.tr\/endustri-muhendisligi\/mezuniyet-kosullari\/\" \/>\n<meta property=\"og:locale\" content=\"tr_TR\" \/>\n<meta property=\"og:type\" content=\"article\" \/>\n<meta property=\"og:title\" content=\"MEZUN\u0130YET KO\u015eULLARI\" \/>\n<meta property=\"og:description\" content=\"\u00d6\u011frenci kay\u0131t oldu\u011fu\u00a0 program\u0131n ders planlar\u0131nda yer alan derslere yaz\u0131larak bu dersleri ba\u015farm\u0131\u015f, \u0130stanbul Ticaret \u00dcniversitesi \u00d6nlisans ve Lisans E\u011fitim ve \u00d6\u011fretim ve S\u0131nav Y\u00f6netmeli\u011fi&#8217;nde g\u00f6sterilen staj ve tasar\u0131m projesi \/bitirme \u00f6devi gibi \u00e7al\u0131\u015fmalar\u0131 ba\u015far\u0131 ile bitirmi\u015f ve GANO&#8217;su en az 2.00 olan \u00f6\u011frenciler \u00dcniversite e\u011fitim-\u00f6\u011fretimini tamamlam\u0131\u015f say\u0131l\u0131rlar.\" \/>\n<meta property=\"og:url\" content=\"http:\/\/ticaret.edu.tr\/endustri-muhendisligi\/mezuniyet-kosullari\/\" \/>\n<meta property=\"og:site_name\" content=\"End\u00fcstri M\u00fchendisli\u011fi\" \/>\n<meta property=\"article:publisher\" content=\"https:\/\/www.facebook.com\/ticaretedutr\" \/>\n<meta property=\"article:modified_time\" content=\"2025-02-17T07:49:15+00:00\" \/>\n<meta property=\"og:image\" content=\"http:\/\/ticaret.edu.tr\/endustri-muhendisligi\/wp-content\/uploads\/sites\/21\/2021\/11\/web_logo-01.jpg\" \/>\n\t<meta property=\"og:image:width\" content=\"1250\" \/>\n\t<meta property=\"og:image:height\" content=\"833\" \/>\n\t<meta property=\"og:image:type\" content=\"image\/jpeg\" \/>\n<meta name=\"twitter:card\" content=\"summary_large_image\" \/>\n<meta name=\"twitter:site\" content=\"@ticaretedutr\" \/>\n<meta name=\"twitter:label1\" content=\"Tahmini okuma s\u00fcresi\" \/>\n\t<meta name=\"twitter:data1\" content=\"1 dakika\" \/>\n<script type=\"application\/ld+json\" class=\"yoast-schema-graph\">{\"@context\":\"https:\/\/schema.org\",\"@graph\":[{\"@type\":\"WebPage\",\"@id\":\"http:\/\/ticaret.edu.tr\/endustri-muhendisligi\/mezuniyet-kosullari\/\",\"url\":\"http:\/\/ticaret.edu.tr\/endustri-muhendisligi\/mezuniyet-kosullari\/\",\"name\":\"MEZUN\u0130YET KO\u015eULLARI - End\u00fcstri M\u00fchendisli\u011fi\",\"isPartOf\":{\"@id\":\"https:\/\/ticaret.edu.tr\/endustri-muhendisligi\/en\/#website\"},\"datePublished\":\"2022-10-13T10:58:05+00:00\",\"dateModified\":\"2025-02-17T07:49:15+00:00\",\"breadcrumb\":{\"@id\":\"http:\/\/ticaret.edu.tr\/endustri-muhendisligi\/mezuniyet-kosullari\/#breadcrumb\"},\"inLanguage\":\"tr\",\"potentialAction\":[{\"@type\":\"ReadAction\",\"target\":[\"http:\/\/ticaret.edu.tr\/endustri-muhendisligi\/mezuniyet-kosullari\/\"]}]},{\"@type\":\"BreadcrumbList\",\"@id\":\"http:\/\/ticaret.edu.tr\/endustri-muhendisligi\/mezuniyet-kosullari\/#breadcrumb\",\"itemListElement\":[{\"@type\":\"ListItem\",\"position\":1,\"name\":\"Ana sayfa\",\"item\":\"http:\/\/ticaret.edu.tr\/endustri-muhendisligi\/\"},{\"@type\":\"ListItem\",\"position\":2,\"name\":\"MEZUN\u0130YET KO\u015eULLARI\"}]},{\"@type\":\"WebSite\",\"@id\":\"https:\/\/ticaret.edu.tr\/endustri-muhendisligi\/en\/#website\",\"url\":\"https:\/\/ticaret.edu.tr\/endustri-muhendisligi\/en\/\",\"name\":\"End\u00fcstri M\u00fchendisli\u011fi\",\"description\":\"\",\"potentialAction\":[{\"@type\":\"SearchAction\",\"target\":{\"@type\":\"EntryPoint\",\"urlTemplate\":\"https:\/\/ticaret.edu.tr\/endustri-muhendisligi\/en\/?s={search_term_string}\"},\"query-input\":\"required name=search_term_string\"}],\"inLanguage\":\"tr\"}]}<\/script>\n<!-- \/ Yoast SEO Premium plugin. -->","yoast_head_json":{"title":"MEZUN\u0130YET KO\u015eULLARI - End\u00fcstri M\u00fchendisli\u011fi","robots":{"index":"index","follow":"follow","max-snippet":"max-snippet:-1","max-image-preview":"max-image-preview:large","max-video-preview":"max-video-preview:-1"},"canonical":"http:\/\/ticaret.edu.tr\/endustri-muhendisligi\/mezuniyet-kosullari\/","og_locale":"tr_TR","og_type":"article","og_title":"MEZUN\u0130YET KO\u015eULLARI","og_description":"\u00d6\u011frenci kay\u0131t oldu\u011fu\u00a0 program\u0131n ders planlar\u0131nda yer alan derslere yaz\u0131larak bu dersleri ba\u015farm\u0131\u015f, \u0130stanbul Ticaret \u00dcniversitesi \u00d6nlisans ve Lisans E\u011fitim ve \u00d6\u011fretim ve S\u0131nav Y\u00f6netmeli\u011fi&#8217;nde g\u00f6sterilen staj ve tasar\u0131m projesi \/bitirme \u00f6devi gibi \u00e7al\u0131\u015fmalar\u0131 ba\u015far\u0131 ile bitirmi\u015f ve GANO&#8217;su en az 2.00 olan \u00f6\u011frenciler \u00dcniversite e\u011fitim-\u00f6\u011fretimini tamamlam\u0131\u015f say\u0131l\u0131rlar.","og_url":"http:\/\/ticaret.edu.tr\/endustri-muhendisligi\/mezuniyet-kosullari\/","og_site_name":"End\u00fcstri M\u00fchendisli\u011fi","article_publisher":"https:\/\/www.facebook.com\/ticaretedutr","article_modified_time":"2025-02-17T07:49:15+00:00","og_image":[{"width":1250,"height":833,"url":"http:\/\/ticaret.edu.tr\/endustri-muhendisligi\/wp-content\/uploads\/sites\/21\/2021\/11\/web_logo-01.jpg","type":"image\/jpeg"}],"twitter_card":"summary_large_image","twitter_site":"@ticaretedutr","twitter_misc":{"Tahmini okuma s\u00fcresi":"1 dakika"},"schema":{"@context":"https:\/\/schema.org","@graph":[{"@type":"WebPage","@id":"http:\/\/ticaret.edu.tr\/endustri-muhendisligi\/mezuniyet-kosullari\/","url":"http:\/\/ticaret.edu.tr\/endustri-muhendisligi\/mezuniyet-kosullari\/","name":"MEZUN\u0130YET KO\u015eULLARI - End\u00fcstri M\u00fchendisli\u011fi","isPartOf":{"@id":"https:\/\/ticaret.edu.tr\/endustri-muhendisligi\/en\/#website"},"datePublished":"2022-10-13T10:58:05+00:00","dateModified":"2025-02-17T07:49:15+00:00","breadcrumb":{"@id":"http:\/\/ticaret.edu.tr\/endustri-muhendisligi\/mezuniyet-kosullari\/#breadcrumb"},"inLanguage":"tr","potentialAction":[{"@type":"ReadAction","target":["http:\/\/ticaret.edu.tr\/endustri-muhendisligi\/mezuniyet-kosullari\/"]}]},{"@type":"BreadcrumbList","@id":"http:\/\/ticaret.edu.tr\/endustri-muhendisligi\/mezuniyet-kosullari\/#breadcrumb","itemListElement":[{"@type":"ListItem","position":1,"name":"Ana sayfa","item":"http:\/\/ticaret.edu.tr\/endustri-muhendisligi\/"},{"@type":"ListItem","position":2,"name":"MEZUN\u0130YET KO\u015eULLARI"}]},{"@type":"WebSite","@id":"https:\/\/ticaret.edu.tr\/endustri-muhendisligi\/en\/#website","url":"https:\/\/ticaret.edu.tr\/endustri-muhendisligi\/en\/","name":"End\u00fcstri M\u00fchendisli\u011fi","description":"","potentialAction":[{"@type":"SearchAction","target":{"@type":"EntryPoint","urlTemplate":"https:\/\/ticaret.edu.tr\/endustri-muhendisligi\/en\/?s={search_term_string}"},"query-input":"required name=search_term_string"}],"inLanguage":"tr"}]}},"lang":"tr","translations":{"tr":607,"en":1155},"pll_sync_post":[],"_links":{"self":[{"href":"http:\/\/ticaret.edu.tr\/endustri-muhendisligi\/wp-json\/wp\/v2\/pages\/607"}],"collection":[{"href":"http:\/\/ticaret.edu.tr\/endustri-muhendisligi\/wp-json\/wp\/v2\/pages"}],"about":[{"href":"http:\/\/ticaret.edu.tr\/endustri-muhendisligi\/wp-json\/wp\/v2\/types\/page"}],"author":[{"embeddable":true,"href":"http:\/\/ticaret.edu.tr\/endustri-muhendisligi\/wp-json\/wp\/v2\/users\/149"}],"replies":[{"embeddable":true,"href":"http:\/\/ticaret.edu.tr\/endustri-muhendisligi\/wp-json\/wp\/v2\/comments?post=607"}],"version-history":[{"count":1,"href":"http:\/\/ticaret.edu.tr\/endustri-muhendisligi\/wp-json\/wp\/v2\/pages\/607\/revisions"}],"predecessor-version":[{"id":608,"href":"http:\/\/ticaret.edu.tr\/endustri-muhendisligi\/wp-json\/wp\/v2\/pages\/607\/revisions\/608"}],"wp:attachment":[{"href":"http:\/\/ticaret.edu.tr\/endustri-muhendisligi\/wp-json\/wp\/v2\/media?parent=607"}],"curies":[{"name":"wp","href":"https:\/\/api.w.org\/{rel}","templated":true}]}}