{"id":668,"date":"2022-10-13T14:45:14","date_gmt":"2022-10-13T11:45:14","guid":{"rendered":"https:\/\/ticaret.edu.tr\/endustri-muhendisligi\/?page_id=668"},"modified":"2025-02-17T10:53:02","modified_gmt":"2025-02-17T07:53:02","slug":"lisansustu-ders-icerikleri","status":"publish","type":"page","link":"http:\/\/ticaret.edu.tr\/endustri-muhendisligi\/lisansustu-ders-icerikleri\/","title":{"rendered":"DERS \u0130\u00c7ER\u0130KLER\u0130"},"content":{"rendered":"<p><strong>Y\u00fcksek Lisans tezli\/tezsiz<\/strong><\/p>\n<p><a href=\"https:\/\/ticaret.edu.tr\/fen-bilimleri-enstitusu\/wp-content\/uploads\/sites\/33\/2022\/08\/ENDUSTRI-MUHENDISLIGI-TEZLI-YUKSEK-LISANS-PROGRAMI-MUFREDATI.pdf\"><strong>Tezli Y\u00fcksek Lisans<\/strong><\/a><\/p>\n<p><a href=\"https:\/\/ticaret.edu.tr\/fen-bilimleri-enstitusu\/wp-content\/uploads\/sites\/33\/2022\/08\/ENDUSTRI-MUHENDISLIGI-TEZSIZ-YUKSEK-LISANS-PROGRAMI-MUFREDATI.pdf\"><strong>Tezsiz Y\u00fcksek Lisans<\/strong><\/a><\/p>\n<p><a href=\"https:\/\/ticaret.edu.tr\/fen-bilimleri-enstitusu\/endustri-muhendisligi-yuksek-lisans-ders-tanitim-formu-syllabus\/\"><strong>Ders Tan\u0131t\u0131m Formu<\/strong><\/a><\/p>\n<p><strong>Doktora <\/strong><\/p>\n<p><a href=\"https:\/\/ticaret.edu.tr\/fen-bilimleri-enstitusu\/wp-content\/uploads\/sites\/33\/2022\/08\/ENDUSTRI-MUHENDISLIGI-DOKTORA-PROGRAMI-MUFREDATI.pdf\"><strong>Doktora Program\u0131<\/strong><\/a><\/p>\n<p><a href=\"http:\/\/tubis.ticaret.edu.tr\/_Bologna\/Bolum\/DersListe.aspx?adi=BCJCgIjnuGbLFt70\/qigtw==\"><strong>Bologna Ders Listesi<\/strong><\/a><\/p>\n","protected":false},"excerpt":{"rendered":"<p>Y\u00fcksek Lisans tezli\/tezsiz Tezli Y\u00fcksek Lisans Tezsiz Y\u00fcksek Lisans Ders Tan\u0131t\u0131m Formu Doktora Doktora Program\u0131 Bologna Ders Listesi<\/p>\n","protected":false},"author":149,"featured_media":0,"parent":0,"menu_order":0,"comment_status":"closed","ping_status":"closed","template":"genel_sayfa.php","meta":{"footnotes":""},"yoast_head":"<!-- This site is optimized with the Yoast SEO Premium plugin v22.1 (Yoast SEO v22.1) - https:\/\/yoast.com\/wordpress\/plugins\/seo\/ -->\n<title>DERS \u0130\u00c7ER\u0130KLER\u0130 - End\u00fcstri M\u00fchendisli\u011fi<\/title>\n<meta name=\"robots\" content=\"index, follow, max-snippet:-1, max-image-preview:large, max-video-preview:-1\" \/>\n<link rel=\"canonical\" href=\"http:\/\/ticaret.edu.tr\/endustri-muhendisligi\/lisansustu-ders-icerikleri\/\" \/>\n<meta property=\"og:locale\" content=\"tr_TR\" \/>\n<meta property=\"og:type\" content=\"article\" \/>\n<meta property=\"og:title\" content=\"DERS \u0130\u00c7ER\u0130KLER\u0130\" \/>\n<meta property=\"og:description\" content=\"Y\u00fcksek Lisans tezli\/tezsiz Tezli Y\u00fcksek Lisans Tezsiz Y\u00fcksek Lisans Ders Tan\u0131t\u0131m Formu Doktora Doktora Program\u0131 Bologna Ders Listesi\" \/>\n<meta property=\"og:url\" content=\"http:\/\/ticaret.edu.tr\/endustri-muhendisligi\/lisansustu-ders-icerikleri\/\" \/>\n<meta property=\"og:site_name\" content=\"End\u00fcstri M\u00fchendisli\u011fi\" \/>\n<meta property=\"article:publisher\" content=\"https:\/\/www.facebook.com\/ticaretedutr\" \/>\n<meta property=\"article:modified_time\" content=\"2025-02-17T07:53:02+00:00\" \/>\n<meta property=\"og:image\" content=\"http:\/\/ticaret.edu.tr\/endustri-muhendisligi\/wp-content\/uploads\/sites\/21\/2021\/11\/web_logo-01.jpg\" \/>\n\t<meta property=\"og:image:width\" content=\"1250\" \/>\n\t<meta property=\"og:image:height\" content=\"833\" \/>\n\t<meta property=\"og:image:type\" content=\"image\/jpeg\" \/>\n<meta name=\"twitter:card\" content=\"summary_large_image\" \/>\n<meta name=\"twitter:site\" content=\"@ticaretedutr\" \/>\n<meta name=\"twitter:label1\" content=\"Tahmini okuma s\u00fcresi\" \/>\n\t<meta name=\"twitter:data1\" content=\"1 dakika\" \/>\n<script type=\"application\/ld+json\" class=\"yoast-schema-graph\">{\"@context\":\"https:\/\/schema.org\",\"@graph\":[{\"@type\":\"WebPage\",\"@id\":\"http:\/\/ticaret.edu.tr\/endustri-muhendisligi\/lisansustu-ders-icerikleri\/\",\"url\":\"http:\/\/ticaret.edu.tr\/endustri-muhendisligi\/lisansustu-ders-icerikleri\/\",\"name\":\"DERS \u0130\u00c7ER\u0130KLER\u0130 - End\u00fcstri M\u00fchendisli\u011fi\",\"isPartOf\":{\"@id\":\"https:\/\/ticaret.edu.tr\/endustri-muhendisligi\/en\/#website\"},\"datePublished\":\"2022-10-13T11:45:14+00:00\",\"dateModified\":\"2025-02-17T07:53:02+00:00\",\"breadcrumb\":{\"@id\":\"http:\/\/ticaret.edu.tr\/endustri-muhendisligi\/lisansustu-ders-icerikleri\/#breadcrumb\"},\"inLanguage\":\"tr\",\"potentialAction\":[{\"@type\":\"ReadAction\",\"target\":[\"http:\/\/ticaret.edu.tr\/endustri-muhendisligi\/lisansustu-ders-icerikleri\/\"]}]},{\"@type\":\"BreadcrumbList\",\"@id\":\"http:\/\/ticaret.edu.tr\/endustri-muhendisligi\/lisansustu-ders-icerikleri\/#breadcrumb\",\"itemListElement\":[{\"@type\":\"ListItem\",\"position\":1,\"name\":\"Ana sayfa\",\"item\":\"http:\/\/ticaret.edu.tr\/endustri-muhendisligi\/\"},{\"@type\":\"ListItem\",\"position\":2,\"name\":\"DERS \u0130\u00c7ER\u0130KLER\u0130\"}]},{\"@type\":\"WebSite\",\"@id\":\"https:\/\/ticaret.edu.tr\/endustri-muhendisligi\/en\/#website\",\"url\":\"https:\/\/ticaret.edu.tr\/endustri-muhendisligi\/en\/\",\"name\":\"End\u00fcstri M\u00fchendisli\u011fi\",\"description\":\"\",\"potentialAction\":[{\"@type\":\"SearchAction\",\"target\":{\"@type\":\"EntryPoint\",\"urlTemplate\":\"https:\/\/ticaret.edu.tr\/endustri-muhendisligi\/en\/?s={search_term_string}\"},\"query-input\":\"required name=search_term_string\"}],\"inLanguage\":\"tr\"}]}<\/script>\n<!-- \/ Yoast SEO Premium plugin. -->","yoast_head_json":{"title":"DERS \u0130\u00c7ER\u0130KLER\u0130 - End\u00fcstri M\u00fchendisli\u011fi","robots":{"index":"index","follow":"follow","max-snippet":"max-snippet:-1","max-image-preview":"max-image-preview:large","max-video-preview":"max-video-preview:-1"},"canonical":"http:\/\/ticaret.edu.tr\/endustri-muhendisligi\/lisansustu-ders-icerikleri\/","og_locale":"tr_TR","og_type":"article","og_title":"DERS \u0130\u00c7ER\u0130KLER\u0130","og_description":"Y\u00fcksek Lisans tezli\/tezsiz Tezli Y\u00fcksek Lisans Tezsiz Y\u00fcksek Lisans Ders Tan\u0131t\u0131m Formu Doktora Doktora Program\u0131 Bologna Ders Listesi","og_url":"http:\/\/ticaret.edu.tr\/endustri-muhendisligi\/lisansustu-ders-icerikleri\/","og_site_name":"End\u00fcstri M\u00fchendisli\u011fi","article_publisher":"https:\/\/www.facebook.com\/ticaretedutr","article_modified_time":"2025-02-17T07:53:02+00:00","og_image":[{"width":1250,"height":833,"url":"http:\/\/ticaret.edu.tr\/endustri-muhendisligi\/wp-content\/uploads\/sites\/21\/2021\/11\/web_logo-01.jpg","type":"image\/jpeg"}],"twitter_card":"summary_large_image","twitter_site":"@ticaretedutr","twitter_misc":{"Tahmini okuma s\u00fcresi":"1 dakika"},"schema":{"@context":"https:\/\/schema.org","@graph":[{"@type":"WebPage","@id":"http:\/\/ticaret.edu.tr\/endustri-muhendisligi\/lisansustu-ders-icerikleri\/","url":"http:\/\/ticaret.edu.tr\/endustri-muhendisligi\/lisansustu-ders-icerikleri\/","name":"DERS \u0130\u00c7ER\u0130KLER\u0130 - End\u00fcstri M\u00fchendisli\u011fi","isPartOf":{"@id":"https:\/\/ticaret.edu.tr\/endustri-muhendisligi\/en\/#website"},"datePublished":"2022-10-13T11:45:14+00:00","dateModified":"2025-02-17T07:53:02+00:00","breadcrumb":{"@id":"http:\/\/ticaret.edu.tr\/endustri-muhendisligi\/lisansustu-ders-icerikleri\/#breadcrumb"},"inLanguage":"tr","potentialAction":[{"@type":"ReadAction","target":["http:\/\/ticaret.edu.tr\/endustri-muhendisligi\/lisansustu-ders-icerikleri\/"]}]},{"@type":"BreadcrumbList","@id":"http:\/\/ticaret.edu.tr\/endustri-muhendisligi\/lisansustu-ders-icerikleri\/#breadcrumb","itemListElement":[{"@type":"ListItem","position":1,"name":"Ana sayfa","item":"http:\/\/ticaret.edu.tr\/endustri-muhendisligi\/"},{"@type":"ListItem","position":2,"name":"DERS \u0130\u00c7ER\u0130KLER\u0130"}]},{"@type":"WebSite","@id":"https:\/\/ticaret.edu.tr\/endustri-muhendisligi\/en\/#website","url":"https:\/\/ticaret.edu.tr\/endustri-muhendisligi\/en\/","name":"End\u00fcstri M\u00fchendisli\u011fi","description":"","potentialAction":[{"@type":"SearchAction","target":{"@type":"EntryPoint","urlTemplate":"https:\/\/ticaret.edu.tr\/endustri-muhendisligi\/en\/?s={search_term_string}"},"query-input":"required name=search_term_string"}],"inLanguage":"tr"}]}},"lang":"tr","translations":{"tr":668,"en":1207},"pll_sync_post":[],"_links":{"self":[{"href":"http:\/\/ticaret.edu.tr\/endustri-muhendisligi\/wp-json\/wp\/v2\/pages\/668"}],"collection":[{"href":"http:\/\/ticaret.edu.tr\/endustri-muhendisligi\/wp-json\/wp\/v2\/pages"}],"about":[{"href":"http:\/\/ticaret.edu.tr\/endustri-muhendisligi\/wp-json\/wp\/v2\/types\/page"}],"author":[{"embeddable":true,"href":"http:\/\/ticaret.edu.tr\/endustri-muhendisligi\/wp-json\/wp\/v2\/users\/149"}],"replies":[{"embeddable":true,"href":"http:\/\/ticaret.edu.tr\/endustri-muhendisligi\/wp-json\/wp\/v2\/comments?post=668"}],"version-history":[{"count":2,"href":"http:\/\/ticaret.edu.tr\/endustri-muhendisligi\/wp-json\/wp\/v2\/pages\/668\/revisions"}],"predecessor-version":[{"id":1300,"href":"http:\/\/ticaret.edu.tr\/endustri-muhendisligi\/wp-json\/wp\/v2\/pages\/668\/revisions\/1300"}],"wp:attachment":[{"href":"http:\/\/ticaret.edu.tr\/endustri-muhendisligi\/wp-json\/wp\/v2\/media?parent=668"}],"curies":[{"name":"wp","href":"https:\/\/api.w.org\/{rel}","templated":true}]}}