{"id":8,"date":"2020-05-03T16:08:18","date_gmt":"2020-05-03T13:08:18","guid":{"rendered":"http:\/\/ticaret.edu.tr\/endustri\/?page_id=8"},"modified":"2025-03-10T12:06:32","modified_gmt":"2025-03-10T09:06:32","slug":"proje-destekler","status":"publish","type":"page","link":"http:\/\/ticaret.edu.tr\/endustri-muhendisligi\/proje-destekler\/","title":{"rendered":"PROJE \/ DESTEKLER"},"content":{"rendered":"<p>[BAP &#8211; Ara\u015ft\u0131rmac\u0131] Kuru tonerli ve s\u0131v\u0131 tonerli dijital bask\u0131 sistemlerinde ku\u015felenmi\u015f ve ku\u015felenmemi\u015f bask\u0131 alt\u0131 malzemeleri \u00fczerine bask\u0131lar\u0131n\u0131n incelenmesi , Kuru tonerli ve s\u0131v\u0131 tonerli dijital bask\u0131 sistemlerinde ku\u015felenmi\u015f ve ku\u015felenmemi\u015f bask\u0131 alt\u0131 malzemeleri \u00fczerine bask\u0131lar\u0131n\u0131n kalite ve nicelik olarak incelenmesi , 01.01.2013 &#8211; 14.04.2014<\/p>\n<p>[Di\u011fer &#8211; Y\u00fcr\u00fct\u00fcc\u00fc\/Y\u00f6netici (Birinci Derece Sorumluluk)] Ticari Binalarda Enerji T\u00fcketim Ara\u015ft\u0131rmas\u0131\u201d (T\u0130BET), Projenin konusu, ticari ve kamu binalar\u0131n\u0131n enerji t\u00fcketimlerini analiz etmektir. Buna ba\u011fl\u0131 olarak \u00f6rnekleme modelinin \u00e7\u0131kart\u0131lmas\u0131 i\u00e7in T\u00fcrkiye\u2019deki iklim b\u00f6lgeleri g\u00f6zden ge\u00e7irilip, g\u00fcncel derece saat verilerine g\u00f6re T\u00fcrkiye\u2019nin yeni bir iklim b\u00f6lgeleri haritas\u0131 olu\u015fturulacak; her iklim b\u00f6lgesinde \u00f6rnekleme i\u00e7in al\u0131nmas\u0131 gereken bina tipleri belirlenip bina \u00f6rneklemesinin g\u00fcvenilir bir \u015fekilde yap\u0131lmas\u0131 i\u00e7in gerekli istatistik \u00e7al\u0131\u015fma yap\u0131lacakt\u0131r., 12.10.2015 &#8211; 06.01.2017<\/p>\n<p>[AB Projesi &#8211; Ara\u015ft\u0131rmac\u0131] Belediyeler ve \u00dcniversiteler i\u00e7in Yenilenebilir Enerji ve Enerji Verimlili\u011fi Teknik Destek Projesi\u2019nin (YEVDES), \u00dcniversitemizde Enerji et\u00fcd\u00fc ve enerji verimlili\u011fi \u00e7al\u0131\u015fmas\u0131n\u0131n \u00fccretsiz olarak yetkili dan\u0131\u015fmanlar ile yap\u0131lmas\u0131, 01.04.2019 &#8211; 30.09.2021<\/p>\n<p>[AB Projesi &#8211; Proje Koordinat\u00f6r Yrd.] DRILLING IMPROVEMENT PROJECT, MTA sondaj kuyular\u0131 i\u00e7in iSG \u00e7al\u0131\u015fmas\u0131, 29.06.2020 &#8211; 27.09.2021<\/p>\n<p>[T\u00dcB\u0130TAK Projesi &#8211; Ara\u015ft\u0131rmac\u0131] U\u00e7aklarda Farkl\u0131 tekniklerle Yap\u0131sal Durum Analizi, Aircraft structural health monitoring with different techniques, 15.07.2010 &#8211; 15.07.2012<\/p>\n<p>[T\u00dcB\u0130TAK Projesi &#8211; Ara\u015ft\u0131rmac\u0131] U\u00e7aklarda Farkl\u0131 tekniklerle Yap\u0131sal Durum Analizi, Aircraft structural health monitoring with different techniques, 15.07.2010 &#8211; 15.07.2012<\/p>\n<p>[T\u00dcB\u0130TAK Projesi &#8211; Ara\u015ft\u0131rmac\u0131] U\u00e7aklarda Farkl\u0131 tekniklerle Yap\u0131sal Durum Analizi, Yap\u0131sal durum analizi, 15.07.2010 &#8211; 14.07.2012<\/p>\n<p>&nbsp;<\/p>\n<p>[T\u00dcB\u0130TAK Projesi &#8211; Ara\u015ft\u0131rmac\u0131] Elektrik ve Elektronik At\u0131klar\u0131n Tersine Lojistik S\u00fcre\u00e7lerinin \u0130yile\u015ftirilmesine Y\u00f6nelik B\u00fct\u00fcnle\u015fik Bir Sistem Tasar\u0131m\u0131, Elektrik ve Elektronik At\u0131klar\u0131n Tersine Lojistik S\u00fcre\u00e7lerinin \u0130yile\u015ftirilmesine Y\u00f6nelik B\u00fct\u00fcnle\u015fik Bir Sistem Tasar\u0131m\u0131n\u0131n yap\u0131lmas\u0131, 01.09.2015 &#8211; 31.03.2017<\/p>\n<p>[BAP &#8211; Y\u00fcr\u00fct\u00fcc\u00fc\/Y\u00f6netici (Birinci Derece Sorumluluk)] \u00d6mr\u00fcn\u00fc Tamamlam\u0131\u015f Ara\u00e7lar \u0130\u00e7in Tersine Lojistik A\u011f Tasar\u0131m\u0131, \u00d6mr\u00fcn\u00fc Tamamlam\u0131\u015f Ara\u00e7lar \u0130\u00e7in Tersine Lojistik A\u011f Tasar\u0131m\u0131 i\u00e7in model \u00f6nerisinde bulunmak, 16.06.2017 &#8211; 16.05.2018<\/p>\n<p>[BAP &#8211; Y\u00fcr\u00fct\u00fcc\u00fc\/Y\u00f6netici (Birinci Derece Sorumluluk)] Biyodizel yak\u0131tlar i\u00e7in s\u00fcrd\u00fcr\u00fclebilir tedarik zinciri a\u011f tasar\u0131m\u0131, Biyodizel yak\u0131tlar i\u00e7in s\u00fcrd\u00fcr\u00fclebilir tedarik zinciri a\u011f tasar\u0131m\u0131, 16.06.2017 &#8211; 16.04.2018<\/p>\n","protected":false},"excerpt":{"rendered":"<p>[BAP &#8211; Ara\u015ft\u0131rmac\u0131] Kuru tonerli ve s\u0131v\u0131 tonerli dijital bask\u0131 sistemlerinde ku\u015felenmi\u015f ve ku\u015felenmemi\u015f bask\u0131 alt\u0131 malzemeleri \u00fczerine bask\u0131lar\u0131n\u0131n incelenmesi , Kuru tonerli ve s\u0131v\u0131 tonerli dijital bask\u0131 sistemlerinde ku\u015felenmi\u015f ve ku\u015felenmemi\u015f bask\u0131 alt\u0131 malzemeleri \u00fczerine bask\u0131lar\u0131n\u0131n kalite ve nicelik olarak incelenmesi , 01.01.2013 &#8211; 14.04.2014 [Di\u011fer &#8211; Y\u00fcr\u00fct\u00fcc\u00fc\/Y\u00f6netici (Birinci Derece Sorumluluk)] Ticari Binalarda Enerji [&hellip;]<\/p>\n","protected":false},"author":1,"featured_media":0,"parent":0,"menu_order":0,"comment_status":"closed","ping_status":"closed","template":"genel_sayfa.php","meta":{"footnotes":""},"yoast_head":"<!-- This site is optimized with the Yoast SEO Premium plugin v22.1 (Yoast SEO v22.1) - https:\/\/yoast.com\/wordpress\/plugins\/seo\/ -->\n<title>PROJE \/ DESTEKLER - End\u00fcstri M\u00fchendisli\u011fi<\/title>\n<meta name=\"description\" content=\"\u0130\u015f D\u00fcnyas\u0131n\u0131n \u00dcniversitesi, \u0130stanbul Ticaret \u00dcniversitesi End\u00fcstri M\u00fchendisli\u011fi B\u00f6l\u00fcm\u00fcnde Baz\u0131 Bitirme Projeleri\" \/>\n<meta name=\"robots\" content=\"index, follow, max-snippet:-1, max-image-preview:large, max-video-preview:-1\" \/>\n<link rel=\"canonical\" href=\"https:\/\/ticaret.edu.tr\/endustri-muhendisligi\/proje-destekler\/\" \/>\n<meta property=\"og:locale\" content=\"tr_TR\" \/>\n<meta property=\"og:type\" content=\"article\" \/>\n<meta property=\"og:title\" content=\"PROJE \/ DESTEKLER\" \/>\n<meta property=\"og:description\" content=\"\u0130\u015f D\u00fcnyas\u0131n\u0131n \u00dcniversitesi, \u0130stanbul Ticaret \u00dcniversitesi End\u00fcstri M\u00fchendisli\u011fi B\u00f6l\u00fcm\u00fcnde Baz\u0131 Bitirme Projeleri\" \/>\n<meta property=\"og:url\" content=\"https:\/\/ticaret.edu.tr\/endustri-muhendisligi\/proje-destekler\/\" \/>\n<meta property=\"og:site_name\" content=\"End\u00fcstri M\u00fchendisli\u011fi\" \/>\n<meta property=\"article:publisher\" content=\"https:\/\/www.facebook.com\/ticaretedutr\" \/>\n<meta property=\"article:modified_time\" content=\"2025-03-10T09:06:32+00:00\" \/>\n<meta property=\"og:image\" content=\"http:\/\/ticaret.edu.tr\/endustri-muhendisligi\/wp-content\/uploads\/sites\/21\/2021\/11\/web_logo-01.jpg\" \/>\n\t<meta property=\"og:image:width\" content=\"1250\" \/>\n\t<meta property=\"og:image:height\" content=\"833\" \/>\n\t<meta property=\"og:image:type\" content=\"image\/jpeg\" \/>\n<meta name=\"twitter:card\" content=\"summary_large_image\" \/>\n<meta name=\"twitter:site\" content=\"@ticaretedutr\" \/>\n<meta name=\"twitter:label1\" content=\"Tahmini okuma s\u00fcresi\" \/>\n\t<meta name=\"twitter:data1\" content=\"2 dakika\" \/>\n<script type=\"application\/ld+json\" class=\"yoast-schema-graph\">{\"@context\":\"https:\/\/schema.org\",\"@graph\":[{\"@type\":\"WebPage\",\"@id\":\"https:\/\/ticaret.edu.tr\/endustri-muhendisligi\/proje-destekler\/\",\"url\":\"https:\/\/ticaret.edu.tr\/endustri-muhendisligi\/proje-destekler\/\",\"name\":\"PROJE \/ DESTEKLER - End\u00fcstri M\u00fchendisli\u011fi\",\"isPartOf\":{\"@id\":\"https:\/\/ticaret.edu.tr\/endustri-muhendisligi\/en\/#website\"},\"datePublished\":\"2020-05-03T13:08:18+00:00\",\"dateModified\":\"2025-03-10T09:06:32+00:00\",\"description\":\"\u0130\u015f D\u00fcnyas\u0131n\u0131n \u00dcniversitesi, \u0130stanbul Ticaret \u00dcniversitesi End\u00fcstri M\u00fchendisli\u011fi B\u00f6l\u00fcm\u00fcnde Baz\u0131 Bitirme Projeleri\",\"breadcrumb\":{\"@id\":\"https:\/\/ticaret.edu.tr\/endustri-muhendisligi\/proje-destekler\/#breadcrumb\"},\"inLanguage\":\"tr\",\"potentialAction\":[{\"@type\":\"ReadAction\",\"target\":[\"https:\/\/ticaret.edu.tr\/endustri-muhendisligi\/proje-destekler\/\"]}]},{\"@type\":\"BreadcrumbList\",\"@id\":\"https:\/\/ticaret.edu.tr\/endustri-muhendisligi\/proje-destekler\/#breadcrumb\",\"itemListElement\":[{\"@type\":\"ListItem\",\"position\":1,\"name\":\"Ana sayfa\",\"item\":\"http:\/\/ticaret.edu.tr\/endustri-muhendisligi\/\"},{\"@type\":\"ListItem\",\"position\":2,\"name\":\"PROJE \/ DESTEKLER\"}]},{\"@type\":\"WebSite\",\"@id\":\"https:\/\/ticaret.edu.tr\/endustri-muhendisligi\/en\/#website\",\"url\":\"https:\/\/ticaret.edu.tr\/endustri-muhendisligi\/en\/\",\"name\":\"End\u00fcstri M\u00fchendisli\u011fi\",\"description\":\"\",\"potentialAction\":[{\"@type\":\"SearchAction\",\"target\":{\"@type\":\"EntryPoint\",\"urlTemplate\":\"https:\/\/ticaret.edu.tr\/endustri-muhendisligi\/en\/?s={search_term_string}\"},\"query-input\":\"required name=search_term_string\"}],\"inLanguage\":\"tr\"}]}<\/script>\n<!-- \/ Yoast SEO Premium plugin. -->","yoast_head_json":{"title":"PROJE \/ DESTEKLER - End\u00fcstri M\u00fchendisli\u011fi","description":"\u0130\u015f D\u00fcnyas\u0131n\u0131n \u00dcniversitesi, \u0130stanbul Ticaret \u00dcniversitesi End\u00fcstri M\u00fchendisli\u011fi B\u00f6l\u00fcm\u00fcnde Baz\u0131 Bitirme Projeleri","robots":{"index":"index","follow":"follow","max-snippet":"max-snippet:-1","max-image-preview":"max-image-preview:large","max-video-preview":"max-video-preview:-1"},"canonical":"https:\/\/ticaret.edu.tr\/endustri-muhendisligi\/proje-destekler\/","og_locale":"tr_TR","og_type":"article","og_title":"PROJE \/ DESTEKLER","og_description":"\u0130\u015f D\u00fcnyas\u0131n\u0131n \u00dcniversitesi, \u0130stanbul Ticaret \u00dcniversitesi End\u00fcstri M\u00fchendisli\u011fi B\u00f6l\u00fcm\u00fcnde Baz\u0131 Bitirme Projeleri","og_url":"https:\/\/ticaret.edu.tr\/endustri-muhendisligi\/proje-destekler\/","og_site_name":"End\u00fcstri M\u00fchendisli\u011fi","article_publisher":"https:\/\/www.facebook.com\/ticaretedutr","article_modified_time":"2025-03-10T09:06:32+00:00","og_image":[{"width":1250,"height":833,"url":"http:\/\/ticaret.edu.tr\/endustri-muhendisligi\/wp-content\/uploads\/sites\/21\/2021\/11\/web_logo-01.jpg","type":"image\/jpeg"}],"twitter_card":"summary_large_image","twitter_site":"@ticaretedutr","twitter_misc":{"Tahmini okuma s\u00fcresi":"2 dakika"},"schema":{"@context":"https:\/\/schema.org","@graph":[{"@type":"WebPage","@id":"https:\/\/ticaret.edu.tr\/endustri-muhendisligi\/proje-destekler\/","url":"https:\/\/ticaret.edu.tr\/endustri-muhendisligi\/proje-destekler\/","name":"PROJE \/ DESTEKLER - End\u00fcstri M\u00fchendisli\u011fi","isPartOf":{"@id":"https:\/\/ticaret.edu.tr\/endustri-muhendisligi\/en\/#website"},"datePublished":"2020-05-03T13:08:18+00:00","dateModified":"2025-03-10T09:06:32+00:00","description":"\u0130\u015f D\u00fcnyas\u0131n\u0131n \u00dcniversitesi, \u0130stanbul Ticaret \u00dcniversitesi End\u00fcstri M\u00fchendisli\u011fi B\u00f6l\u00fcm\u00fcnde Baz\u0131 Bitirme Projeleri","breadcrumb":{"@id":"https:\/\/ticaret.edu.tr\/endustri-muhendisligi\/proje-destekler\/#breadcrumb"},"inLanguage":"tr","potentialAction":[{"@type":"ReadAction","target":["https:\/\/ticaret.edu.tr\/endustri-muhendisligi\/proje-destekler\/"]}]},{"@type":"BreadcrumbList","@id":"https:\/\/ticaret.edu.tr\/endustri-muhendisligi\/proje-destekler\/#breadcrumb","itemListElement":[{"@type":"ListItem","position":1,"name":"Ana sayfa","item":"http:\/\/ticaret.edu.tr\/endustri-muhendisligi\/"},{"@type":"ListItem","position":2,"name":"PROJE \/ DESTEKLER"}]},{"@type":"WebSite","@id":"https:\/\/ticaret.edu.tr\/endustri-muhendisligi\/en\/#website","url":"https:\/\/ticaret.edu.tr\/endustri-muhendisligi\/en\/","name":"End\u00fcstri M\u00fchendisli\u011fi","description":"","potentialAction":[{"@type":"SearchAction","target":{"@type":"EntryPoint","urlTemplate":"https:\/\/ticaret.edu.tr\/endustri-muhendisligi\/en\/?s={search_term_string}"},"query-input":"required name=search_term_string"}],"inLanguage":"tr"}]}},"lang":"tr","translations":{"tr":8,"en":1238},"pll_sync_post":[],"_links":{"self":[{"href":"http:\/\/ticaret.edu.tr\/endustri-muhendisligi\/wp-json\/wp\/v2\/pages\/8"}],"collection":[{"href":"http:\/\/ticaret.edu.tr\/endustri-muhendisligi\/wp-json\/wp\/v2\/pages"}],"about":[{"href":"http:\/\/ticaret.edu.tr\/endustri-muhendisligi\/wp-json\/wp\/v2\/types\/page"}],"author":[{"embeddable":true,"href":"http:\/\/ticaret.edu.tr\/endustri-muhendisligi\/wp-json\/wp\/v2\/users\/1"}],"replies":[{"embeddable":true,"href":"http:\/\/ticaret.edu.tr\/endustri-muhendisligi\/wp-json\/wp\/v2\/comments?post=8"}],"version-history":[{"count":6,"href":"http:\/\/ticaret.edu.tr\/endustri-muhendisligi\/wp-json\/wp\/v2\/pages\/8\/revisions"}],"predecessor-version":[{"id":1392,"href":"http:\/\/ticaret.edu.tr\/endustri-muhendisligi\/wp-json\/wp\/v2\/pages\/8\/revisions\/1392"}],"wp:attachment":[{"href":"http:\/\/ticaret.edu.tr\/endustri-muhendisligi\/wp-json\/wp\/v2\/media?parent=8"}],"curies":[{"name":"wp","href":"https:\/\/api.w.org\/{rel}","templated":true}]}}