{"id":1046,"date":"2025-01-27T10:41:59","date_gmt":"2025-01-27T07:41:59","guid":{"rendered":"https:\/\/ticaret.edu.tr\/endustriyel-tasarim\/?page_id=1046"},"modified":"2026-02-11T14:19:34","modified_gmt":"2026-02-11T11:19:34","slug":"proje-destekler","status":"publish","type":"page","link":"http:\/\/ticaret.edu.tr\/endustriyel-tasarim\/proje-destekler\/","title":{"rendered":"Proje \/ Destekler"},"content":{"rendered":"<table style=\"font-weight: 400;height: 265px\" width=\"822\">\n<tbody>\n<tr>\n<td width=\"247\"><strong>AKADEM\u0130K KADRO<\/strong><\/td>\n<td width=\"391\"><strong>PROJELER VE DESTEKLER<\/strong><\/td>\n<\/tr>\n<tr>\n<td><strong>Dr. \u00d6\u011fr. \u00dcyesi P\u0131nar \u00d6zt\u00fcrk Demirta\u015f<\/strong><\/td>\n<td>https:\/\/avesis.ticaret.edu.tr\/podemirtas\/projeler<\/td>\n<\/tr>\n<tr>\n<td><strong>Dr. \u00d6\u011fr. \u00dcyesi \u00c7\u0131nar Narter<\/strong><\/td>\n<td>https:\/\/avesis.ticaret.edu.tr\/cnarter\/projeler<\/td>\n<\/tr>\n<tr>\n<td><strong>\u00d6\u011fr. G\u00f6r. Dr. Burcu Torum<\/strong><\/td>\n<td>https:\/\/avesis.ticaret.edu.tr\/btorum\/projeler<\/td>\n<\/tr>\n<tr>\n<td><strong>\u00d6\u011fr. G\u00f6r. Dr. Ceylan \u015eahin<\/strong><\/td>\n<td>https:\/\/avesis.ticaret.edu.tr\/csitembolukbasi\/projeler<\/td>\n<\/tr>\n<tr>\n<td><strong>\u00d6\u011fr. G\u00f6r. Aybike Eser<\/strong><\/td>\n<td>https:\/\/avesis.ticaret.edu.tr\/aeser\/projeler<\/td>\n<\/tr>\n<tr>\n<td><strong>\u00d6\u011fr. G\u00f6r. Elif G\u00f6kaltay<\/strong><\/td>\n<td>https:\/\/avesis.ticaret.edu.tr\/egokaltay\/projeler<\/td>\n<\/tr>\n<tr>\n<td><strong>Ar\u015f. G\u00f6r. Elif \u0130lbay<\/strong><\/td>\n<td>https:\/\/avesis.ticaret.edu.tr\/eilbay\/projeler<\/td>\n<\/tr>\n<\/tbody>\n<\/table>\n","protected":false},"excerpt":{"rendered":"<p>AKADEM\u0130K KADRO PROJELER VE DESTEKLER Dr. \u00d6\u011fr. \u00dcyesi P\u0131nar \u00d6zt\u00fcrk Demirta\u015f https:\/\/avesis.ticaret.edu.tr\/podemirtas\/projeler Dr. \u00d6\u011fr. \u00dcyesi \u00c7\u0131nar Narter https:\/\/avesis.ticaret.edu.tr\/cnarter\/projeler \u00d6\u011fr. G\u00f6r. Dr. Burcu Torum https:\/\/avesis.ticaret.edu.tr\/btorum\/projeler \u00d6\u011fr. G\u00f6r. Dr. Ceylan \u015eahin https:\/\/avesis.ticaret.edu.tr\/csitembolukbasi\/projeler \u00d6\u011fr. G\u00f6r. Aybike Eser https:\/\/avesis.ticaret.edu.tr\/aeser\/projeler \u00d6\u011fr. G\u00f6r. Elif G\u00f6kaltay https:\/\/avesis.ticaret.edu.tr\/egokaltay\/projeler Ar\u015f. G\u00f6r. Elif \u0130lbay https:\/\/avesis.ticaret.edu.tr\/eilbay\/projeler<\/p>\n","protected":false},"author":139,"featured_media":0,"parent":0,"menu_order":0,"comment_status":"closed","ping_status":"closed","template":"genel_sayfa.php","meta":{"footnotes":""},"yoast_head":"<!-- This site is optimized with the Yoast SEO Premium plugin v22.1 (Yoast SEO v22.1) - https:\/\/yoast.com\/wordpress\/plugins\/seo\/ -->\n<title>Proje \/ Destekler - End\u00fcstriyel Tasar\u0131m<\/title>\n<meta name=\"robots\" content=\"index, follow, max-snippet:-1, max-image-preview:large, max-video-preview:-1\" \/>\n<link rel=\"canonical\" href=\"http:\/\/ticaret.edu.tr\/endustriyel-tasarim\/proje-destekler\/\" \/>\n<meta property=\"og:locale\" content=\"tr_TR\" \/>\n<meta property=\"og:type\" content=\"article\" \/>\n<meta property=\"og:title\" content=\"Proje \/ Destekler\" \/>\n<meta property=\"og:description\" content=\"AKADEM\u0130K KADRO PROJELER VE DESTEKLER Dr. \u00d6\u011fr. \u00dcyesi P\u0131nar \u00d6zt\u00fcrk Demirta\u015f https:\/\/avesis.ticaret.edu.tr\/podemirtas\/projeler Dr. \u00d6\u011fr. \u00dcyesi \u00c7\u0131nar Narter https:\/\/avesis.ticaret.edu.tr\/cnarter\/projeler \u00d6\u011fr. G\u00f6r. Dr. Burcu Torum https:\/\/avesis.ticaret.edu.tr\/btorum\/projeler \u00d6\u011fr. G\u00f6r. Dr. Ceylan \u015eahin https:\/\/avesis.ticaret.edu.tr\/csitembolukbasi\/projeler \u00d6\u011fr. G\u00f6r. Aybike Eser https:\/\/avesis.ticaret.edu.tr\/aeser\/projeler \u00d6\u011fr. G\u00f6r. Elif G\u00f6kaltay https:\/\/avesis.ticaret.edu.tr\/egokaltay\/projeler Ar\u015f. G\u00f6r. Elif \u0130lbay https:\/\/avesis.ticaret.edu.tr\/eilbay\/projeler\" \/>\n<meta property=\"og:url\" content=\"http:\/\/ticaret.edu.tr\/endustriyel-tasarim\/proje-destekler\/\" \/>\n<meta property=\"og:site_name\" content=\"End\u00fcstriyel Tasar\u0131m\" \/>\n<meta property=\"article:publisher\" content=\"https:\/\/www.facebook.com\/ticaretedutr\" \/>\n<meta property=\"article:modified_time\" content=\"2026-02-11T11:19:34+00:00\" \/>\n<meta property=\"og:image\" content=\"http:\/\/ticaret.edu.tr\/endustriyel-tasarim\/wp-content\/uploads\/sites\/23\/2021\/11\/web_logo-01.jpg\" \/>\n\t<meta property=\"og:image:width\" content=\"1250\" \/>\n\t<meta property=\"og:image:height\" content=\"833\" \/>\n\t<meta property=\"og:image:type\" content=\"image\/jpeg\" \/>\n<meta name=\"twitter:card\" content=\"summary_large_image\" \/>\n<meta name=\"twitter:site\" content=\"@ticaretedutr\" \/>\n<meta name=\"twitter:label1\" content=\"Tahmini okuma s\u00fcresi\" \/>\n\t<meta name=\"twitter:data1\" content=\"1 dakika\" \/>\n<script type=\"application\/ld+json\" class=\"yoast-schema-graph\">{\"@context\":\"https:\/\/schema.org\",\"@graph\":[{\"@type\":\"WebPage\",\"@id\":\"http:\/\/ticaret.edu.tr\/endustriyel-tasarim\/proje-destekler\/\",\"url\":\"http:\/\/ticaret.edu.tr\/endustriyel-tasarim\/proje-destekler\/\",\"name\":\"Proje \/ Destekler - End\u00fcstriyel Tasar\u0131m\",\"isPartOf\":{\"@id\":\"https:\/\/ticaret.edu.tr\/endustriyel-tasarim\/#website\"},\"datePublished\":\"2025-01-27T07:41:59+00:00\",\"dateModified\":\"2026-02-11T11:19:34+00:00\",\"breadcrumb\":{\"@id\":\"http:\/\/ticaret.edu.tr\/endustriyel-tasarim\/proje-destekler\/#breadcrumb\"},\"inLanguage\":\"tr\",\"potentialAction\":[{\"@type\":\"ReadAction\",\"target\":[\"http:\/\/ticaret.edu.tr\/endustriyel-tasarim\/proje-destekler\/\"]}]},{\"@type\":\"BreadcrumbList\",\"@id\":\"http:\/\/ticaret.edu.tr\/endustriyel-tasarim\/proje-destekler\/#breadcrumb\",\"itemListElement\":[{\"@type\":\"ListItem\",\"position\":1,\"name\":\"Ana sayfa\",\"item\":\"https:\/\/ticaret.edu.tr\/endustriyel-tasarim\/\"},{\"@type\":\"ListItem\",\"position\":2,\"name\":\"Proje \/ Destekler\"}]},{\"@type\":\"WebSite\",\"@id\":\"https:\/\/ticaret.edu.tr\/endustriyel-tasarim\/#website\",\"url\":\"https:\/\/ticaret.edu.tr\/endustriyel-tasarim\/\",\"name\":\"End\u00fcstriyel Tasar\u0131m\",\"description\":\"\",\"potentialAction\":[{\"@type\":\"SearchAction\",\"target\":{\"@type\":\"EntryPoint\",\"urlTemplate\":\"https:\/\/ticaret.edu.tr\/endustriyel-tasarim\/?s={search_term_string}\"},\"query-input\":\"required name=search_term_string\"}],\"inLanguage\":\"tr\"}]}<\/script>\n<!-- \/ Yoast SEO Premium plugin. -->","yoast_head_json":{"title":"Proje \/ Destekler - End\u00fcstriyel Tasar\u0131m","robots":{"index":"index","follow":"follow","max-snippet":"max-snippet:-1","max-image-preview":"max-image-preview:large","max-video-preview":"max-video-preview:-1"},"canonical":"http:\/\/ticaret.edu.tr\/endustriyel-tasarim\/proje-destekler\/","og_locale":"tr_TR","og_type":"article","og_title":"Proje \/ Destekler","og_description":"AKADEM\u0130K KADRO PROJELER VE DESTEKLER Dr. \u00d6\u011fr. \u00dcyesi P\u0131nar \u00d6zt\u00fcrk Demirta\u015f https:\/\/avesis.ticaret.edu.tr\/podemirtas\/projeler Dr. \u00d6\u011fr. \u00dcyesi \u00c7\u0131nar Narter https:\/\/avesis.ticaret.edu.tr\/cnarter\/projeler \u00d6\u011fr. G\u00f6r. Dr. Burcu Torum https:\/\/avesis.ticaret.edu.tr\/btorum\/projeler \u00d6\u011fr. G\u00f6r. Dr. Ceylan \u015eahin https:\/\/avesis.ticaret.edu.tr\/csitembolukbasi\/projeler \u00d6\u011fr. G\u00f6r. Aybike Eser https:\/\/avesis.ticaret.edu.tr\/aeser\/projeler \u00d6\u011fr. G\u00f6r. Elif G\u00f6kaltay https:\/\/avesis.ticaret.edu.tr\/egokaltay\/projeler Ar\u015f. G\u00f6r. Elif \u0130lbay https:\/\/avesis.ticaret.edu.tr\/eilbay\/projeler","og_url":"http:\/\/ticaret.edu.tr\/endustriyel-tasarim\/proje-destekler\/","og_site_name":"End\u00fcstriyel Tasar\u0131m","article_publisher":"https:\/\/www.facebook.com\/ticaretedutr","article_modified_time":"2026-02-11T11:19:34+00:00","og_image":[{"width":1250,"height":833,"url":"http:\/\/ticaret.edu.tr\/endustriyel-tasarim\/wp-content\/uploads\/sites\/23\/2021\/11\/web_logo-01.jpg","type":"image\/jpeg"}],"twitter_card":"summary_large_image","twitter_site":"@ticaretedutr","twitter_misc":{"Tahmini okuma s\u00fcresi":"1 dakika"},"schema":{"@context":"https:\/\/schema.org","@graph":[{"@type":"WebPage","@id":"http:\/\/ticaret.edu.tr\/endustriyel-tasarim\/proje-destekler\/","url":"http:\/\/ticaret.edu.tr\/endustriyel-tasarim\/proje-destekler\/","name":"Proje \/ Destekler - End\u00fcstriyel Tasar\u0131m","isPartOf":{"@id":"https:\/\/ticaret.edu.tr\/endustriyel-tasarim\/#website"},"datePublished":"2025-01-27T07:41:59+00:00","dateModified":"2026-02-11T11:19:34+00:00","breadcrumb":{"@id":"http:\/\/ticaret.edu.tr\/endustriyel-tasarim\/proje-destekler\/#breadcrumb"},"inLanguage":"tr","potentialAction":[{"@type":"ReadAction","target":["http:\/\/ticaret.edu.tr\/endustriyel-tasarim\/proje-destekler\/"]}]},{"@type":"BreadcrumbList","@id":"http:\/\/ticaret.edu.tr\/endustriyel-tasarim\/proje-destekler\/#breadcrumb","itemListElement":[{"@type":"ListItem","position":1,"name":"Ana sayfa","item":"https:\/\/ticaret.edu.tr\/endustriyel-tasarim\/"},{"@type":"ListItem","position":2,"name":"Proje \/ Destekler"}]},{"@type":"WebSite","@id":"https:\/\/ticaret.edu.tr\/endustriyel-tasarim\/#website","url":"https:\/\/ticaret.edu.tr\/endustriyel-tasarim\/","name":"End\u00fcstriyel Tasar\u0131m","description":"","potentialAction":[{"@type":"SearchAction","target":{"@type":"EntryPoint","urlTemplate":"https:\/\/ticaret.edu.tr\/endustriyel-tasarim\/?s={search_term_string}"},"query-input":"required name=search_term_string"}],"inLanguage":"tr"}]}},"lang":"tr","translations":{"en":1048,"tr":1046},"pll_sync_post":[],"_links":{"self":[{"href":"http:\/\/ticaret.edu.tr\/endustriyel-tasarim\/wp-json\/wp\/v2\/pages\/1046"}],"collection":[{"href":"http:\/\/ticaret.edu.tr\/endustriyel-tasarim\/wp-json\/wp\/v2\/pages"}],"about":[{"href":"http:\/\/ticaret.edu.tr\/endustriyel-tasarim\/wp-json\/wp\/v2\/types\/page"}],"author":[{"embeddable":true,"href":"http:\/\/ticaret.edu.tr\/endustriyel-tasarim\/wp-json\/wp\/v2\/users\/139"}],"replies":[{"embeddable":true,"href":"http:\/\/ticaret.edu.tr\/endustriyel-tasarim\/wp-json\/wp\/v2\/comments?post=1046"}],"version-history":[{"count":7,"href":"http:\/\/ticaret.edu.tr\/endustriyel-tasarim\/wp-json\/wp\/v2\/pages\/1046\/revisions"}],"predecessor-version":[{"id":1654,"href":"http:\/\/ticaret.edu.tr\/endustriyel-tasarim\/wp-json\/wp\/v2\/pages\/1046\/revisions\/1654"}],"wp:attachment":[{"href":"http:\/\/ticaret.edu.tr\/endustriyel-tasarim\/wp-json\/wp\/v2\/media?parent=1046"}],"curies":[{"name":"wp","href":"https:\/\/api.w.org\/{rel}","templated":true}]}}