{"id":888,"date":"2025-01-27T10:06:21","date_gmt":"2025-01-27T07:06:21","guid":{"rendered":"https:\/\/ticaret.edu.tr\/endustriyel-tasarim\/?page_id=888"},"modified":"2025-10-20T18:53:44","modified_gmt":"2025-10-20T15:53:44","slug":"aday-ogrenci-endustriyel-tasarim","status":"publish","type":"page","link":"http:\/\/ticaret.edu.tr\/endustriyel-tasarim\/aday-ogrenci-endustriyel-tasarim\/","title":{"rendered":"Aday \u00d6\u011frenci"},"content":{"rendered":"<p class=\"p1\">End\u00fcstriyel Tasar\u0131m, insan ya\u015fam\u0131n\u0131 \u00e7evreleyen \u00fcr\u00fcnleri, sistemleri ve deneyimleri; i\u015flev, teknoloji, ergonomi ve s\u00fcrd\u00fcr\u00fclebilirlik dengesi i\u00e7inde ele alan disiplinler aras\u0131 bir tasar\u0131m alan\u0131d\u0131r. Merkezinde insan\u0131 ve ya\u015fam k\u00fclt\u00fcr\u00fcn\u00fc bar\u0131nd\u0131ran bu alan, m\u00fchendislikten sanata, psikolojiden sosyolojiye, ekonomiden ileti\u015fime uzanan geni\u015f bir bilgi a\u011f\u0131n\u0131 b\u00fct\u00fcnle\u015ftirir.<\/p>\n<p class=\"p1\">D\u00f6rt y\u0131ll\u0131k lisans program\u0131m\u0131z; <span class=\"s1\"><b>teorik, uygulamal\u0131 ve proje tabanl\u0131<\/b><\/span> olmak \u00fczere \u00fc\u00e7 farkl\u0131 e\u011fitim yakla\u015f\u0131m\u0131n\u0131n bir araya gelmesiyle yap\u0131land\u0131r\u0131lm\u0131\u015ft\u0131r. <span class=\"s1\"><b>Tasar\u0131m projeleri<\/b><\/span>, \u00f6\u011frencilerin e\u011fitimin merkezinde yer al\u0131r. Bu projelerde bireysel ve ekip \u00e7al\u0131\u015fmalar\u0131yla ara\u015ft\u0131rma, eskiz, modelleme, prototipleme ve sunum s\u00fcre\u00e7lerinden ge\u00e7ilerek fikirlerin \u00fcretime d\u00f6n\u00fc\u015ft\u00fcr\u00fclmesi hedeflenir. <span class=\"s1\"><b>Uygulamal\u0131 dersler<\/b><\/span>, malzeme bilgisi, \u00fcretim y\u00f6ntemleri, bilgisayar destekli tasar\u0131m ve modelleme gibi alanlarda tasar\u0131m\u0131n teknik y\u00f6n\u00fcn\u00fc geli\u015ftirir. <span class=\"s1\"><b>Teorik dersler<\/b><\/span> ise tasar\u0131m tarihi, kullan\u0131c\u0131 davran\u0131\u015flar\u0131, yenilik\u00e7i yakla\u015f\u0131mlar ve \u00e7a\u011fda\u015f toplumsal dinamiklere odaklanarak d\u00fc\u015f\u00fcnsel bir altyap\u0131 kazand\u0131r\u0131r.<\/p>\n<p class=\"p1\">Tasar\u0131mc\u0131 adaylar\u0131m\u0131z\u0131; etik de\u011ferlere \u00f6nem veren, \u00e7evresel ve k\u00fclt\u00fcrel duyarl\u0131l\u0131\u011fa sahip, ara\u015ft\u0131rma temelli d\u00fc\u015f\u00fcnen, yenilik\u00e7i ve \u00fcretken bireyler olarak yeti\u015ftirmeyi hedefliyoruz. End\u00fcstriyel Tasar\u0131m B\u00f6l\u00fcm\u00fc mezunlar\u0131n\u0131, insan odakl\u0131 d\u00fc\u015f\u00fcnmeyi merkezine alan, problemlere yarat\u0131c\u0131 \u00e7\u00f6z\u00fcmler \u00fcretebilen, teknolojiyi etkin bi\u00e7imde kullanan ve gelece\u011fin ya\u015fam bi\u00e7imlerine y\u00f6n verebilecek donan\u0131ma sahip tasar\u0131mc\u0131lar olarak i\u015f ya\u015fam\u0131na u\u011furlamay\u0131 ama\u00e7l\u0131yoruz.<\/p>\n","protected":false},"excerpt":{"rendered":"<p>End\u00fcstriyel Tasar\u0131m, insan ya\u015fam\u0131n\u0131 \u00e7evreleyen \u00fcr\u00fcnleri, sistemleri ve deneyimleri; i\u015flev, teknoloji, ergonomi ve s\u00fcrd\u00fcr\u00fclebilirlik dengesi i\u00e7inde ele alan disiplinler aras\u0131 bir tasar\u0131m alan\u0131d\u0131r. Merkezinde insan\u0131 ve ya\u015fam k\u00fclt\u00fcr\u00fcn\u00fc bar\u0131nd\u0131ran bu alan, m\u00fchendislikten sanata, psikolojiden sosyolojiye, ekonomiden ileti\u015fime uzanan geni\u015f bir bilgi a\u011f\u0131n\u0131 b\u00fct\u00fcnle\u015ftirir. D\u00f6rt y\u0131ll\u0131k lisans program\u0131m\u0131z; teorik, uygulamal\u0131 ve proje tabanl\u0131 olmak \u00fczere \u00fc\u00e7 [&hellip;]<\/p>\n","protected":false},"author":139,"featured_media":0,"parent":0,"menu_order":0,"comment_status":"closed","ping_status":"closed","template":"genel_sayfa.php","meta":{"footnotes":""},"yoast_head":"<!-- This site is optimized with the Yoast SEO Premium plugin v22.1 (Yoast SEO v22.1) - https:\/\/yoast.com\/wordpress\/plugins\/seo\/ -->\n<title>Aday \u00d6\u011frenci - End\u00fcstriyel Tasar\u0131m<\/title>\n<meta name=\"robots\" content=\"index, follow, max-snippet:-1, max-image-preview:large, max-video-preview:-1\" \/>\n<link rel=\"canonical\" href=\"http:\/\/ticaret.edu.tr\/endustriyel-tasarim\/aday-ogrenci-endustriyel-tasarim\/\" \/>\n<meta property=\"og:locale\" content=\"tr_TR\" \/>\n<meta property=\"og:type\" content=\"article\" \/>\n<meta property=\"og:title\" content=\"Aday \u00d6\u011frenci\" \/>\n<meta property=\"og:description\" content=\"End\u00fcstriyel Tasar\u0131m, insan ya\u015fam\u0131n\u0131 \u00e7evreleyen \u00fcr\u00fcnleri, sistemleri ve deneyimleri; i\u015flev, teknoloji, ergonomi ve s\u00fcrd\u00fcr\u00fclebilirlik dengesi i\u00e7inde ele alan disiplinler aras\u0131 bir tasar\u0131m alan\u0131d\u0131r. Merkezinde insan\u0131 ve ya\u015fam k\u00fclt\u00fcr\u00fcn\u00fc bar\u0131nd\u0131ran bu alan, m\u00fchendislikten sanata, psikolojiden sosyolojiye, ekonomiden ileti\u015fime uzanan geni\u015f bir bilgi a\u011f\u0131n\u0131 b\u00fct\u00fcnle\u015ftirir. D\u00f6rt y\u0131ll\u0131k lisans program\u0131m\u0131z; teorik, uygulamal\u0131 ve proje tabanl\u0131 olmak \u00fczere \u00fc\u00e7 [&hellip;]\" \/>\n<meta property=\"og:url\" content=\"http:\/\/ticaret.edu.tr\/endustriyel-tasarim\/aday-ogrenci-endustriyel-tasarim\/\" \/>\n<meta property=\"og:site_name\" content=\"End\u00fcstriyel Tasar\u0131m\" \/>\n<meta property=\"article:publisher\" content=\"https:\/\/www.facebook.com\/ticaretedutr\" \/>\n<meta property=\"article:modified_time\" content=\"2025-10-20T15:53:44+00:00\" \/>\n<meta property=\"og:image\" content=\"http:\/\/ticaret.edu.tr\/endustriyel-tasarim\/wp-content\/uploads\/sites\/23\/2021\/11\/web_logo-01.jpg\" \/>\n\t<meta property=\"og:image:width\" content=\"1250\" \/>\n\t<meta property=\"og:image:height\" content=\"833\" \/>\n\t<meta property=\"og:image:type\" content=\"image\/jpeg\" \/>\n<meta name=\"twitter:card\" content=\"summary_large_image\" \/>\n<meta name=\"twitter:site\" content=\"@ticaretedutr\" \/>\n<meta name=\"twitter:label1\" content=\"Tahmini okuma s\u00fcresi\" \/>\n\t<meta name=\"twitter:data1\" content=\"2 dakika\" \/>\n<script type=\"application\/ld+json\" class=\"yoast-schema-graph\">{\"@context\":\"https:\/\/schema.org\",\"@graph\":[{\"@type\":\"WebPage\",\"@id\":\"http:\/\/ticaret.edu.tr\/endustriyel-tasarim\/aday-ogrenci-endustriyel-tasarim\/\",\"url\":\"http:\/\/ticaret.edu.tr\/endustriyel-tasarim\/aday-ogrenci-endustriyel-tasarim\/\",\"name\":\"Aday \u00d6\u011frenci - End\u00fcstriyel Tasar\u0131m\",\"isPartOf\":{\"@id\":\"https:\/\/ticaret.edu.tr\/endustriyel-tasarim\/#website\"},\"datePublished\":\"2025-01-27T07:06:21+00:00\",\"dateModified\":\"2025-10-20T15:53:44+00:00\",\"breadcrumb\":{\"@id\":\"http:\/\/ticaret.edu.tr\/endustriyel-tasarim\/aday-ogrenci-endustriyel-tasarim\/#breadcrumb\"},\"inLanguage\":\"tr\",\"potentialAction\":[{\"@type\":\"ReadAction\",\"target\":[\"http:\/\/ticaret.edu.tr\/endustriyel-tasarim\/aday-ogrenci-endustriyel-tasarim\/\"]}]},{\"@type\":\"BreadcrumbList\",\"@id\":\"http:\/\/ticaret.edu.tr\/endustriyel-tasarim\/aday-ogrenci-endustriyel-tasarim\/#breadcrumb\",\"itemListElement\":[{\"@type\":\"ListItem\",\"position\":1,\"name\":\"Ana sayfa\",\"item\":\"https:\/\/ticaret.edu.tr\/endustriyel-tasarim\/\"},{\"@type\":\"ListItem\",\"position\":2,\"name\":\"Aday \u00d6\u011frenci\"}]},{\"@type\":\"WebSite\",\"@id\":\"https:\/\/ticaret.edu.tr\/endustriyel-tasarim\/#website\",\"url\":\"https:\/\/ticaret.edu.tr\/endustriyel-tasarim\/\",\"name\":\"End\u00fcstriyel Tasar\u0131m\",\"description\":\"\",\"potentialAction\":[{\"@type\":\"SearchAction\",\"target\":{\"@type\":\"EntryPoint\",\"urlTemplate\":\"https:\/\/ticaret.edu.tr\/endustriyel-tasarim\/?s={search_term_string}\"},\"query-input\":\"required name=search_term_string\"}],\"inLanguage\":\"tr\"}]}<\/script>\n<!-- \/ Yoast SEO Premium plugin. -->","yoast_head_json":{"title":"Aday \u00d6\u011frenci - End\u00fcstriyel Tasar\u0131m","robots":{"index":"index","follow":"follow","max-snippet":"max-snippet:-1","max-image-preview":"max-image-preview:large","max-video-preview":"max-video-preview:-1"},"canonical":"http:\/\/ticaret.edu.tr\/endustriyel-tasarim\/aday-ogrenci-endustriyel-tasarim\/","og_locale":"tr_TR","og_type":"article","og_title":"Aday \u00d6\u011frenci","og_description":"End\u00fcstriyel Tasar\u0131m, insan ya\u015fam\u0131n\u0131 \u00e7evreleyen \u00fcr\u00fcnleri, sistemleri ve deneyimleri; i\u015flev, teknoloji, ergonomi ve s\u00fcrd\u00fcr\u00fclebilirlik dengesi i\u00e7inde ele alan disiplinler aras\u0131 bir tasar\u0131m alan\u0131d\u0131r. Merkezinde insan\u0131 ve ya\u015fam k\u00fclt\u00fcr\u00fcn\u00fc bar\u0131nd\u0131ran bu alan, m\u00fchendislikten sanata, psikolojiden sosyolojiye, ekonomiden ileti\u015fime uzanan geni\u015f bir bilgi a\u011f\u0131n\u0131 b\u00fct\u00fcnle\u015ftirir. D\u00f6rt y\u0131ll\u0131k lisans program\u0131m\u0131z; teorik, uygulamal\u0131 ve proje tabanl\u0131 olmak \u00fczere \u00fc\u00e7 [&hellip;]","og_url":"http:\/\/ticaret.edu.tr\/endustriyel-tasarim\/aday-ogrenci-endustriyel-tasarim\/","og_site_name":"End\u00fcstriyel Tasar\u0131m","article_publisher":"https:\/\/www.facebook.com\/ticaretedutr","article_modified_time":"2025-10-20T15:53:44+00:00","og_image":[{"width":1250,"height":833,"url":"http:\/\/ticaret.edu.tr\/endustriyel-tasarim\/wp-content\/uploads\/sites\/23\/2021\/11\/web_logo-01.jpg","type":"image\/jpeg"}],"twitter_card":"summary_large_image","twitter_site":"@ticaretedutr","twitter_misc":{"Tahmini okuma s\u00fcresi":"2 dakika"},"schema":{"@context":"https:\/\/schema.org","@graph":[{"@type":"WebPage","@id":"http:\/\/ticaret.edu.tr\/endustriyel-tasarim\/aday-ogrenci-endustriyel-tasarim\/","url":"http:\/\/ticaret.edu.tr\/endustriyel-tasarim\/aday-ogrenci-endustriyel-tasarim\/","name":"Aday \u00d6\u011frenci - End\u00fcstriyel Tasar\u0131m","isPartOf":{"@id":"https:\/\/ticaret.edu.tr\/endustriyel-tasarim\/#website"},"datePublished":"2025-01-27T07:06:21+00:00","dateModified":"2025-10-20T15:53:44+00:00","breadcrumb":{"@id":"http:\/\/ticaret.edu.tr\/endustriyel-tasarim\/aday-ogrenci-endustriyel-tasarim\/#breadcrumb"},"inLanguage":"tr","potentialAction":[{"@type":"ReadAction","target":["http:\/\/ticaret.edu.tr\/endustriyel-tasarim\/aday-ogrenci-endustriyel-tasarim\/"]}]},{"@type":"BreadcrumbList","@id":"http:\/\/ticaret.edu.tr\/endustriyel-tasarim\/aday-ogrenci-endustriyel-tasarim\/#breadcrumb","itemListElement":[{"@type":"ListItem","position":1,"name":"Ana sayfa","item":"https:\/\/ticaret.edu.tr\/endustriyel-tasarim\/"},{"@type":"ListItem","position":2,"name":"Aday \u00d6\u011frenci"}]},{"@type":"WebSite","@id":"https:\/\/ticaret.edu.tr\/endustriyel-tasarim\/#website","url":"https:\/\/ticaret.edu.tr\/endustriyel-tasarim\/","name":"End\u00fcstriyel Tasar\u0131m","description":"","potentialAction":[{"@type":"SearchAction","target":{"@type":"EntryPoint","urlTemplate":"https:\/\/ticaret.edu.tr\/endustriyel-tasarim\/?s={search_term_string}"},"query-input":"required name=search_term_string"}],"inLanguage":"tr"}]}},"lang":"tr","translations":{"en":890,"tr":888},"pll_sync_post":[],"_links":{"self":[{"href":"http:\/\/ticaret.edu.tr\/endustriyel-tasarim\/wp-json\/wp\/v2\/pages\/888"}],"collection":[{"href":"http:\/\/ticaret.edu.tr\/endustriyel-tasarim\/wp-json\/wp\/v2\/pages"}],"about":[{"href":"http:\/\/ticaret.edu.tr\/endustriyel-tasarim\/wp-json\/wp\/v2\/types\/page"}],"author":[{"embeddable":true,"href":"http:\/\/ticaret.edu.tr\/endustriyel-tasarim\/wp-json\/wp\/v2\/users\/139"}],"replies":[{"embeddable":true,"href":"http:\/\/ticaret.edu.tr\/endustriyel-tasarim\/wp-json\/wp\/v2\/comments?post=888"}],"version-history":[{"count":3,"href":"http:\/\/ticaret.edu.tr\/endustriyel-tasarim\/wp-json\/wp\/v2\/pages\/888\/revisions"}],"predecessor-version":[{"id":1373,"href":"http:\/\/ticaret.edu.tr\/endustriyel-tasarim\/wp-json\/wp\/v2\/pages\/888\/revisions\/1373"}],"wp:attachment":[{"href":"http:\/\/ticaret.edu.tr\/endustriyel-tasarim\/wp-json\/wp\/v2\/media?parent=888"}],"curies":[{"name":"wp","href":"https:\/\/api.w.org\/{rel}","templated":true}]}}