{"id":904,"date":"2025-01-27T10:09:00","date_gmt":"2025-01-27T07:09:00","guid":{"rendered":"https:\/\/ticaret.edu.tr\/endustriyel-tasarim\/?page_id=904"},"modified":"2025-12-19T16:43:48","modified_gmt":"2025-12-19T13:43:48","slug":"ogrenci-topluluklari","status":"publish","type":"page","link":"http:\/\/ticaret.edu.tr\/endustriyel-tasarim\/ogrenci-topluluklari\/","title":{"rendered":"\u00d6\u011frenci Topluluklar\u0131"},"content":{"rendered":"<p>\u00d6\u011frenci topluluklar\u0131m\u0131z \u00f6\u011frencilerimizin giri\u015fimleri ile kurulan yap\u0131lar olarak kamp\u00fcs hayat\u0131n\u0131n ayr\u0131lmaz bir par\u00e7as\u0131d\u0131r.\u00a0 \u00d6\u011frencilerimizin derslerinin yan\u0131 s\u0131ra ilgi alanlar\u0131na g\u00f6re, bo\u015f zamanlar\u0131n\u0131 de\u011ferlendirebilecekleri, yetenek ve ki\u015filiklerini geli\u015ftirebilecekleri ortamlard\u0131r. Ortak hayalleri, hobileri ve meraklar\u0131 olan \u00f6\u011frencilerimizi bulu\u015fturan \u00f6\u011frenci topluluklar\u0131, \u00f6\u011frencilerimizin sosyal a\u011flar\u0131n\u0131n olu\u015fmas\u0131 ve geli\u015fmesine de \u00f6nemli katk\u0131lar sunmaktad\u0131r. \u00d6\u011frencilerimiz, ger\u00e7ekle\u015ftirdikleri etkinlikler \u00e7er\u00e7evesinde tak\u0131m \u00e7al\u0131\u015fmas\u0131 yetkinliklerini geli\u015ftirir, zaman y\u00f6netimini \u00f6\u011frenir ve proje geli\u015ftirme gibi beceriler elde ederler. Her \u00f6\u011frencimiz birden fazla \u00f6\u011frenci toplulu\u011funa \u00fcye olabilmekte ve s\u0131n\u0131rs\u0131z etkinliklerden faydalanabilmektedir.<\/p>\n<p>Fak\u00fcltemiz alt\u0131nda olu\u015fan \u00f6\u011frenci topluluklar\u0131;<\/p>\n<ul>\n<li><strong>Mimarl\u0131k ve Tasar\u0131m Toplulu\u011fu,<\/strong><\/li>\n<li><strong>Moda ve Tasar\u0131m Toplulu\u011fu,<\/strong><\/li>\n<li><strong>Kreatif D\u00fc\u015f\u00fcnce \u00d6\u011frenci Toplulu\u011fu<\/strong><\/li>\n<li><strong>End\u00fcstriyel Tasar\u0131m Toplulu\u011fu (Aday Topluluk)<\/strong><\/li>\n<\/ul>\n<p><b>\u00d6\u011frenci Topluluklar\u0131:<\/b><\/p>\n<p><a href=\"https:\/\/ticaret.edu.tr\/saglik-kultur-ve-spor-daire-baskanligi\/ogrenci-topluluklari\/\">https:\/\/ticaret.edu.tr\/saglik-kultur-ve-spor-daire-baskanligi\/ogrenci-topluluklari\/<\/a><\/p>\n","protected":false},"excerpt":{"rendered":"<p>\u00d6\u011frenci topluluklar\u0131m\u0131z \u00f6\u011frencilerimizin giri\u015fimleri ile kurulan yap\u0131lar olarak kamp\u00fcs hayat\u0131n\u0131n ayr\u0131lmaz bir par\u00e7as\u0131d\u0131r.\u00a0 \u00d6\u011frencilerimizin derslerinin yan\u0131 s\u0131ra ilgi alanlar\u0131na g\u00f6re, bo\u015f zamanlar\u0131n\u0131 de\u011ferlendirebilecekleri, yetenek ve ki\u015filiklerini geli\u015ftirebilecekleri ortamlard\u0131r. Ortak hayalleri, hobileri ve meraklar\u0131 olan \u00f6\u011frencilerimizi bulu\u015fturan \u00f6\u011frenci topluluklar\u0131, \u00f6\u011frencilerimizin sosyal a\u011flar\u0131n\u0131n olu\u015fmas\u0131 ve geli\u015fmesine de \u00f6nemli katk\u0131lar sunmaktad\u0131r. \u00d6\u011frencilerimiz, ger\u00e7ekle\u015ftirdikleri etkinlikler \u00e7er\u00e7evesinde tak\u0131m \u00e7al\u0131\u015fmas\u0131 yetkinliklerini [&hellip;]<\/p>\n","protected":false},"author":139,"featured_media":0,"parent":0,"menu_order":0,"comment_status":"closed","ping_status":"closed","template":"genel_sayfa.php","meta":{"footnotes":""},"yoast_head":"<!-- This site is optimized with the Yoast SEO Premium plugin v22.1 (Yoast SEO v22.1) - https:\/\/yoast.com\/wordpress\/plugins\/seo\/ -->\n<title>\u00d6\u011frenci Topluluklar\u0131 - End\u00fcstriyel Tasar\u0131m<\/title>\n<meta name=\"robots\" content=\"index, follow, max-snippet:-1, max-image-preview:large, max-video-preview:-1\" \/>\n<link rel=\"canonical\" href=\"http:\/\/ticaret.edu.tr\/endustriyel-tasarim\/ogrenci-topluluklari\/\" \/>\n<meta property=\"og:locale\" content=\"tr_TR\" \/>\n<meta property=\"og:type\" content=\"article\" \/>\n<meta property=\"og:title\" content=\"\u00d6\u011frenci Topluluklar\u0131\" \/>\n<meta property=\"og:description\" content=\"\u00d6\u011frenci topluluklar\u0131m\u0131z \u00f6\u011frencilerimizin giri\u015fimleri ile kurulan yap\u0131lar olarak kamp\u00fcs hayat\u0131n\u0131n ayr\u0131lmaz bir par\u00e7as\u0131d\u0131r.\u00a0 \u00d6\u011frencilerimizin derslerinin yan\u0131 s\u0131ra ilgi alanlar\u0131na g\u00f6re, bo\u015f zamanlar\u0131n\u0131 de\u011ferlendirebilecekleri, yetenek ve ki\u015filiklerini geli\u015ftirebilecekleri ortamlard\u0131r. Ortak hayalleri, hobileri ve meraklar\u0131 olan \u00f6\u011frencilerimizi bulu\u015fturan \u00f6\u011frenci topluluklar\u0131, \u00f6\u011frencilerimizin sosyal a\u011flar\u0131n\u0131n olu\u015fmas\u0131 ve geli\u015fmesine de \u00f6nemli katk\u0131lar sunmaktad\u0131r. \u00d6\u011frencilerimiz, ger\u00e7ekle\u015ftirdikleri etkinlikler \u00e7er\u00e7evesinde tak\u0131m \u00e7al\u0131\u015fmas\u0131 yetkinliklerini [&hellip;]\" \/>\n<meta property=\"og:url\" content=\"http:\/\/ticaret.edu.tr\/endustriyel-tasarim\/ogrenci-topluluklari\/\" \/>\n<meta property=\"og:site_name\" content=\"End\u00fcstriyel Tasar\u0131m\" \/>\n<meta property=\"article:publisher\" content=\"https:\/\/www.facebook.com\/ticaretedutr\" \/>\n<meta property=\"article:modified_time\" content=\"2025-12-19T13:43:48+00:00\" \/>\n<meta property=\"og:image\" content=\"http:\/\/ticaret.edu.tr\/endustriyel-tasarim\/wp-content\/uploads\/sites\/23\/2021\/11\/web_logo-01.jpg\" \/>\n\t<meta property=\"og:image:width\" content=\"1250\" \/>\n\t<meta property=\"og:image:height\" content=\"833\" \/>\n\t<meta property=\"og:image:type\" content=\"image\/jpeg\" \/>\n<meta name=\"twitter:card\" content=\"summary_large_image\" \/>\n<meta name=\"twitter:site\" content=\"@ticaretedutr\" \/>\n<meta name=\"twitter:label1\" content=\"Tahmini okuma s\u00fcresi\" \/>\n\t<meta name=\"twitter:data1\" content=\"1 dakika\" \/>\n<script type=\"application\/ld+json\" class=\"yoast-schema-graph\">{\"@context\":\"https:\/\/schema.org\",\"@graph\":[{\"@type\":\"WebPage\",\"@id\":\"http:\/\/ticaret.edu.tr\/endustriyel-tasarim\/ogrenci-topluluklari\/\",\"url\":\"http:\/\/ticaret.edu.tr\/endustriyel-tasarim\/ogrenci-topluluklari\/\",\"name\":\"\u00d6\u011frenci Topluluklar\u0131 - End\u00fcstriyel Tasar\u0131m\",\"isPartOf\":{\"@id\":\"https:\/\/ticaret.edu.tr\/endustriyel-tasarim\/#website\"},\"datePublished\":\"2025-01-27T07:09:00+00:00\",\"dateModified\":\"2025-12-19T13:43:48+00:00\",\"breadcrumb\":{\"@id\":\"http:\/\/ticaret.edu.tr\/endustriyel-tasarim\/ogrenci-topluluklari\/#breadcrumb\"},\"inLanguage\":\"tr\",\"potentialAction\":[{\"@type\":\"ReadAction\",\"target\":[\"http:\/\/ticaret.edu.tr\/endustriyel-tasarim\/ogrenci-topluluklari\/\"]}]},{\"@type\":\"BreadcrumbList\",\"@id\":\"http:\/\/ticaret.edu.tr\/endustriyel-tasarim\/ogrenci-topluluklari\/#breadcrumb\",\"itemListElement\":[{\"@type\":\"ListItem\",\"position\":1,\"name\":\"Ana sayfa\",\"item\":\"https:\/\/ticaret.edu.tr\/endustriyel-tasarim\/\"},{\"@type\":\"ListItem\",\"position\":2,\"name\":\"\u00d6\u011frenci Topluluklar\u0131\"}]},{\"@type\":\"WebSite\",\"@id\":\"https:\/\/ticaret.edu.tr\/endustriyel-tasarim\/#website\",\"url\":\"https:\/\/ticaret.edu.tr\/endustriyel-tasarim\/\",\"name\":\"End\u00fcstriyel Tasar\u0131m\",\"description\":\"\",\"potentialAction\":[{\"@type\":\"SearchAction\",\"target\":{\"@type\":\"EntryPoint\",\"urlTemplate\":\"https:\/\/ticaret.edu.tr\/endustriyel-tasarim\/?s={search_term_string}\"},\"query-input\":\"required name=search_term_string\"}],\"inLanguage\":\"tr\"}]}<\/script>\n<!-- \/ Yoast SEO Premium plugin. -->","yoast_head_json":{"title":"\u00d6\u011frenci Topluluklar\u0131 - End\u00fcstriyel Tasar\u0131m","robots":{"index":"index","follow":"follow","max-snippet":"max-snippet:-1","max-image-preview":"max-image-preview:large","max-video-preview":"max-video-preview:-1"},"canonical":"http:\/\/ticaret.edu.tr\/endustriyel-tasarim\/ogrenci-topluluklari\/","og_locale":"tr_TR","og_type":"article","og_title":"\u00d6\u011frenci Topluluklar\u0131","og_description":"\u00d6\u011frenci topluluklar\u0131m\u0131z \u00f6\u011frencilerimizin giri\u015fimleri ile kurulan yap\u0131lar olarak kamp\u00fcs hayat\u0131n\u0131n ayr\u0131lmaz bir par\u00e7as\u0131d\u0131r.\u00a0 \u00d6\u011frencilerimizin derslerinin yan\u0131 s\u0131ra ilgi alanlar\u0131na g\u00f6re, bo\u015f zamanlar\u0131n\u0131 de\u011ferlendirebilecekleri, yetenek ve ki\u015filiklerini geli\u015ftirebilecekleri ortamlard\u0131r. Ortak hayalleri, hobileri ve meraklar\u0131 olan \u00f6\u011frencilerimizi bulu\u015fturan \u00f6\u011frenci topluluklar\u0131, \u00f6\u011frencilerimizin sosyal a\u011flar\u0131n\u0131n olu\u015fmas\u0131 ve geli\u015fmesine de \u00f6nemli katk\u0131lar sunmaktad\u0131r. \u00d6\u011frencilerimiz, ger\u00e7ekle\u015ftirdikleri etkinlikler \u00e7er\u00e7evesinde tak\u0131m \u00e7al\u0131\u015fmas\u0131 yetkinliklerini [&hellip;]","og_url":"http:\/\/ticaret.edu.tr\/endustriyel-tasarim\/ogrenci-topluluklari\/","og_site_name":"End\u00fcstriyel Tasar\u0131m","article_publisher":"https:\/\/www.facebook.com\/ticaretedutr","article_modified_time":"2025-12-19T13:43:48+00:00","og_image":[{"width":1250,"height":833,"url":"http:\/\/ticaret.edu.tr\/endustriyel-tasarim\/wp-content\/uploads\/sites\/23\/2021\/11\/web_logo-01.jpg","type":"image\/jpeg"}],"twitter_card":"summary_large_image","twitter_site":"@ticaretedutr","twitter_misc":{"Tahmini okuma s\u00fcresi":"1 dakika"},"schema":{"@context":"https:\/\/schema.org","@graph":[{"@type":"WebPage","@id":"http:\/\/ticaret.edu.tr\/endustriyel-tasarim\/ogrenci-topluluklari\/","url":"http:\/\/ticaret.edu.tr\/endustriyel-tasarim\/ogrenci-topluluklari\/","name":"\u00d6\u011frenci Topluluklar\u0131 - End\u00fcstriyel Tasar\u0131m","isPartOf":{"@id":"https:\/\/ticaret.edu.tr\/endustriyel-tasarim\/#website"},"datePublished":"2025-01-27T07:09:00+00:00","dateModified":"2025-12-19T13:43:48+00:00","breadcrumb":{"@id":"http:\/\/ticaret.edu.tr\/endustriyel-tasarim\/ogrenci-topluluklari\/#breadcrumb"},"inLanguage":"tr","potentialAction":[{"@type":"ReadAction","target":["http:\/\/ticaret.edu.tr\/endustriyel-tasarim\/ogrenci-topluluklari\/"]}]},{"@type":"BreadcrumbList","@id":"http:\/\/ticaret.edu.tr\/endustriyel-tasarim\/ogrenci-topluluklari\/#breadcrumb","itemListElement":[{"@type":"ListItem","position":1,"name":"Ana sayfa","item":"https:\/\/ticaret.edu.tr\/endustriyel-tasarim\/"},{"@type":"ListItem","position":2,"name":"\u00d6\u011frenci Topluluklar\u0131"}]},{"@type":"WebSite","@id":"https:\/\/ticaret.edu.tr\/endustriyel-tasarim\/#website","url":"https:\/\/ticaret.edu.tr\/endustriyel-tasarim\/","name":"End\u00fcstriyel Tasar\u0131m","description":"","potentialAction":[{"@type":"SearchAction","target":{"@type":"EntryPoint","urlTemplate":"https:\/\/ticaret.edu.tr\/endustriyel-tasarim\/?s={search_term_string}"},"query-input":"required name=search_term_string"}],"inLanguage":"tr"}]}},"lang":"tr","translations":{"en":907,"tr":904},"pll_sync_post":[],"_links":{"self":[{"href":"http:\/\/ticaret.edu.tr\/endustriyel-tasarim\/wp-json\/wp\/v2\/pages\/904"}],"collection":[{"href":"http:\/\/ticaret.edu.tr\/endustriyel-tasarim\/wp-json\/wp\/v2\/pages"}],"about":[{"href":"http:\/\/ticaret.edu.tr\/endustriyel-tasarim\/wp-json\/wp\/v2\/types\/page"}],"author":[{"embeddable":true,"href":"http:\/\/ticaret.edu.tr\/endustriyel-tasarim\/wp-json\/wp\/v2\/users\/139"}],"replies":[{"embeddable":true,"href":"http:\/\/ticaret.edu.tr\/endustriyel-tasarim\/wp-json\/wp\/v2\/comments?post=904"}],"version-history":[{"count":5,"href":"http:\/\/ticaret.edu.tr\/endustriyel-tasarim\/wp-json\/wp\/v2\/pages\/904\/revisions"}],"predecessor-version":[{"id":1477,"href":"http:\/\/ticaret.edu.tr\/endustriyel-tasarim\/wp-json\/wp\/v2\/pages\/904\/revisions\/1477"}],"wp:attachment":[{"href":"http:\/\/ticaret.edu.tr\/endustriyel-tasarim\/wp-json\/wp\/v2\/media?parent=904"}],"curies":[{"name":"wp","href":"https:\/\/api.w.org\/{rel}","templated":true}]}}