{"id":11,"date":"2020-05-03T12:48:03","date_gmt":"2020-05-03T09:48:03","guid":{"rendered":"http:\/\/ticaret.edu.tr\/fb\/?page_id=11"},"modified":"2025-02-07T16:41:18","modified_gmt":"2025-02-07T13:41:18","slug":"ana-sayfa","status":"publish","type":"page","link":"http:\/\/ticaret.edu.tr\/finans-ve-bankacilik\/","title":{"rendered":"Ana Sayfa"},"content":{"rendered":"<div class=\"BABaslik\">\n<h1><span id=\"MainContent_lblBI_Baslik\">Finans ve Bankac\u0131l\u0131k \u0130ngilizce B\u00f6l\u00fcm\u00fc<\/span><\/h1>\n<\/div>\n<div class=\"BAIcerik\">\n<p><strong>Finans ve Bankac\u0131l\u0131k<\/strong>\u00a0B\u00f6l\u00fcm\u00fc gelece\u011fin i\u015fadamlar\u0131n\u0131,\u00a0<strong>bankac\u0131l\u0131k ve finans<\/strong>\u00a0profesyonellerini ve akademisyenlerini yeti\u015ftirmektedir.<\/p>\n<p>B\u00f6l\u00fcm\u00fcm\u00fcz g\u00fc\u00e7l\u00fc akademik kadrosu ile lisans e\u011fitimlerinin yan\u0131 s\u0131ra, \u00dcniversitemizin Finans Enstit\u00fcs\u00fc b\u00fcnyesinde y\u00fcksek lisans ve doktora e\u011fitimlerini de s\u00fcrd\u00fcrmektedir. T\u00fcrkiye\u2019de ilk ve tek olan Finans Enstit\u00fcs\u00fc\u2019nde Finans, Bankac\u0131l\u0131k, Sermaye Piyasas\u0131, Sigorta ve Risk Y\u00f6netimi uzmanl\u0131k alanlar\u0131 bulunmaktad\u0131r. Akademi ve sekt\u00f6r deneyimine sahip akademik kadromuz \u00e7a\u011f\u0131n inovatif \u00f6\u011frenme teknikleri ile uygulama ve teoriyi birle\u015ftirerek \u00f6\u011frencileri sekt\u00f6rle i\u00e7 i\u00e7e e\u011fitmektedir.<\/p>\n<p>Vak\u0131fbank i\u015fbirli\u011fi ile kurulan \u201c\u015eube Sim\u00fclasyon ve Uygulama Laboratuvar\u0131\u201d \u0131nda geli\u015ftirilen \u00f6zel yaz\u0131l\u0131m sayesinde \u00f6\u011frencilere uygulamal\u0131 olarak ger\u00e7ek Bankac\u0131l\u0131k deneyimi ya\u015fat\u0131lmaktad\u0131r. Dersler uzun y\u0131llard\u0131r sekt\u00f6rde \u00fcst d\u00fczey y\u00f6neticilik deneyimine sahip \u00f6\u011fretim \u00fcyeleri taraf\u0131ndan verilmekte ve g\u00fcn\u00fcn ko\u015fullar\u0131na g\u00f6re teknoloji destekli olarak g\u00fcncellenmektedir.<\/p>\n<p>Ayr\u0131ca Sermaye Piyasas\u0131 alan\u0131nda kendini geli\u015ftirmek isteyen \u00f6\u011frenciler Borsa \u0130stanbul i\u015fbirli\u011fi ile kurulan BISTLAB laboratuvar\u0131nda Reuters Eikon, Matriks, EViews gibi sekt\u00f6rde yayg\u0131n olarak kullan\u0131lan veri tabanlar\u0131 ve istatistik programlar\u0131 \u00fczerinden e\u011fitim almaktad\u0131rlar. Bu sayede \u00f6\u011frenciler daha i\u015f ya\u015fam\u0131na ba\u015flamadan sermaye piyasas\u0131 ve bankac\u0131l\u0131k uygulamalar\u0131n\u0131 hayata ge\u00e7irme imk\u00e2n\u0131na sahip olmaktad\u0131r.<\/p>\n<p>Bunun yan\u0131nda \u00f6\u011frencilerimiz \u00fcniversitenin kurucu iradesi olan \u0130stanbul Ticaret Odas\u0131 (\u0130TO) ve Finansal Sekt\u00f6r Komitesi ile irtibat halindedir. Bu kapsamda ba\u015far\u0131l\u0131 \u00f6\u011frencilerimize yurt d\u0131\u015f\u0131 e\u011fitim ve gezi imkanlar\u0131 sunulmaktad\u0131r. Ayr\u0131ca \u00f6\u011frencilerimiz gerek \u0130TO\u2019nun kendi b\u00fcnyesinde gerekse \u0130TO \u00fcyesi binlerce se\u00e7kin \u015firkette i\u015f ve staj imkanlar\u0131 elde etmektedirler.<\/p>\n<p>B\u00f6l\u00fcm\u00fcm\u00fcz\u00fcn e\u011fitim dili \u0130ngilizce\u2019dir. Bunun nedeni \u00f6\u011frencilerimizin uluslararas\u0131 piyasalara entegrasyonu ve \u0130stanbul\u2019un Uluslararas\u0131 bir Finans Merkezi haline getirilmesi hedefine y\u00f6nelik nitelikli i\u015f g\u00fcc\u00fc temin edilmesidir.<\/p>\n<p>B\u00f6l\u00fcm olarak \u00f6\u011frencilerin uluslararas\u0131 ara\u015ft\u0131rmac\u0131lar\u0131n ve sekt\u00f6r profesyonellerinin deneyimlerinden faydalanmas\u0131n\u0131 sa\u011flamak ad\u0131na seminer ve \u00e7al\u0131\u015ftaylar d\u00fczenlenmektedir. Ayr\u0131ca dileyen ve \u015fartlar\u0131 yerine getiren \u00f6\u011frenciler Avrupa\u2019n\u0131n en \u00f6nde gelen \u00fcniversitelerinden Frankfurt School of Finance &amp; Management yaz okuluna anla\u015fmal\u0131 olarak kat\u0131lma ve deneyim elde etme imkan\u0131na sahiptirler.<\/p>\n<p>Ulusal ve uluslararas\u0131 piyasalardaki h\u0131zl\u0131 de\u011fi\u015fimi yakalamak i\u00e7in, finans ve bankac\u0131l\u0131k sekt\u00f6rlerinde yer almak isteyen \u00f6\u011frencileri uygulama ve teorinin birle\u015fti\u011fi Finans Bankac\u0131l\u0131k (\u0130ngilizce) B\u00f6l\u00fcm\u00fcne davet ediyoruz.<\/p>\n<p>&nbsp;<\/p>\n<\/div>\n<div><\/div>\n<div class=\"BAIcerik\">\n<div>\n<div><strong>Do\u00e7.Dr.Hicabi Ersoy<br \/>\nB\u00f6l\u00fcm Ba\u015fkan\u0131 V.<\/strong><\/div>\n<div><u><a href=\"mailto:scankaya@ticaret.edu.tr\">hersoy@ticaret.edu.tr<\/a><\/u><\/div>\n<div>444 0 413 \/ 4376<\/div>\n<\/div>\n<\/div>\n","protected":false},"excerpt":{"rendered":"<p>Finans ve Bankac\u0131l\u0131k \u0130ngilizce B\u00f6l\u00fcm\u00fc Finans ve Bankac\u0131l\u0131k\u00a0B\u00f6l\u00fcm\u00fc gelece\u011fin i\u015fadamlar\u0131n\u0131,\u00a0bankac\u0131l\u0131k ve finans\u00a0profesyonellerini ve akademisyenlerini yeti\u015ftirmektedir. B\u00f6l\u00fcm\u00fcm\u00fcz g\u00fc\u00e7l\u00fc akademik kadrosu ile lisans e\u011fitimlerinin yan\u0131 s\u0131ra, \u00dcniversitemizin Finans Enstit\u00fcs\u00fc b\u00fcnyesinde y\u00fcksek lisans ve doktora e\u011fitimlerini de s\u00fcrd\u00fcrmektedir. T\u00fcrkiye\u2019de ilk ve tek olan Finans Enstit\u00fcs\u00fc\u2019nde Finans, Bankac\u0131l\u0131k, Sermaye Piyasas\u0131, Sigorta ve Risk Y\u00f6netimi uzmanl\u0131k alanlar\u0131 bulunmaktad\u0131r. Akademi ve [&hellip;]<\/p>\n","protected":false},"author":1,"featured_media":0,"parent":0,"menu_order":0,"comment_status":"closed","ping_status":"closed","template":"pages\/homepage.php","meta":{"footnotes":""},"yoast_head":"<!-- This site is optimized with the Yoast SEO Premium plugin v22.1 (Yoast SEO v22.1) - https:\/\/yoast.com\/wordpress\/plugins\/seo\/ -->\n<title>Ana Sayfa - Finans ve Bankac\u0131l\u0131k<\/title>\n<meta name=\"description\" content=\"Finans ve Bankac\u0131l\u0131k B\u00f6l\u00fcm\u00fcm\u00fcz gelece\u011fin i\u015fadamlar\u0131n\u0131, bankac\u0131l\u0131k ve finans profesyonellerini ve akademisyenlerini yeti\u015ftirmektedir.\" \/>\n<meta name=\"robots\" content=\"index, follow, max-snippet:-1, max-image-preview:large, max-video-preview:-1\" \/>\n<link rel=\"canonical\" href=\"http:\/\/ticaret.edu.tr\/finans-ve-bankacilik\/\" \/>\n<meta property=\"og:locale\" content=\"tr_TR\" \/>\n<meta property=\"og:type\" content=\"article\" \/>\n<meta property=\"og:title\" content=\"Ana Sayfa\" \/>\n<meta property=\"og:description\" content=\"Finans ve Bankac\u0131l\u0131k B\u00f6l\u00fcm\u00fcm\u00fcz gelece\u011fin i\u015fadamlar\u0131n\u0131, bankac\u0131l\u0131k ve finans profesyonellerini ve akademisyenlerini yeti\u015ftirmektedir.\" \/>\n<meta property=\"og:url\" content=\"http:\/\/ticaret.edu.tr\/finans-ve-bankacilik\/\" \/>\n<meta property=\"og:site_name\" content=\"Finans ve Bankac\u0131l\u0131k\" \/>\n<meta property=\"article:publisher\" content=\"https:\/\/www.facebook.com\/ticaretedutr\" \/>\n<meta property=\"article:modified_time\" content=\"2025-02-07T13:41:18+00:00\" \/>\n<meta property=\"og:image\" content=\"http:\/\/ticaret.edu.tr\/finans-ve-bankacilik\/wp-content\/uploads\/sites\/15\/2021\/11\/web_logo-01.jpg\" \/>\n\t<meta property=\"og:image:width\" content=\"1250\" \/>\n\t<meta property=\"og:image:height\" content=\"833\" \/>\n\t<meta property=\"og:image:type\" content=\"image\/jpeg\" \/>\n<meta name=\"twitter:card\" content=\"summary_large_image\" \/>\n<meta name=\"twitter:site\" content=\"@ticaretedutr\" \/>\n<meta name=\"twitter:label1\" content=\"Tahmini okuma s\u00fcresi\" \/>\n\t<meta name=\"twitter:data1\" content=\"2 dakika\" \/>\n<script type=\"application\/ld+json\" class=\"yoast-schema-graph\">{\"@context\":\"https:\/\/schema.org\",\"@graph\":[{\"@type\":\"WebPage\",\"@id\":\"http:\/\/ticaret.edu.tr\/finans-ve-bankacilik\/\",\"url\":\"http:\/\/ticaret.edu.tr\/finans-ve-bankacilik\/\",\"name\":\"Ana Sayfa - Finans ve Bankac\u0131l\u0131k\",\"isPartOf\":{\"@id\":\"http:\/\/ticaret.edu.tr\/finans-ve-bankacilik\/#website\"},\"datePublished\":\"2020-05-03T09:48:03+00:00\",\"dateModified\":\"2025-02-07T13:41:18+00:00\",\"description\":\"Finans ve Bankac\u0131l\u0131k B\u00f6l\u00fcm\u00fcm\u00fcz gelece\u011fin i\u015fadamlar\u0131n\u0131, bankac\u0131l\u0131k ve finans profesyonellerini ve akademisyenlerini yeti\u015ftirmektedir.\",\"breadcrumb\":{\"@id\":\"http:\/\/ticaret.edu.tr\/finans-ve-bankacilik\/#breadcrumb\"},\"inLanguage\":\"tr\",\"potentialAction\":[{\"@type\":\"ReadAction\",\"target\":[\"http:\/\/ticaret.edu.tr\/finans-ve-bankacilik\/\"]}]},{\"@type\":\"BreadcrumbList\",\"@id\":\"http:\/\/ticaret.edu.tr\/finans-ve-bankacilik\/#breadcrumb\",\"itemListElement\":[{\"@type\":\"ListItem\",\"position\":1,\"name\":\"Ana sayfa\",\"item\":\"http:\/\/ticaret.edu.tr\/finans-ve-bankacilik\/\"},{\"@type\":\"ListItem\",\"position\":2,\"name\":\"Ana Sayfa\"}]},{\"@type\":\"WebSite\",\"@id\":\"http:\/\/ticaret.edu.tr\/finans-ve-bankacilik\/#website\",\"url\":\"http:\/\/ticaret.edu.tr\/finans-ve-bankacilik\/\",\"name\":\"Finans ve Bankac\u0131l\u0131k\",\"description\":\"\",\"potentialAction\":[{\"@type\":\"SearchAction\",\"target\":{\"@type\":\"EntryPoint\",\"urlTemplate\":\"http:\/\/ticaret.edu.tr\/finans-ve-bankacilik\/?s={search_term_string}\"},\"query-input\":\"required name=search_term_string\"}],\"inLanguage\":\"tr\"}]}<\/script>\n<!-- \/ Yoast SEO Premium plugin. -->","yoast_head_json":{"title":"Ana Sayfa - Finans ve Bankac\u0131l\u0131k","description":"Finans ve Bankac\u0131l\u0131k B\u00f6l\u00fcm\u00fcm\u00fcz gelece\u011fin i\u015fadamlar\u0131n\u0131, bankac\u0131l\u0131k ve finans profesyonellerini ve akademisyenlerini yeti\u015ftirmektedir.","robots":{"index":"index","follow":"follow","max-snippet":"max-snippet:-1","max-image-preview":"max-image-preview:large","max-video-preview":"max-video-preview:-1"},"canonical":"http:\/\/ticaret.edu.tr\/finans-ve-bankacilik\/","og_locale":"tr_TR","og_type":"article","og_title":"Ana Sayfa","og_description":"Finans ve Bankac\u0131l\u0131k B\u00f6l\u00fcm\u00fcm\u00fcz gelece\u011fin i\u015fadamlar\u0131n\u0131, bankac\u0131l\u0131k ve finans profesyonellerini ve akademisyenlerini yeti\u015ftirmektedir.","og_url":"http:\/\/ticaret.edu.tr\/finans-ve-bankacilik\/","og_site_name":"Finans ve Bankac\u0131l\u0131k","article_publisher":"https:\/\/www.facebook.com\/ticaretedutr","article_modified_time":"2025-02-07T13:41:18+00:00","og_image":[{"width":1250,"height":833,"url":"http:\/\/ticaret.edu.tr\/finans-ve-bankacilik\/wp-content\/uploads\/sites\/15\/2021\/11\/web_logo-01.jpg","type":"image\/jpeg"}],"twitter_card":"summary_large_image","twitter_site":"@ticaretedutr","twitter_misc":{"Tahmini okuma s\u00fcresi":"2 dakika"},"schema":{"@context":"https:\/\/schema.org","@graph":[{"@type":"WebPage","@id":"http:\/\/ticaret.edu.tr\/finans-ve-bankacilik\/","url":"http:\/\/ticaret.edu.tr\/finans-ve-bankacilik\/","name":"Ana Sayfa - Finans ve Bankac\u0131l\u0131k","isPartOf":{"@id":"http:\/\/ticaret.edu.tr\/finans-ve-bankacilik\/#website"},"datePublished":"2020-05-03T09:48:03+00:00","dateModified":"2025-02-07T13:41:18+00:00","description":"Finans ve Bankac\u0131l\u0131k B\u00f6l\u00fcm\u00fcm\u00fcz gelece\u011fin i\u015fadamlar\u0131n\u0131, bankac\u0131l\u0131k ve finans profesyonellerini ve akademisyenlerini yeti\u015ftirmektedir.","breadcrumb":{"@id":"http:\/\/ticaret.edu.tr\/finans-ve-bankacilik\/#breadcrumb"},"inLanguage":"tr","potentialAction":[{"@type":"ReadAction","target":["http:\/\/ticaret.edu.tr\/finans-ve-bankacilik\/"]}]},{"@type":"BreadcrumbList","@id":"http:\/\/ticaret.edu.tr\/finans-ve-bankacilik\/#breadcrumb","itemListElement":[{"@type":"ListItem","position":1,"name":"Ana sayfa","item":"http:\/\/ticaret.edu.tr\/finans-ve-bankacilik\/"},{"@type":"ListItem","position":2,"name":"Ana Sayfa"}]},{"@type":"WebSite","@id":"http:\/\/ticaret.edu.tr\/finans-ve-bankacilik\/#website","url":"http:\/\/ticaret.edu.tr\/finans-ve-bankacilik\/","name":"Finans ve Bankac\u0131l\u0131k","description":"","potentialAction":[{"@type":"SearchAction","target":{"@type":"EntryPoint","urlTemplate":"http:\/\/ticaret.edu.tr\/finans-ve-bankacilik\/?s={search_term_string}"},"query-input":"required name=search_term_string"}],"inLanguage":"tr"}]}},"lang":"tr","translations":{"en":340,"tr":11},"pll_sync_post":[],"_links":{"self":[{"href":"http:\/\/ticaret.edu.tr\/finans-ve-bankacilik\/wp-json\/wp\/v2\/pages\/11"}],"collection":[{"href":"http:\/\/ticaret.edu.tr\/finans-ve-bankacilik\/wp-json\/wp\/v2\/pages"}],"about":[{"href":"http:\/\/ticaret.edu.tr\/finans-ve-bankacilik\/wp-json\/wp\/v2\/types\/page"}],"author":[{"embeddable":true,"href":"http:\/\/ticaret.edu.tr\/finans-ve-bankacilik\/wp-json\/wp\/v2\/users\/1"}],"replies":[{"embeddable":true,"href":"http:\/\/ticaret.edu.tr\/finans-ve-bankacilik\/wp-json\/wp\/v2\/comments?post=11"}],"version-history":[{"count":30,"href":"http:\/\/ticaret.edu.tr\/finans-ve-bankacilik\/wp-json\/wp\/v2\/pages\/11\/revisions"}],"predecessor-version":[{"id":1765,"href":"http:\/\/ticaret.edu.tr\/finans-ve-bankacilik\/wp-json\/wp\/v2\/pages\/11\/revisions\/1765"}],"wp:attachment":[{"href":"http:\/\/ticaret.edu.tr\/finans-ve-bankacilik\/wp-json\/wp\/v2\/media?parent=11"}],"curies":[{"name":"wp","href":"https:\/\/api.w.org\/{rel}","templated":true}]}}