{"id":1487,"date":"2025-01-26T22:11:08","date_gmt":"2025-01-26T19:11:08","guid":{"rendered":"https:\/\/ticaret.edu.tr\/finans-ve-bankacilik\/?page_id=1487"},"modified":"2025-10-22T16:59:21","modified_gmt":"2025-10-22T13:59:21","slug":"contact-transportation-info","status":"publish","type":"page","link":"http:\/\/ticaret.edu.tr\/finans-ve-bankacilik\/en\/contact-transportation-info\/","title":{"rendered":"CONTACT &amp; TRANSPORTATION INFO"},"content":{"rendered":"<p data-start=\"0\" data-end=\"91\"><strong data-start=\"0\" data-end=\"89\">You can access the contact information of our academic staff through the links below:<\/strong><\/p>\n<div class=\"_tableContainer_1rjym_1\">\n<div class=\"group _tableWrapper_1rjym_13 flex w-fit flex-col-reverse\">\n<table class=\"w-fit min-w-(--thread-content-width)\" data-start=\"93\" data-end=\"857\">\n<thead data-start=\"93\" data-end=\"136\">\n<tr data-start=\"93\" data-end=\"136\">\n<th data-start=\"93\" data-end=\"114\" data-col-size=\"sm\"><strong data-start=\"95\" data-end=\"113\">Faculty Member<\/strong><\/th>\n<th data-start=\"114\" data-end=\"136\" data-col-size=\"sm\"><strong data-start=\"116\" data-end=\"132\">Profile Page<\/strong><\/th>\n<\/tr>\n<\/thead>\n<tbody data-start=\"182\" data-end=\"857\">\n<tr data-start=\"182\" data-end=\"289\">\n<td data-start=\"182\" data-end=\"207\" data-col-size=\"sm\">Prof. Dr. Hicabi Ersoy<\/td>\n<td data-col-size=\"sm\" data-start=\"207\" data-end=\"289\"><a class=\"decorated-link\" href=\"https:\/\/avesis.ticaret.edu.tr\/hersoy\" target=\"_new\" rel=\"noopener\" data-start=\"209\" data-end=\"285\">https:\/\/avesis.ticaret.edu.tr\/hersoy<\/a><\/td>\n<\/tr>\n<tr data-start=\"290\" data-end=\"403\">\n<td data-start=\"290\" data-end=\"319\" data-col-size=\"sm\">Prof. Dr. Ali Osman G\u00fcrb\u00fcz<\/td>\n<td data-col-size=\"sm\" data-start=\"319\" data-end=\"403\"><a class=\"decorated-link\" href=\"https:\/\/avesis.ticaret.edu.tr\/ogurbuz\" target=\"_new\" rel=\"noopener\" data-start=\"321\" data-end=\"399\">https:\/\/avesis.ticaret.edu.tr\/ogurbuz<\/a><\/td>\n<\/tr>\n<tr data-start=\"404\" data-end=\"517\">\n<td data-start=\"404\" data-end=\"431\" data-col-size=\"sm\">Prof. Dr. Serkan \u00c7ankaya<\/td>\n<td data-col-size=\"sm\" data-start=\"431\" data-end=\"517\"><a class=\"decorated-link\" href=\"https:\/\/avesis.ticaret.edu.tr\/scankaya\" target=\"_new\" rel=\"noopener\" data-start=\"433\" data-end=\"513\">https:\/\/avesis.ticaret.edu.tr\/scankaya<\/a><\/td>\n<\/tr>\n<tr data-start=\"518\" data-end=\"627\">\n<td data-start=\"518\" data-end=\"543\" data-col-size=\"sm\">Prof. Dr. Recep Bildik<\/td>\n<td data-col-size=\"sm\" data-start=\"543\" data-end=\"627\"><a class=\"decorated-link\" href=\"https:\/\/avesis.ticaret.edu.tr\/rbildik\" target=\"_new\" rel=\"noopener\" data-start=\"545\" data-end=\"623\">https:\/\/avesis.ticaret.edu.tr\/rbildik<\/a><\/td>\n<\/tr>\n<tr data-start=\"628\" data-end=\"743\">\n<td data-start=\"628\" data-end=\"655\" data-col-size=\"sm\">Prof. Dr. S\u0131tk\u0131 S\u00f6nmezer<\/td>\n<td data-col-size=\"sm\" data-start=\"655\" data-end=\"743\"><a class=\"decorated-link\" href=\"https:\/\/avesis.ticaret.edu.tr\/ssonmezer\" target=\"_new\" rel=\"noopener\" data-start=\"657\" data-end=\"739\">https:\/\/avesis.ticaret.edu.tr\/ssonmezer<\/a><\/td>\n<\/tr>\n<tr data-start=\"744\" data-end=\"857\">\n<td data-start=\"744\" data-end=\"773\" data-col-size=\"sm\">Res. Asst. Dr. O\u011fuz \u015eim\u015fek<\/td>\n<td data-col-size=\"sm\" data-start=\"773\" data-end=\"857\"><a class=\"decorated-link\" href=\"https:\/\/avesis.ticaret.edu.tr\/osimsek\" target=\"_new\" rel=\"noopener\" data-start=\"775\" data-end=\"853\">https:\/\/avesis.ticaret.edu.tr\/osimsek<\/a><\/td>\n<\/tr>\n<\/tbody>\n<\/table>\n<\/div>\n<\/div>\n<hr data-start=\"859\" data-end=\"862\" \/>\n<h3 data-start=\"864\" data-end=\"902\"><strong data-start=\"868\" data-end=\"902\">Access and Contact Information<\/strong><\/h3>\n<p data-start=\"904\" data-end=\"1024\"><strong data-start=\"904\" data-end=\"916\">Address:<\/strong><br data-start=\"916\" data-end=\"919\" \/>Istanbul Commerce University \u2013 S\u00fctl\u00fcce Campus<br data-start=\"964\" data-end=\"967\" \/>(\u00d6rnektepe Mah. \u0130mrahor Cad. No: 88\/2 Beyo\u011flu \/ Istanbul)<\/p>\n<p data-start=\"1026\" data-end=\"1098\"><strong data-start=\"1026\" data-end=\"1038\">Contact:<\/strong><br data-start=\"1038\" data-end=\"1041\" \/><strong data-start=\"1041\" data-end=\"1051\">Phone:<\/strong> 444 0 413<br data-start=\"1061\" data-end=\"1064\" \/><strong data-start=\"1064\" data-end=\"1075\">E-mail:<\/strong> <a class=\"decorated-link cursor-pointer\" rel=\"noopener\" data-start=\"1076\" data-end=\"1096\">bilgi@ticaret.edu.tr<\/a><\/p>\n<p data-start=\"1100\" data-end=\"1290\"><strong data-start=\"1100\" data-end=\"1123\">Department Website:<\/strong> <a class=\"decorated-link\" href=\"https:\/\/ticaret.edu.tr\/finans-ve-bankacilik\/\" target=\"_new\" rel=\"noopener\" data-start=\"1124\" data-end=\"1216\">https:\/\/ticaret.edu.tr\/finans-ve-bankacilik\/<\/a><br data-start=\"1216\" data-end=\"1219\" \/><strong data-start=\"1219\" data-end=\"1242\">Department E-mails:<\/strong> <a class=\"decorated-link cursor-pointer\" rel=\"noopener\" data-start=\"1243\" data-end=\"1265\">osimsek@ticaret.edu.tr<\/a>, <a class=\"decorated-link cursor-pointer\" rel=\"noopener\" data-start=\"1267\" data-end=\"1288\">hersoy@ticaret.edu.tr<\/a><\/p>\n<hr data-start=\"1292\" data-end=\"1295\" \/>\n<h3 data-start=\"1297\" data-end=\"1331\"><strong data-start=\"1301\" data-end=\"1331\">Transportation Information<\/strong><\/h3>\n<p data-start=\"1333\" data-end=\"1359\"><strong data-start=\"1333\" data-end=\"1357\">By Public Transport:<\/strong><\/p>\n<div class=\"_tableContainer_1rjym_1\">\n<div class=\"group _tableWrapper_1rjym_13 flex w-fit flex-col-reverse\">\n<table class=\"w-fit min-w-(--thread-content-width)\" data-start=\"1361\" data-end=\"1857\">\n<thead data-start=\"1361\" data-end=\"1390\">\n<tr data-start=\"1361\" data-end=\"1390\">\n<th data-start=\"1361\" data-end=\"1373\" data-col-size=\"md\"><strong data-start=\"1363\" data-end=\"1372\">Route<\/strong><\/th>\n<th data-start=\"1373\" data-end=\"1390\" data-col-size=\"md\"><strong data-start=\"1375\" data-end=\"1386\">Details<\/strong><\/th>\n<\/tr>\n<\/thead>\n<tbody data-start=\"1422\" data-end=\"1857\">\n<tr data-start=\"1422\" data-end=\"1510\">\n<td data-start=\"1422\" data-end=\"1458\" data-col-size=\"md\"><strong data-start=\"1424\" data-end=\"1457\">Taksim \u2013 S\u00fctl\u00fcce (IETT Buses)<\/strong><\/td>\n<td data-col-size=\"md\" data-start=\"1458\" data-end=\"1510\">54HT \u2013 Hask\u00f6y \u2013 Taksim \/ 36T \u2013 Cebeci \u2013 Taksim<\/td>\n<\/tr>\n<tr data-start=\"1511\" data-end=\"1587\">\n<td data-start=\"1511\" data-end=\"1560\" data-col-size=\"md\"><strong data-start=\"1513\" data-end=\"1559\">Mecidiyek\u00f6y \u2013 \u015ei\u015fli \u2013 S\u00fctl\u00fcce (IETT Buses)<\/strong><\/td>\n<td data-col-size=\"md\" data-start=\"1560\" data-end=\"1587\">54H\u015e \u2013 Hask\u00f6y \u2013 \u015ei\u015fli<\/td>\n<\/tr>\n<tr data-start=\"1588\" data-end=\"1711\">\n<td data-start=\"1588\" data-end=\"1625\" data-col-size=\"md\"><strong data-start=\"1590\" data-end=\"1624\">Emin\u00f6n\u00fc \u2013 S\u00fctl\u00fcce (IETT Buses)<\/strong><\/td>\n<td data-col-size=\"md\" data-start=\"1625\" data-end=\"1711\">47 \u2013 Ye\u015filp\u0131nar \u2013 Emin\u00f6n\u00fc \/ 47\u00c7 \u2013 G\u00fczeltepe \u2013 Emin\u00f6n\u00fc \/ 47E \u2013 Binevler \u2013 Emin\u00f6n\u00fc<\/td>\n<\/tr>\n<tr data-start=\"1712\" data-end=\"1785\">\n<td data-start=\"1712\" data-end=\"1762\" data-col-size=\"md\"><strong data-start=\"1714\" data-end=\"1761\">Topkap\u0131 \u2013 Seyrantepe \u2013 S\u00fctl\u00fcce (IETT Buses)<\/strong><\/td>\n<td data-col-size=\"md\" data-start=\"1762\" data-end=\"1785\">41ST \u2013 Seyrantepe<\/td>\n<\/tr>\n<tr data-start=\"1786\" data-end=\"1857\">\n<td data-start=\"1786\" data-end=\"1822\" data-col-size=\"md\"><strong data-start=\"1788\" data-end=\"1821\">\u015ei\u015fhane \/ Alibeyk\u00f6y (Minibus)<\/strong><\/td>\n<td data-col-size=\"md\" data-start=\"1822\" data-end=\"1857\">Available directly to S\u00fctl\u00fcce<\/td>\n<\/tr>\n<\/tbody>\n<\/table>\n<\/div>\n<\/div>\n<p data-start=\"1859\" data-end=\"2104\" data-is-last-node=\"\" data-is-only-node=\"\"><strong data-start=\"1859\" data-end=\"1897\">For those using the Metrobus line:<\/strong><br data-start=\"1897\" data-end=\"1900\" \/>Prospective students and their families can get off at the <strong data-start=\"1959\" data-end=\"1981\">Hal\u0131c\u0131o\u011flu station<\/strong>, then take the <strong data-start=\"1997\" data-end=\"2035\">41ST (Seyrantepe\u2013Topkap\u0131) IETT bus<\/strong> or <strong data-start=\"2039\" data-end=\"2071\">Topkap\u0131\u2013Seyrantepe minibuses<\/strong> to reach the <strong data-start=\"2085\" data-end=\"2103\">S\u00fctl\u00fcce Campus<\/strong>.<\/p>\n","protected":false},"excerpt":{"rendered":"<p>You can access the contact information of our academic staff through the links below: Faculty Member Profile Page Prof. Dr. Hicabi Ersoy https:\/\/avesis.ticaret.edu.tr\/hersoy Prof. Dr. Ali Osman G\u00fcrb\u00fcz https:\/\/avesis.ticaret.edu.tr\/ogurbuz Prof. Dr. Serkan \u00c7ankaya https:\/\/avesis.ticaret.edu.tr\/scankaya Prof. Dr. Recep Bildik https:\/\/avesis.ticaret.edu.tr\/rbildik Prof. Dr. S\u0131tk\u0131 S\u00f6nmezer https:\/\/avesis.ticaret.edu.tr\/ssonmezer Res. Asst. Dr. O\u011fuz \u015eim\u015fek https:\/\/avesis.ticaret.edu.tr\/osimsek Access and Contact Information Address:Istanbul [&hellip;]<\/p>\n","protected":false},"author":98,"featured_media":0,"parent":0,"menu_order":0,"comment_status":"closed","ping_status":"closed","template":"genel_sayfa.php","meta":{"footnotes":""},"yoast_head":"<!-- This site is optimized with the Yoast SEO Premium plugin v22.1 (Yoast SEO v22.1) - https:\/\/yoast.com\/wordpress\/plugins\/seo\/ -->\n<title>CONTACT &amp; TRANSPORTATION INFO - Finans ve Bankac\u0131l\u0131k<\/title>\n<meta name=\"robots\" content=\"index, follow, max-snippet:-1, max-image-preview:large, max-video-preview:-1\" \/>\n<link rel=\"canonical\" href=\"https:\/\/ticaret.edu.tr\/finans-ve-bankacilik\/en\/contact-transportation-info\/\" \/>\n<meta property=\"og:locale\" content=\"tr_TR\" \/>\n<meta property=\"og:type\" content=\"article\" \/>\n<meta property=\"og:title\" content=\"CONTACT &amp; TRANSPORTATION INFO\" \/>\n<meta property=\"og:description\" content=\"You can access the contact information of our academic staff through the links below: Faculty Member Profile Page Prof. Dr. Hicabi Ersoy https:\/\/avesis.ticaret.edu.tr\/hersoy Prof. Dr. Ali Osman G\u00fcrb\u00fcz https:\/\/avesis.ticaret.edu.tr\/ogurbuz Prof. Dr. Serkan \u00c7ankaya https:\/\/avesis.ticaret.edu.tr\/scankaya Prof. Dr. Recep Bildik https:\/\/avesis.ticaret.edu.tr\/rbildik Prof. Dr. S\u0131tk\u0131 S\u00f6nmezer https:\/\/avesis.ticaret.edu.tr\/ssonmezer Res. Asst. Dr. O\u011fuz \u015eim\u015fek https:\/\/avesis.ticaret.edu.tr\/osimsek Access and Contact Information Address:Istanbul [&hellip;]\" \/>\n<meta property=\"og:url\" content=\"https:\/\/ticaret.edu.tr\/finans-ve-bankacilik\/en\/contact-transportation-info\/\" \/>\n<meta property=\"og:site_name\" content=\"Finans ve Bankac\u0131l\u0131k\" \/>\n<meta property=\"article:publisher\" content=\"https:\/\/www.facebook.com\/ticaretedutr\" \/>\n<meta property=\"article:modified_time\" content=\"2025-10-22T13:59:21+00:00\" \/>\n<meta property=\"og:image\" content=\"http:\/\/ticaret.edu.tr\/finans-ve-bankacilik\/wp-content\/uploads\/sites\/15\/2021\/11\/web_logo-01.jpg\" \/>\n\t<meta property=\"og:image:width\" content=\"1250\" \/>\n\t<meta property=\"og:image:height\" content=\"833\" \/>\n\t<meta property=\"og:image:type\" content=\"image\/jpeg\" \/>\n<meta name=\"twitter:card\" content=\"summary_large_image\" \/>\n<meta name=\"twitter:site\" content=\"@ticaretedutr\" \/>\n<meta name=\"twitter:label1\" content=\"Tahmini okuma s\u00fcresi\" \/>\n\t<meta name=\"twitter:data1\" content=\"2 dakika\" \/>\n<script type=\"application\/ld+json\" class=\"yoast-schema-graph\">{\"@context\":\"https:\/\/schema.org\",\"@graph\":[{\"@type\":\"WebPage\",\"@id\":\"https:\/\/ticaret.edu.tr\/finans-ve-bankacilik\/en\/contact-transportation-info\/\",\"url\":\"https:\/\/ticaret.edu.tr\/finans-ve-bankacilik\/en\/contact-transportation-info\/\",\"name\":\"CONTACT &amp; TRANSPORTATION INFO - Finans ve Bankac\u0131l\u0131k\",\"isPartOf\":{\"@id\":\"http:\/\/ticaret.edu.tr\/finans-ve-bankacilik\/#website\"},\"datePublished\":\"2025-01-26T19:11:08+00:00\",\"dateModified\":\"2025-10-22T13:59:21+00:00\",\"breadcrumb\":{\"@id\":\"https:\/\/ticaret.edu.tr\/finans-ve-bankacilik\/en\/contact-transportation-info\/#breadcrumb\"},\"inLanguage\":\"tr\",\"potentialAction\":[{\"@type\":\"ReadAction\",\"target\":[\"https:\/\/ticaret.edu.tr\/finans-ve-bankacilik\/en\/contact-transportation-info\/\"]}]},{\"@type\":\"BreadcrumbList\",\"@id\":\"https:\/\/ticaret.edu.tr\/finans-ve-bankacilik\/en\/contact-transportation-info\/#breadcrumb\",\"itemListElement\":[{\"@type\":\"ListItem\",\"position\":1,\"name\":\"Ana sayfa\",\"item\":\"http:\/\/ticaret.edu.tr\/finans-ve-bankacilik\/\"},{\"@type\":\"ListItem\",\"position\":2,\"name\":\"CONTACT &amp; TRANSPORTATION INFO\"}]},{\"@type\":\"WebSite\",\"@id\":\"http:\/\/ticaret.edu.tr\/finans-ve-bankacilik\/#website\",\"url\":\"http:\/\/ticaret.edu.tr\/finans-ve-bankacilik\/\",\"name\":\"Finans ve Bankac\u0131l\u0131k\",\"description\":\"\",\"potentialAction\":[{\"@type\":\"SearchAction\",\"target\":{\"@type\":\"EntryPoint\",\"urlTemplate\":\"http:\/\/ticaret.edu.tr\/finans-ve-bankacilik\/?s={search_term_string}\"},\"query-input\":\"required name=search_term_string\"}],\"inLanguage\":\"tr\"}]}<\/script>\n<!-- \/ Yoast SEO Premium plugin. -->","yoast_head_json":{"title":"CONTACT &amp; TRANSPORTATION INFO - Finans ve Bankac\u0131l\u0131k","robots":{"index":"index","follow":"follow","max-snippet":"max-snippet:-1","max-image-preview":"max-image-preview:large","max-video-preview":"max-video-preview:-1"},"canonical":"https:\/\/ticaret.edu.tr\/finans-ve-bankacilik\/en\/contact-transportation-info\/","og_locale":"tr_TR","og_type":"article","og_title":"CONTACT &amp; TRANSPORTATION INFO","og_description":"You can access the contact information of our academic staff through the links below: Faculty Member Profile Page Prof. Dr. Hicabi Ersoy https:\/\/avesis.ticaret.edu.tr\/hersoy Prof. Dr. Ali Osman G\u00fcrb\u00fcz https:\/\/avesis.ticaret.edu.tr\/ogurbuz Prof. Dr. Serkan \u00c7ankaya https:\/\/avesis.ticaret.edu.tr\/scankaya Prof. Dr. Recep Bildik https:\/\/avesis.ticaret.edu.tr\/rbildik Prof. Dr. S\u0131tk\u0131 S\u00f6nmezer https:\/\/avesis.ticaret.edu.tr\/ssonmezer Res. Asst. Dr. O\u011fuz \u015eim\u015fek https:\/\/avesis.ticaret.edu.tr\/osimsek Access and Contact Information Address:Istanbul [&hellip;]","og_url":"https:\/\/ticaret.edu.tr\/finans-ve-bankacilik\/en\/contact-transportation-info\/","og_site_name":"Finans ve Bankac\u0131l\u0131k","article_publisher":"https:\/\/www.facebook.com\/ticaretedutr","article_modified_time":"2025-10-22T13:59:21+00:00","og_image":[{"width":1250,"height":833,"url":"http:\/\/ticaret.edu.tr\/finans-ve-bankacilik\/wp-content\/uploads\/sites\/15\/2021\/11\/web_logo-01.jpg","type":"image\/jpeg"}],"twitter_card":"summary_large_image","twitter_site":"@ticaretedutr","twitter_misc":{"Tahmini okuma s\u00fcresi":"2 dakika"},"schema":{"@context":"https:\/\/schema.org","@graph":[{"@type":"WebPage","@id":"https:\/\/ticaret.edu.tr\/finans-ve-bankacilik\/en\/contact-transportation-info\/","url":"https:\/\/ticaret.edu.tr\/finans-ve-bankacilik\/en\/contact-transportation-info\/","name":"CONTACT &amp; TRANSPORTATION INFO - Finans ve Bankac\u0131l\u0131k","isPartOf":{"@id":"http:\/\/ticaret.edu.tr\/finans-ve-bankacilik\/#website"},"datePublished":"2025-01-26T19:11:08+00:00","dateModified":"2025-10-22T13:59:21+00:00","breadcrumb":{"@id":"https:\/\/ticaret.edu.tr\/finans-ve-bankacilik\/en\/contact-transportation-info\/#breadcrumb"},"inLanguage":"tr","potentialAction":[{"@type":"ReadAction","target":["https:\/\/ticaret.edu.tr\/finans-ve-bankacilik\/en\/contact-transportation-info\/"]}]},{"@type":"BreadcrumbList","@id":"https:\/\/ticaret.edu.tr\/finans-ve-bankacilik\/en\/contact-transportation-info\/#breadcrumb","itemListElement":[{"@type":"ListItem","position":1,"name":"Ana sayfa","item":"http:\/\/ticaret.edu.tr\/finans-ve-bankacilik\/"},{"@type":"ListItem","position":2,"name":"CONTACT &amp; TRANSPORTATION INFO"}]},{"@type":"WebSite","@id":"http:\/\/ticaret.edu.tr\/finans-ve-bankacilik\/#website","url":"http:\/\/ticaret.edu.tr\/finans-ve-bankacilik\/","name":"Finans ve Bankac\u0131l\u0131k","description":"","potentialAction":[{"@type":"SearchAction","target":{"@type":"EntryPoint","urlTemplate":"http:\/\/ticaret.edu.tr\/finans-ve-bankacilik\/?s={search_term_string}"},"query-input":"required name=search_term_string"}],"inLanguage":"tr"}]}},"lang":"en","translations":{"en":1487,"tr":1479},"pll_sync_post":[],"_links":{"self":[{"href":"http:\/\/ticaret.edu.tr\/finans-ve-bankacilik\/wp-json\/wp\/v2\/pages\/1487"}],"collection":[{"href":"http:\/\/ticaret.edu.tr\/finans-ve-bankacilik\/wp-json\/wp\/v2\/pages"}],"about":[{"href":"http:\/\/ticaret.edu.tr\/finans-ve-bankacilik\/wp-json\/wp\/v2\/types\/page"}],"author":[{"embeddable":true,"href":"http:\/\/ticaret.edu.tr\/finans-ve-bankacilik\/wp-json\/wp\/v2\/users\/98"}],"replies":[{"embeddable":true,"href":"http:\/\/ticaret.edu.tr\/finans-ve-bankacilik\/wp-json\/wp\/v2\/comments?post=1487"}],"version-history":[{"count":3,"href":"http:\/\/ticaret.edu.tr\/finans-ve-bankacilik\/wp-json\/wp\/v2\/pages\/1487\/revisions"}],"predecessor-version":[{"id":2130,"href":"http:\/\/ticaret.edu.tr\/finans-ve-bankacilik\/wp-json\/wp\/v2\/pages\/1487\/revisions\/2130"}],"wp:attachment":[{"href":"http:\/\/ticaret.edu.tr\/finans-ve-bankacilik\/wp-json\/wp\/v2\/media?parent=1487"}],"curies":[{"name":"wp","href":"https:\/\/api.w.org\/{rel}","templated":true}]}}