{"id":1489,"date":"2025-01-26T22:11:07","date_gmt":"2025-01-26T19:11:07","guid":{"rendered":"https:\/\/ticaret.edu.tr\/finans-ve-bankacilik\/?page_id=1489"},"modified":"2025-12-22T08:37:14","modified_gmt":"2025-12-22T05:37:14","slug":"departments-advisory-board","status":"publish","type":"page","link":"http:\/\/ticaret.edu.tr\/finans-ve-bankacilik\/en\/departments-advisory-board\/","title":{"rendered":"DEPARTMENT&#8217;S ADVISORY BOARD"},"content":{"rendered":"<p data-start=\"0\" data-end=\"90\"><strong data-start=\"0\" data-end=\"18\">ADVISORY BOARD<\/strong><br data-start=\"18\" data-end=\"21\" \/><strong data-start=\"21\" data-end=\"88\">FINANCE AND BANKING (ENGLISH) DEPARTMENT ADVISORY BOARD MEMBERS<\/strong><\/p>\n<div class=\"_tableContainer_1rjym_1\">\n<div class=\"group _tableWrapper_1rjym_13 flex w-fit flex-col-reverse\">\n<table class=\"w-fit min-w-(--thread-content-width)\" data-start=\"92\" data-end=\"984\" data-is-last-node=\"\" data-is-only-node=\"\">\n<thead data-start=\"92\" data-end=\"147\">\n<tr data-start=\"92\" data-end=\"147\">\n<th data-start=\"92\" data-end=\"111\" data-col-size=\"sm\"><strong data-start=\"94\" data-end=\"110\">Title \/ Name<\/strong><\/th>\n<th data-start=\"111\" data-end=\"129\" data-col-size=\"md\"><strong data-start=\"113\" data-end=\"128\">Institution<\/strong><\/th>\n<th data-start=\"129\" data-end=\"147\" data-col-size=\"sm\"><strong data-start=\"131\" data-end=\"143\">Position<\/strong><\/th>\n<\/tr>\n<\/thead>\n<tbody data-start=\"206\" data-end=\"984\" data-is-last-node=\"\">\n<tr data-start=\"206\" data-end=\"293\">\n<td data-start=\"206\" data-end=\"238\" data-col-size=\"sm\">Assoc. Prof. Dr. Hicabi Ersoy<\/td>\n<td data-col-size=\"md\" data-start=\"238\" data-end=\"269\">Istanbul Commerce University<\/td>\n<td data-col-size=\"sm\" data-start=\"269\" data-end=\"293\">Head of Department<\/td>\n<\/tr>\n<tr data-start=\"294\" data-end=\"374\">\n<td data-start=\"294\" data-end=\"323\" data-col-size=\"sm\">Prof. Dr. Ali Osman G\u00fcrb\u00fcz<\/td>\n<td data-col-size=\"md\" data-start=\"323\" data-end=\"354\">Istanbul Commerce University<\/td>\n<td data-col-size=\"sm\" data-start=\"354\" data-end=\"374\">Faculty Member<\/td>\n<\/tr>\n<tr data-start=\"375\" data-end=\"464\">\n<td data-start=\"375\" data-end=\"399\" data-col-size=\"sm\">Prof. Dr. Salih Durer<\/td>\n<td data-col-size=\"md\" data-start=\"399\" data-end=\"429\">Y\u0131ld\u0131z Technical University<\/td>\n<td data-col-size=\"sm\" data-start=\"429\" data-end=\"464\">External Academic Stakeholder<\/td>\n<\/tr>\n<tr data-start=\"465\" data-end=\"543\">\n<td data-start=\"465\" data-end=\"492\" data-col-size=\"sm\">Prof. Dr. Serkan \u00c7ankaya<\/td>\n<td data-col-size=\"md\" data-start=\"492\" data-end=\"523\">Istanbul Commerce University<\/td>\n<td data-col-size=\"sm\" data-start=\"523\" data-end=\"543\">Faculty Member<\/td>\n<\/tr>\n<tr data-start=\"544\" data-end=\"645\">\n<td data-start=\"544\" data-end=\"577\" data-col-size=\"sm\">Assoc. Prof. Dr. Alaattin Ecer<\/td>\n<td data-col-size=\"md\" data-start=\"577\" data-end=\"612\">Capital Markets Board of T\u00fcrkiye<\/td>\n<td data-col-size=\"sm\" data-start=\"612\" data-end=\"645\">Head of Research Department<\/td>\n<\/tr>\n<tr data-start=\"646\" data-end=\"713\">\n<td data-start=\"646\" data-end=\"660\" data-col-size=\"sm\">Mehmet Gerz<\/td>\n<td data-col-size=\"md\" data-start=\"660\" data-end=\"692\">Ata Portfolio Management Inc.<\/td>\n<td data-col-size=\"sm\" data-start=\"692\" data-end=\"713\">General Manager<\/td>\n<\/tr>\n<tr data-start=\"714\" data-end=\"788\">\n<td data-start=\"714\" data-end=\"735\" data-col-size=\"sm\">Osman Bahri Turgut<\/td>\n<td data-col-size=\"md\" data-start=\"735\" data-end=\"758\">T. Garanti Bank Inc.<\/td>\n<td data-col-size=\"sm\" data-start=\"758\" data-end=\"788\">Head of Inspection Board<\/td>\n<\/tr>\n<tr data-start=\"789\" data-end=\"890\">\n<td data-start=\"789\" data-end=\"803\" data-col-size=\"sm\">O\u011fuz \u015eim\u015fek<\/td>\n<td data-col-size=\"md\" data-start=\"803\" data-end=\"855\">Istanbul Commerce University (Research Assistant)<\/td>\n<td data-col-size=\"sm\" data-start=\"855\" data-end=\"890\">Department Quality Ambassador<\/td>\n<\/tr>\n<tr data-start=\"891\" data-end=\"984\" data-is-last-node=\"\">\n<td data-start=\"891\" data-end=\"906\" data-col-size=\"sm\">Amir Chomaev<\/td>\n<td data-col-size=\"md\" data-start=\"906\" data-end=\"947\">Istanbul Commerce University (Student)<\/td>\n<td data-col-size=\"sm\" data-start=\"947\" data-end=\"984\" data-is-last-node=\"\">Department Student Representative<\/td>\n<\/tr>\n<\/tbody>\n<\/table>\n<\/div>\n<p>Finance and Banking Department Advisory Board Meeting Minutes<\/p>\n<p><a href=\"http:\/\/ticaret.edu.tr\/finans-ve-bankacilik\/wp-content\/uploads\/sites\/15\/2025\/12\/05.05.2025-Finans-ve-Bankacilik-Bolumu-Danisma-Kurulu-Toplantisi-Tutanagi-1.pdf\">05.05.2025 Finance and Banking Department Advisory Board Meeting Report<\/a><\/p>\n<\/div>\n","protected":false},"excerpt":{"rendered":"<p>ADVISORY BOARDFINANCE AND BANKING (ENGLISH) DEPARTMENT ADVISORY BOARD MEMBERS Title \/ Name Institution Position Assoc. Prof. Dr. Hicabi Ersoy Istanbul Commerce University Head of Department Prof. Dr. Ali Osman G\u00fcrb\u00fcz Istanbul Commerce University Faculty Member Prof. Dr. Salih Durer Y\u0131ld\u0131z Technical University External Academic Stakeholder Prof. Dr. Serkan \u00c7ankaya Istanbul Commerce University Faculty Member Assoc. [&hellip;]<\/p>\n","protected":false},"author":98,"featured_media":0,"parent":0,"menu_order":0,"comment_status":"closed","ping_status":"closed","template":"genel_sayfa.php","meta":{"footnotes":""},"yoast_head":"<!-- This site is optimized with the Yoast SEO Premium plugin v22.1 (Yoast SEO v22.1) - https:\/\/yoast.com\/wordpress\/plugins\/seo\/ -->\n<title>DEPARTMENT&#039;S ADVISORY BOARD - Finans ve Bankac\u0131l\u0131k<\/title>\n<meta name=\"robots\" content=\"index, follow, max-snippet:-1, max-image-preview:large, max-video-preview:-1\" \/>\n<link rel=\"canonical\" href=\"https:\/\/ticaret.edu.tr\/finans-ve-bankacilik\/en\/departments-advisory-board\/\" \/>\n<meta property=\"og:locale\" content=\"tr_TR\" \/>\n<meta property=\"og:type\" content=\"article\" \/>\n<meta property=\"og:title\" content=\"DEPARTMENT&#039;S ADVISORY BOARD\" \/>\n<meta property=\"og:description\" content=\"ADVISORY BOARDFINANCE AND BANKING (ENGLISH) DEPARTMENT ADVISORY BOARD MEMBERS Title \/ Name Institution Position Assoc. Prof. Dr. Hicabi Ersoy Istanbul Commerce University Head of Department Prof. Dr. Ali Osman G\u00fcrb\u00fcz Istanbul Commerce University Faculty Member Prof. Dr. Salih Durer Y\u0131ld\u0131z Technical University External Academic Stakeholder Prof. Dr. Serkan \u00c7ankaya Istanbul Commerce University Faculty Member Assoc. [&hellip;]\" \/>\n<meta property=\"og:url\" content=\"https:\/\/ticaret.edu.tr\/finans-ve-bankacilik\/en\/departments-advisory-board\/\" \/>\n<meta property=\"og:site_name\" content=\"Finans ve Bankac\u0131l\u0131k\" \/>\n<meta property=\"article:publisher\" content=\"https:\/\/www.facebook.com\/ticaretedutr\" \/>\n<meta property=\"article:modified_time\" content=\"2025-12-22T05:37:14+00:00\" \/>\n<meta property=\"og:image\" content=\"http:\/\/ticaret.edu.tr\/finans-ve-bankacilik\/wp-content\/uploads\/sites\/15\/2021\/11\/web_logo-01.jpg\" \/>\n\t<meta property=\"og:image:width\" content=\"1250\" \/>\n\t<meta property=\"og:image:height\" content=\"833\" \/>\n\t<meta property=\"og:image:type\" content=\"image\/jpeg\" \/>\n<meta name=\"twitter:card\" content=\"summary_large_image\" \/>\n<meta name=\"twitter:site\" content=\"@ticaretedutr\" \/>\n<meta name=\"twitter:label1\" content=\"Tahmini okuma s\u00fcresi\" \/>\n\t<meta name=\"twitter:data1\" content=\"1 dakika\" \/>\n<script type=\"application\/ld+json\" class=\"yoast-schema-graph\">{\"@context\":\"https:\/\/schema.org\",\"@graph\":[{\"@type\":\"WebPage\",\"@id\":\"https:\/\/ticaret.edu.tr\/finans-ve-bankacilik\/en\/departments-advisory-board\/\",\"url\":\"https:\/\/ticaret.edu.tr\/finans-ve-bankacilik\/en\/departments-advisory-board\/\",\"name\":\"DEPARTMENT'S ADVISORY BOARD - Finans ve Bankac\u0131l\u0131k\",\"isPartOf\":{\"@id\":\"http:\/\/ticaret.edu.tr\/finans-ve-bankacilik\/#website\"},\"datePublished\":\"2025-01-26T19:11:07+00:00\",\"dateModified\":\"2025-12-22T05:37:14+00:00\",\"breadcrumb\":{\"@id\":\"https:\/\/ticaret.edu.tr\/finans-ve-bankacilik\/en\/departments-advisory-board\/#breadcrumb\"},\"inLanguage\":\"tr\",\"potentialAction\":[{\"@type\":\"ReadAction\",\"target\":[\"https:\/\/ticaret.edu.tr\/finans-ve-bankacilik\/en\/departments-advisory-board\/\"]}]},{\"@type\":\"BreadcrumbList\",\"@id\":\"https:\/\/ticaret.edu.tr\/finans-ve-bankacilik\/en\/departments-advisory-board\/#breadcrumb\",\"itemListElement\":[{\"@type\":\"ListItem\",\"position\":1,\"name\":\"Ana sayfa\",\"item\":\"http:\/\/ticaret.edu.tr\/finans-ve-bankacilik\/\"},{\"@type\":\"ListItem\",\"position\":2,\"name\":\"DEPARTMENT&#8217;S ADVISORY BOARD\"}]},{\"@type\":\"WebSite\",\"@id\":\"http:\/\/ticaret.edu.tr\/finans-ve-bankacilik\/#website\",\"url\":\"http:\/\/ticaret.edu.tr\/finans-ve-bankacilik\/\",\"name\":\"Finans ve Bankac\u0131l\u0131k\",\"description\":\"\",\"potentialAction\":[{\"@type\":\"SearchAction\",\"target\":{\"@type\":\"EntryPoint\",\"urlTemplate\":\"http:\/\/ticaret.edu.tr\/finans-ve-bankacilik\/?s={search_term_string}\"},\"query-input\":\"required name=search_term_string\"}],\"inLanguage\":\"tr\"}]}<\/script>\n<!-- \/ Yoast SEO Premium plugin. -->","yoast_head_json":{"title":"DEPARTMENT'S ADVISORY BOARD - Finans ve Bankac\u0131l\u0131k","robots":{"index":"index","follow":"follow","max-snippet":"max-snippet:-1","max-image-preview":"max-image-preview:large","max-video-preview":"max-video-preview:-1"},"canonical":"https:\/\/ticaret.edu.tr\/finans-ve-bankacilik\/en\/departments-advisory-board\/","og_locale":"tr_TR","og_type":"article","og_title":"DEPARTMENT'S ADVISORY BOARD","og_description":"ADVISORY BOARDFINANCE AND BANKING (ENGLISH) DEPARTMENT ADVISORY BOARD MEMBERS Title \/ Name Institution Position Assoc. Prof. Dr. Hicabi Ersoy Istanbul Commerce University Head of Department Prof. Dr. Ali Osman G\u00fcrb\u00fcz Istanbul Commerce University Faculty Member Prof. Dr. Salih Durer Y\u0131ld\u0131z Technical University External Academic Stakeholder Prof. Dr. Serkan \u00c7ankaya Istanbul Commerce University Faculty Member Assoc. [&hellip;]","og_url":"https:\/\/ticaret.edu.tr\/finans-ve-bankacilik\/en\/departments-advisory-board\/","og_site_name":"Finans ve Bankac\u0131l\u0131k","article_publisher":"https:\/\/www.facebook.com\/ticaretedutr","article_modified_time":"2025-12-22T05:37:14+00:00","og_image":[{"width":1250,"height":833,"url":"http:\/\/ticaret.edu.tr\/finans-ve-bankacilik\/wp-content\/uploads\/sites\/15\/2021\/11\/web_logo-01.jpg","type":"image\/jpeg"}],"twitter_card":"summary_large_image","twitter_site":"@ticaretedutr","twitter_misc":{"Tahmini okuma s\u00fcresi":"1 dakika"},"schema":{"@context":"https:\/\/schema.org","@graph":[{"@type":"WebPage","@id":"https:\/\/ticaret.edu.tr\/finans-ve-bankacilik\/en\/departments-advisory-board\/","url":"https:\/\/ticaret.edu.tr\/finans-ve-bankacilik\/en\/departments-advisory-board\/","name":"DEPARTMENT'S ADVISORY BOARD - Finans ve Bankac\u0131l\u0131k","isPartOf":{"@id":"http:\/\/ticaret.edu.tr\/finans-ve-bankacilik\/#website"},"datePublished":"2025-01-26T19:11:07+00:00","dateModified":"2025-12-22T05:37:14+00:00","breadcrumb":{"@id":"https:\/\/ticaret.edu.tr\/finans-ve-bankacilik\/en\/departments-advisory-board\/#breadcrumb"},"inLanguage":"tr","potentialAction":[{"@type":"ReadAction","target":["https:\/\/ticaret.edu.tr\/finans-ve-bankacilik\/en\/departments-advisory-board\/"]}]},{"@type":"BreadcrumbList","@id":"https:\/\/ticaret.edu.tr\/finans-ve-bankacilik\/en\/departments-advisory-board\/#breadcrumb","itemListElement":[{"@type":"ListItem","position":1,"name":"Ana sayfa","item":"http:\/\/ticaret.edu.tr\/finans-ve-bankacilik\/"},{"@type":"ListItem","position":2,"name":"DEPARTMENT&#8217;S ADVISORY BOARD"}]},{"@type":"WebSite","@id":"http:\/\/ticaret.edu.tr\/finans-ve-bankacilik\/#website","url":"http:\/\/ticaret.edu.tr\/finans-ve-bankacilik\/","name":"Finans ve Bankac\u0131l\u0131k","description":"","potentialAction":[{"@type":"SearchAction","target":{"@type":"EntryPoint","urlTemplate":"http:\/\/ticaret.edu.tr\/finans-ve-bankacilik\/?s={search_term_string}"},"query-input":"required name=search_term_string"}],"inLanguage":"tr"}]}},"lang":"en","translations":{"en":1489,"tr":1477},"pll_sync_post":[],"_links":{"self":[{"href":"http:\/\/ticaret.edu.tr\/finans-ve-bankacilik\/wp-json\/wp\/v2\/pages\/1489"}],"collection":[{"href":"http:\/\/ticaret.edu.tr\/finans-ve-bankacilik\/wp-json\/wp\/v2\/pages"}],"about":[{"href":"http:\/\/ticaret.edu.tr\/finans-ve-bankacilik\/wp-json\/wp\/v2\/types\/page"}],"author":[{"embeddable":true,"href":"http:\/\/ticaret.edu.tr\/finans-ve-bankacilik\/wp-json\/wp\/v2\/users\/98"}],"replies":[{"embeddable":true,"href":"http:\/\/ticaret.edu.tr\/finans-ve-bankacilik\/wp-json\/wp\/v2\/comments?post=1489"}],"version-history":[{"count":4,"href":"http:\/\/ticaret.edu.tr\/finans-ve-bankacilik\/wp-json\/wp\/v2\/pages\/1489\/revisions"}],"predecessor-version":[{"id":2177,"href":"http:\/\/ticaret.edu.tr\/finans-ve-bankacilik\/wp-json\/wp\/v2\/pages\/1489\/revisions\/2177"}],"wp:attachment":[{"href":"http:\/\/ticaret.edu.tr\/finans-ve-bankacilik\/wp-json\/wp\/v2\/media?parent=1489"}],"curies":[{"name":"wp","href":"https:\/\/api.w.org\/{rel}","templated":true}]}}