{"id":1771,"date":"2025-01-26T16:32:36","date_gmt":"2025-01-26T13:32:36","guid":{"rendered":"https:\/\/ticaret.edu.tr\/gorsel-iletisim-tasarimi\/?page_id=1771"},"modified":"2025-03-17T16:02:55","modified_gmt":"2025-03-17T13:02:55","slug":"vizyon-misyon","status":"publish","type":"page","link":"http:\/\/ticaret.edu.tr\/gorsel-iletisim-tasarimi\/vizyon-misyon\/","title":{"rendered":"Vizyon &#8211; Misyon"},"content":{"rendered":"<p><strong>Vizyonumuz\u00a0<\/strong><\/p>\n<p>B\u00f6l\u00fcm\u00fcm\u00fczde \u00f6zellikle hareketli g\u00f6r\u00fcnt\u00fc tasar\u0131m\u0131na \u00f6nem verilmekte ve bu \u00e7er\u00e7evede grafik tasar\u0131m\u0131, foto\u011fraf\u00e7\u0131l\u0131k ve video ve YZ uygulamalar\u0131n\u0131 kapsayan uygulamal\u0131 dersler sunulmaktad\u0131r. Hareketli g\u00f6r\u00fcnt\u00fclerin g\u00fcn\u00fcm\u00fczde kazand\u0131\u011f\u0131 \u00f6nem dikkate al\u0131n\u0131rsa, b\u00f6l\u00fcm\u00fcm\u00fcz\u00fcn g\u00f6rsel iletili\u015fim alan\u0131ndaki geli\u015fmeleri takip eden, hayat\u0131n ak\u0131\u015f\u0131na yenilik\u00e7ilik ruhuyla dokunan, ihtiya\u00e7lara cevap verebilen, toplumsal fayday\u0131 g\u00f6zeten, sekt\u00f6rel i\u015fbirli\u011fi imk\u00e2nlar\u0131n\u0131 geli\u015ftiren, alan\u0131n gerekti\u011fi etik de\u011ferlerin bilincinde, k\u00fcresel ve teknolojik geli\u015fmeleri dikkate alan bir b\u00f6l\u00fcm olman\u0131n sorumlulu\u011funu \u00fcstlenmektedir. \u00dcstlendi\u011fi bu misyon \u00e7er\u00e7evesinde b\u00f6l\u00fcm\u00fcm\u00fczde, \u00f6\u011frencilerin teorik ve uygulamal\u0131 dersleri sabit ve hareketli g\u00f6r\u00fcnt\u00fcler ile kombine edilebilecekleri, reklamc\u0131l\u0131k, tan\u0131t\u0131m, foto\u011fraf\u00e7\u0131l\u0131k ve video ve YZ uygulamalar\u0131 alanlar\u0131nda etkin olabilecekleri bir perspektif sunulmaktad\u0131r.<\/p>\n<p>&nbsp;<\/p>\n<p><strong>Misyonumuz<\/strong><\/p>\n<p>B\u00f6l\u00fcm\u00fcm\u00fcz, \u00fcstlendi\u011fi misyon \u00e7er\u00e7evesinde, lisans program\u0131n\u0131n kapsad\u0131\u011f\u0131 alan\u0131n tarihsel geli\u015fim s\u00fcre\u00e7lerine hakim, i\u00e7inde bulundu\u011fu d\u00f6nem \u015fartlar\u0131n\u0131n gerektirdi\u011fi teorik ve pratik kapasiteye ve becerilere malik, gelece\u011fe a\u00e7\u0131k ve alanda ger\u00e7ekle\u015fen teknolojik geli\u015fmelere duyarl\u0131, sekt\u00f6rde \u00f6nc\u00fcl\u00fck edecek nitelikli, ele\u015ftirel d\u00fc\u015f\u00fcnceye sahip, etik de\u011ferleri haiz \u00f6\u011frenciler yeti\u015ftirmek, \u00fclkemizin akademik hayat\u0131na katk\u0131 sunacak bilimsel ara\u015ft\u0131rmalar yapmak ve projeler \u00fcretmektir.<\/p>\n<p>&nbsp;<\/p>\n<h4>Prof. Dr. R\u0131dvan \u015eent\u00fcrk<br \/>\nB\u00f6l\u00fcm Ba\u015fkan\u0131<\/h4>\n<p><u><strong>\u0130leti\u015fim Bilgileri:<\/strong><\/u><br \/>\nrsent\u00fcrk@ticaret.edu.tr<br \/>\n444 0 413 \/4123<\/p>\n","protected":false},"excerpt":{"rendered":"<p>Vizyonumuz\u00a0 B\u00f6l\u00fcm\u00fcm\u00fczde \u00f6zellikle hareketli g\u00f6r\u00fcnt\u00fc tasar\u0131m\u0131na \u00f6nem verilmekte ve bu \u00e7er\u00e7evede grafik tasar\u0131m\u0131, foto\u011fraf\u00e7\u0131l\u0131k ve video ve YZ uygulamalar\u0131n\u0131 kapsayan uygulamal\u0131 dersler sunulmaktad\u0131r. Hareketli g\u00f6r\u00fcnt\u00fclerin g\u00fcn\u00fcm\u00fczde kazand\u0131\u011f\u0131 \u00f6nem dikkate al\u0131n\u0131rsa, b\u00f6l\u00fcm\u00fcm\u00fcz\u00fcn g\u00f6rsel iletili\u015fim alan\u0131ndaki geli\u015fmeleri takip eden, hayat\u0131n ak\u0131\u015f\u0131na yenilik\u00e7ilik ruhuyla dokunan, ihtiya\u00e7lara cevap verebilen, toplumsal fayday\u0131 g\u00f6zeten, sekt\u00f6rel i\u015fbirli\u011fi imk\u00e2nlar\u0131n\u0131 geli\u015ftiren, alan\u0131n gerekti\u011fi etik [&hellip;]<\/p>\n","protected":false},"author":43,"featured_media":0,"parent":0,"menu_order":0,"comment_status":"closed","ping_status":"closed","template":"genel_sayfa.php","meta":{"footnotes":""},"yoast_head":"<!-- This site is optimized with the Yoast SEO Premium plugin v22.1 (Yoast SEO v22.1) - https:\/\/yoast.com\/wordpress\/plugins\/seo\/ -->\n<title>Vizyon - Misyon - G\u00f6rsel \u0130leti\u015fim Tasar\u0131m\u0131<\/title>\n<meta name=\"robots\" content=\"index, follow, max-snippet:-1, max-image-preview:large, max-video-preview:-1\" \/>\n<link rel=\"canonical\" href=\"http:\/\/ticaret.edu.tr\/gorsel-iletisim-tasarimi\/vizyon-misyon\/\" \/>\n<meta property=\"og:locale\" content=\"tr_TR\" \/>\n<meta property=\"og:type\" content=\"article\" \/>\n<meta property=\"og:title\" content=\"Vizyon - Misyon\" \/>\n<meta property=\"og:description\" content=\"Vizyonumuz\u00a0 B\u00f6l\u00fcm\u00fcm\u00fczde \u00f6zellikle hareketli g\u00f6r\u00fcnt\u00fc tasar\u0131m\u0131na \u00f6nem verilmekte ve bu \u00e7er\u00e7evede grafik tasar\u0131m\u0131, foto\u011fraf\u00e7\u0131l\u0131k ve video ve YZ uygulamalar\u0131n\u0131 kapsayan uygulamal\u0131 dersler sunulmaktad\u0131r. Hareketli g\u00f6r\u00fcnt\u00fclerin g\u00fcn\u00fcm\u00fczde kazand\u0131\u011f\u0131 \u00f6nem dikkate al\u0131n\u0131rsa, b\u00f6l\u00fcm\u00fcm\u00fcz\u00fcn g\u00f6rsel iletili\u015fim alan\u0131ndaki geli\u015fmeleri takip eden, hayat\u0131n ak\u0131\u015f\u0131na yenilik\u00e7ilik ruhuyla dokunan, ihtiya\u00e7lara cevap verebilen, toplumsal fayday\u0131 g\u00f6zeten, sekt\u00f6rel i\u015fbirli\u011fi imk\u00e2nlar\u0131n\u0131 geli\u015ftiren, alan\u0131n gerekti\u011fi etik [&hellip;]\" \/>\n<meta property=\"og:url\" content=\"http:\/\/ticaret.edu.tr\/gorsel-iletisim-tasarimi\/vizyon-misyon\/\" \/>\n<meta property=\"og:site_name\" content=\"G\u00f6rsel \u0130leti\u015fim Tasar\u0131m\u0131\" \/>\n<meta property=\"article:publisher\" content=\"https:\/\/www.facebook.com\/ticaretedutr\" \/>\n<meta property=\"article:modified_time\" content=\"2025-03-17T13:02:55+00:00\" \/>\n<meta property=\"og:image\" content=\"http:\/\/ticaret.edu.tr\/gorsel-iletisim-tasarimi\/wp-content\/uploads\/sites\/12\/2021\/11\/web_logo-01.jpg\" \/>\n\t<meta property=\"og:image:width\" content=\"1250\" \/>\n\t<meta property=\"og:image:height\" content=\"833\" \/>\n\t<meta property=\"og:image:type\" content=\"image\/jpeg\" \/>\n<meta name=\"twitter:card\" content=\"summary_large_image\" \/>\n<meta name=\"twitter:site\" content=\"@ticaretedutr\" \/>\n<meta name=\"twitter:label1\" content=\"Tahmini okuma s\u00fcresi\" \/>\n\t<meta name=\"twitter:data1\" content=\"2 dakika\" \/>\n<script type=\"application\/ld+json\" class=\"yoast-schema-graph\">{\"@context\":\"https:\/\/schema.org\",\"@graph\":[{\"@type\":\"WebPage\",\"@id\":\"http:\/\/ticaret.edu.tr\/gorsel-iletisim-tasarimi\/vizyon-misyon\/\",\"url\":\"http:\/\/ticaret.edu.tr\/gorsel-iletisim-tasarimi\/vizyon-misyon\/\",\"name\":\"Vizyon - Misyon - G\u00f6rsel \u0130leti\u015fim Tasar\u0131m\u0131\",\"isPartOf\":{\"@id\":\"http:\/\/ticaret.edu.tr\/gorsel-iletisim-tasarimi\/en\/#website\"},\"datePublished\":\"2025-01-26T13:32:36+00:00\",\"dateModified\":\"2025-03-17T13:02:55+00:00\",\"breadcrumb\":{\"@id\":\"http:\/\/ticaret.edu.tr\/gorsel-iletisim-tasarimi\/vizyon-misyon\/#breadcrumb\"},\"inLanguage\":\"tr\",\"potentialAction\":[{\"@type\":\"ReadAction\",\"target\":[\"http:\/\/ticaret.edu.tr\/gorsel-iletisim-tasarimi\/vizyon-misyon\/\"]}]},{\"@type\":\"BreadcrumbList\",\"@id\":\"http:\/\/ticaret.edu.tr\/gorsel-iletisim-tasarimi\/vizyon-misyon\/#breadcrumb\",\"itemListElement\":[{\"@type\":\"ListItem\",\"position\":1,\"name\":\"Ana sayfa\",\"item\":\"https:\/\/ticaret.edu.tr\/gorsel-iletisim-tasarimi\/\"},{\"@type\":\"ListItem\",\"position\":2,\"name\":\"Vizyon &#8211; Misyon\"}]},{\"@type\":\"WebSite\",\"@id\":\"http:\/\/ticaret.edu.tr\/gorsel-iletisim-tasarimi\/en\/#website\",\"url\":\"http:\/\/ticaret.edu.tr\/gorsel-iletisim-tasarimi\/en\/\",\"name\":\"G\u00f6rsel \u0130leti\u015fim Tasar\u0131m\u0131\",\"description\":\"\",\"potentialAction\":[{\"@type\":\"SearchAction\",\"target\":{\"@type\":\"EntryPoint\",\"urlTemplate\":\"http:\/\/ticaret.edu.tr\/gorsel-iletisim-tasarimi\/en\/?s={search_term_string}\"},\"query-input\":\"required name=search_term_string\"}],\"inLanguage\":\"tr\"}]}<\/script>\n<!-- \/ Yoast SEO Premium plugin. -->","yoast_head_json":{"title":"Vizyon - Misyon - G\u00f6rsel \u0130leti\u015fim Tasar\u0131m\u0131","robots":{"index":"index","follow":"follow","max-snippet":"max-snippet:-1","max-image-preview":"max-image-preview:large","max-video-preview":"max-video-preview:-1"},"canonical":"http:\/\/ticaret.edu.tr\/gorsel-iletisim-tasarimi\/vizyon-misyon\/","og_locale":"tr_TR","og_type":"article","og_title":"Vizyon - Misyon","og_description":"Vizyonumuz\u00a0 B\u00f6l\u00fcm\u00fcm\u00fczde \u00f6zellikle hareketli g\u00f6r\u00fcnt\u00fc tasar\u0131m\u0131na \u00f6nem verilmekte ve bu \u00e7er\u00e7evede grafik tasar\u0131m\u0131, foto\u011fraf\u00e7\u0131l\u0131k ve video ve YZ uygulamalar\u0131n\u0131 kapsayan uygulamal\u0131 dersler sunulmaktad\u0131r. Hareketli g\u00f6r\u00fcnt\u00fclerin g\u00fcn\u00fcm\u00fczde kazand\u0131\u011f\u0131 \u00f6nem dikkate al\u0131n\u0131rsa, b\u00f6l\u00fcm\u00fcm\u00fcz\u00fcn g\u00f6rsel iletili\u015fim alan\u0131ndaki geli\u015fmeleri takip eden, hayat\u0131n ak\u0131\u015f\u0131na yenilik\u00e7ilik ruhuyla dokunan, ihtiya\u00e7lara cevap verebilen, toplumsal fayday\u0131 g\u00f6zeten, sekt\u00f6rel i\u015fbirli\u011fi imk\u00e2nlar\u0131n\u0131 geli\u015ftiren, alan\u0131n gerekti\u011fi etik [&hellip;]","og_url":"http:\/\/ticaret.edu.tr\/gorsel-iletisim-tasarimi\/vizyon-misyon\/","og_site_name":"G\u00f6rsel \u0130leti\u015fim Tasar\u0131m\u0131","article_publisher":"https:\/\/www.facebook.com\/ticaretedutr","article_modified_time":"2025-03-17T13:02:55+00:00","og_image":[{"width":1250,"height":833,"url":"http:\/\/ticaret.edu.tr\/gorsel-iletisim-tasarimi\/wp-content\/uploads\/sites\/12\/2021\/11\/web_logo-01.jpg","type":"image\/jpeg"}],"twitter_card":"summary_large_image","twitter_site":"@ticaretedutr","twitter_misc":{"Tahmini okuma s\u00fcresi":"2 dakika"},"schema":{"@context":"https:\/\/schema.org","@graph":[{"@type":"WebPage","@id":"http:\/\/ticaret.edu.tr\/gorsel-iletisim-tasarimi\/vizyon-misyon\/","url":"http:\/\/ticaret.edu.tr\/gorsel-iletisim-tasarimi\/vizyon-misyon\/","name":"Vizyon - Misyon - G\u00f6rsel \u0130leti\u015fim Tasar\u0131m\u0131","isPartOf":{"@id":"http:\/\/ticaret.edu.tr\/gorsel-iletisim-tasarimi\/en\/#website"},"datePublished":"2025-01-26T13:32:36+00:00","dateModified":"2025-03-17T13:02:55+00:00","breadcrumb":{"@id":"http:\/\/ticaret.edu.tr\/gorsel-iletisim-tasarimi\/vizyon-misyon\/#breadcrumb"},"inLanguage":"tr","potentialAction":[{"@type":"ReadAction","target":["http:\/\/ticaret.edu.tr\/gorsel-iletisim-tasarimi\/vizyon-misyon\/"]}]},{"@type":"BreadcrumbList","@id":"http:\/\/ticaret.edu.tr\/gorsel-iletisim-tasarimi\/vizyon-misyon\/#breadcrumb","itemListElement":[{"@type":"ListItem","position":1,"name":"Ana sayfa","item":"https:\/\/ticaret.edu.tr\/gorsel-iletisim-tasarimi\/"},{"@type":"ListItem","position":2,"name":"Vizyon &#8211; Misyon"}]},{"@type":"WebSite","@id":"http:\/\/ticaret.edu.tr\/gorsel-iletisim-tasarimi\/en\/#website","url":"http:\/\/ticaret.edu.tr\/gorsel-iletisim-tasarimi\/en\/","name":"G\u00f6rsel \u0130leti\u015fim Tasar\u0131m\u0131","description":"","potentialAction":[{"@type":"SearchAction","target":{"@type":"EntryPoint","urlTemplate":"http:\/\/ticaret.edu.tr\/gorsel-iletisim-tasarimi\/en\/?s={search_term_string}"},"query-input":"required name=search_term_string"}],"inLanguage":"tr"}]}},"lang":"tr","translations":{"en":1773,"tr":1771},"pll_sync_post":[],"_links":{"self":[{"href":"http:\/\/ticaret.edu.tr\/gorsel-iletisim-tasarimi\/wp-json\/wp\/v2\/pages\/1771"}],"collection":[{"href":"http:\/\/ticaret.edu.tr\/gorsel-iletisim-tasarimi\/wp-json\/wp\/v2\/pages"}],"about":[{"href":"http:\/\/ticaret.edu.tr\/gorsel-iletisim-tasarimi\/wp-json\/wp\/v2\/types\/page"}],"author":[{"embeddable":true,"href":"http:\/\/ticaret.edu.tr\/gorsel-iletisim-tasarimi\/wp-json\/wp\/v2\/users\/43"}],"replies":[{"embeddable":true,"href":"http:\/\/ticaret.edu.tr\/gorsel-iletisim-tasarimi\/wp-json\/wp\/v2\/comments?post=1771"}],"version-history":[{"count":5,"href":"http:\/\/ticaret.edu.tr\/gorsel-iletisim-tasarimi\/wp-json\/wp\/v2\/pages\/1771\/revisions"}],"predecessor-version":[{"id":2209,"href":"http:\/\/ticaret.edu.tr\/gorsel-iletisim-tasarimi\/wp-json\/wp\/v2\/pages\/1771\/revisions\/2209"}],"wp:attachment":[{"href":"http:\/\/ticaret.edu.tr\/gorsel-iletisim-tasarimi\/wp-json\/wp\/v2\/media?parent=1771"}],"curies":[{"name":"wp","href":"https:\/\/api.w.org\/{rel}","templated":true}]}}