{"id":1830,"date":"2025-01-26T16:46:36","date_gmt":"2025-01-26T13:46:36","guid":{"rendered":"https:\/\/ticaret.edu.tr\/gorsel-iletisim-tasarimi\/?page_id=1830"},"modified":"2025-10-17T10:08:12","modified_gmt":"2025-10-17T07:08:12","slug":"lisansustu-genel-bilgi","status":"publish","type":"page","link":"http:\/\/ticaret.edu.tr\/gorsel-iletisim-tasarimi\/lisansustu-genel-bilgi\/","title":{"rendered":"Genel Bilgi"},"content":{"rendered":"<div><span lang=\"TR\">\u0130stanbul Ticaret \u00dcniversitesi \u0130leti\u015fim Fak\u00fcltesi G\u00f6rsel \u0130leti\u015fim Tasar\u0131m\u0131 B\u00f6l\u00fcm\u00fc, mesleki e\u011fitimine temel olu\u015fturacak bilgi ve becerileri edinmi\u015f; foto\u011fraf, resimleme, grafik tasar\u0131m, yeni medya, etkile\u015fimli tasar\u0131m, animasyon, modelleme ve video alanlar\u0131nda teorik bilgi ve ileri d\u00fczeyde uygulama becerisine sahip; \u00e7a\u011fda\u015f ileti\u015fim ara\u00e7lar\u0131n\u0131 kullanma becerisine sahip; pek \u00e7ok bireysel proje tamamlam\u0131\u015f ve grup projesinde yer alm\u0131\u015f; yasal ve etik de\u011ferlere sayg\u0131l\u0131; ele\u015ftirel ve analitik bak\u0131\u015f a\u00e7\u0131s\u0131na sahip; en az bir yabanc\u0131 dili kullanarak mesleki yenilikleri takip edebilen ve ileti\u015fim kurabilen; \u00fcretken ve yarat\u0131c\u0131 profesyoneller yeti\u015ftirmektir.\u00a0<\/span><\/div>\n<div><\/div>\n<div>Yeni ve geleneksel ileti\u015fim ortamlar\u0131 i\u00e7in her t\u00fcrl\u00fc tasar\u0131m sorununu yarat\u0131c\u0131 bi\u00e7imde \u00e7\u00f6zebilen, ileti\u015fim stratejileri geli\u015ftirip ilgili s\u00fcreci y\u00f6netebilen, g\u00f6rsel ileti\u015fim kuram ve y\u00f6ntemleri ile uygulama becerilerini kazanm\u0131\u015f ve bu alanda eksikli\u011fi hissedilen nitelikli g\u00f6rsel ileti\u015fim tasar\u0131mc\u0131lar\u0131n yeti\u015ftirilmesi b\u00f6l\u00fcm\u00fcn ana hedefidir. G\u00f6rsel \u0130leti\u015fim Tasar\u0131m\u0131 lisans program\u0131, ileti\u015fimin t\u00fcm ortamlar\u0131nda etkili ve estetik mesajlar \u00fcretebilen ve aktarabilen yetkin, yenilik\u00e7i, etik ve duyarl\u0131 tasar\u0131mc\u0131lar yeti\u015ftirmeyi ama\u00e7lamaktad\u0131r. Program, grafik tasar\u0131m ve multimedya ileti\u015fimi ekseninde geli\u015ftirilmi\u015f, disiplinler aras\u0131 ve evrensel olarak ge\u00e7erli bir m\u00fcfredata sahiptir.<\/div>\n","protected":false},"excerpt":{"rendered":"<p>\u0130stanbul Ticaret \u00dcniversitesi \u0130leti\u015fim Fak\u00fcltesi G\u00f6rsel \u0130leti\u015fim Tasar\u0131m\u0131 B\u00f6l\u00fcm\u00fc, mesleki e\u011fitimine temel olu\u015fturacak bilgi ve becerileri edinmi\u015f; foto\u011fraf, resimleme, grafik tasar\u0131m, yeni medya, etkile\u015fimli tasar\u0131m, animasyon, modelleme ve video alanlar\u0131nda teorik bilgi ve ileri d\u00fczeyde uygulama becerisine sahip; \u00e7a\u011fda\u015f ileti\u015fim ara\u00e7lar\u0131n\u0131 kullanma becerisine sahip; pek \u00e7ok bireysel proje tamamlam\u0131\u015f ve grup projesinde yer alm\u0131\u015f; yasal [&hellip;]<\/p>\n","protected":false},"author":43,"featured_media":0,"parent":0,"menu_order":0,"comment_status":"closed","ping_status":"closed","template":"genel_sayfa.php","meta":{"footnotes":""},"yoast_head":"<!-- This site is optimized with the Yoast SEO Premium plugin v22.1 (Yoast SEO v22.1) - https:\/\/yoast.com\/wordpress\/plugins\/seo\/ -->\n<title>Genel Bilgi - G\u00f6rsel \u0130leti\u015fim Tasar\u0131m\u0131<\/title>\n<meta name=\"robots\" content=\"index, follow, max-snippet:-1, max-image-preview:large, max-video-preview:-1\" \/>\n<link rel=\"canonical\" href=\"http:\/\/ticaret.edu.tr\/gorsel-iletisim-tasarimi\/lisansustu-genel-bilgi\/\" \/>\n<meta property=\"og:locale\" content=\"tr_TR\" \/>\n<meta property=\"og:type\" content=\"article\" \/>\n<meta property=\"og:title\" content=\"Genel Bilgi\" \/>\n<meta property=\"og:description\" content=\"\u0130stanbul Ticaret \u00dcniversitesi \u0130leti\u015fim Fak\u00fcltesi G\u00f6rsel \u0130leti\u015fim Tasar\u0131m\u0131 B\u00f6l\u00fcm\u00fc, mesleki e\u011fitimine temel olu\u015fturacak bilgi ve becerileri edinmi\u015f; foto\u011fraf, resimleme, grafik tasar\u0131m, yeni medya, etkile\u015fimli tasar\u0131m, animasyon, modelleme ve video alanlar\u0131nda teorik bilgi ve ileri d\u00fczeyde uygulama becerisine sahip; \u00e7a\u011fda\u015f ileti\u015fim ara\u00e7lar\u0131n\u0131 kullanma becerisine sahip; pek \u00e7ok bireysel proje tamamlam\u0131\u015f ve grup projesinde yer alm\u0131\u015f; yasal [&hellip;]\" \/>\n<meta property=\"og:url\" content=\"http:\/\/ticaret.edu.tr\/gorsel-iletisim-tasarimi\/lisansustu-genel-bilgi\/\" \/>\n<meta property=\"og:site_name\" content=\"G\u00f6rsel \u0130leti\u015fim Tasar\u0131m\u0131\" \/>\n<meta property=\"article:publisher\" content=\"https:\/\/www.facebook.com\/ticaretedutr\" \/>\n<meta property=\"article:modified_time\" content=\"2025-10-17T07:08:12+00:00\" \/>\n<meta property=\"og:image\" content=\"http:\/\/ticaret.edu.tr\/gorsel-iletisim-tasarimi\/wp-content\/uploads\/sites\/12\/2021\/11\/web_logo-01.jpg\" \/>\n\t<meta property=\"og:image:width\" content=\"1250\" \/>\n\t<meta property=\"og:image:height\" content=\"833\" \/>\n\t<meta property=\"og:image:type\" content=\"image\/jpeg\" \/>\n<meta name=\"twitter:card\" content=\"summary_large_image\" \/>\n<meta name=\"twitter:site\" content=\"@ticaretedutr\" \/>\n<script type=\"application\/ld+json\" class=\"yoast-schema-graph\">{\"@context\":\"https:\/\/schema.org\",\"@graph\":[{\"@type\":\"WebPage\",\"@id\":\"http:\/\/ticaret.edu.tr\/gorsel-iletisim-tasarimi\/lisansustu-genel-bilgi\/\",\"url\":\"http:\/\/ticaret.edu.tr\/gorsel-iletisim-tasarimi\/lisansustu-genel-bilgi\/\",\"name\":\"Genel Bilgi - G\u00f6rsel \u0130leti\u015fim Tasar\u0131m\u0131\",\"isPartOf\":{\"@id\":\"http:\/\/ticaret.edu.tr\/gorsel-iletisim-tasarimi\/en\/#website\"},\"datePublished\":\"2025-01-26T13:46:36+00:00\",\"dateModified\":\"2025-10-17T07:08:12+00:00\",\"breadcrumb\":{\"@id\":\"http:\/\/ticaret.edu.tr\/gorsel-iletisim-tasarimi\/lisansustu-genel-bilgi\/#breadcrumb\"},\"inLanguage\":\"tr\",\"potentialAction\":[{\"@type\":\"ReadAction\",\"target\":[\"http:\/\/ticaret.edu.tr\/gorsel-iletisim-tasarimi\/lisansustu-genel-bilgi\/\"]}]},{\"@type\":\"BreadcrumbList\",\"@id\":\"http:\/\/ticaret.edu.tr\/gorsel-iletisim-tasarimi\/lisansustu-genel-bilgi\/#breadcrumb\",\"itemListElement\":[{\"@type\":\"ListItem\",\"position\":1,\"name\":\"Ana sayfa\",\"item\":\"https:\/\/ticaret.edu.tr\/gorsel-iletisim-tasarimi\/\"},{\"@type\":\"ListItem\",\"position\":2,\"name\":\"Genel Bilgi\"}]},{\"@type\":\"WebSite\",\"@id\":\"http:\/\/ticaret.edu.tr\/gorsel-iletisim-tasarimi\/en\/#website\",\"url\":\"http:\/\/ticaret.edu.tr\/gorsel-iletisim-tasarimi\/en\/\",\"name\":\"G\u00f6rsel \u0130leti\u015fim Tasar\u0131m\u0131\",\"description\":\"\",\"potentialAction\":[{\"@type\":\"SearchAction\",\"target\":{\"@type\":\"EntryPoint\",\"urlTemplate\":\"http:\/\/ticaret.edu.tr\/gorsel-iletisim-tasarimi\/en\/?s={search_term_string}\"},\"query-input\":\"required name=search_term_string\"}],\"inLanguage\":\"tr\"}]}<\/script>\n<!-- \/ Yoast SEO Premium plugin. -->","yoast_head_json":{"title":"Genel Bilgi - G\u00f6rsel \u0130leti\u015fim Tasar\u0131m\u0131","robots":{"index":"index","follow":"follow","max-snippet":"max-snippet:-1","max-image-preview":"max-image-preview:large","max-video-preview":"max-video-preview:-1"},"canonical":"http:\/\/ticaret.edu.tr\/gorsel-iletisim-tasarimi\/lisansustu-genel-bilgi\/","og_locale":"tr_TR","og_type":"article","og_title":"Genel Bilgi","og_description":"\u0130stanbul Ticaret \u00dcniversitesi \u0130leti\u015fim Fak\u00fcltesi G\u00f6rsel \u0130leti\u015fim Tasar\u0131m\u0131 B\u00f6l\u00fcm\u00fc, mesleki e\u011fitimine temel olu\u015fturacak bilgi ve becerileri edinmi\u015f; foto\u011fraf, resimleme, grafik tasar\u0131m, yeni medya, etkile\u015fimli tasar\u0131m, animasyon, modelleme ve video alanlar\u0131nda teorik bilgi ve ileri d\u00fczeyde uygulama becerisine sahip; \u00e7a\u011fda\u015f ileti\u015fim ara\u00e7lar\u0131n\u0131 kullanma becerisine sahip; pek \u00e7ok bireysel proje tamamlam\u0131\u015f ve grup projesinde yer alm\u0131\u015f; yasal [&hellip;]","og_url":"http:\/\/ticaret.edu.tr\/gorsel-iletisim-tasarimi\/lisansustu-genel-bilgi\/","og_site_name":"G\u00f6rsel \u0130leti\u015fim Tasar\u0131m\u0131","article_publisher":"https:\/\/www.facebook.com\/ticaretedutr","article_modified_time":"2025-10-17T07:08:12+00:00","og_image":[{"width":1250,"height":833,"url":"http:\/\/ticaret.edu.tr\/gorsel-iletisim-tasarimi\/wp-content\/uploads\/sites\/12\/2021\/11\/web_logo-01.jpg","type":"image\/jpeg"}],"twitter_card":"summary_large_image","twitter_site":"@ticaretedutr","schema":{"@context":"https:\/\/schema.org","@graph":[{"@type":"WebPage","@id":"http:\/\/ticaret.edu.tr\/gorsel-iletisim-tasarimi\/lisansustu-genel-bilgi\/","url":"http:\/\/ticaret.edu.tr\/gorsel-iletisim-tasarimi\/lisansustu-genel-bilgi\/","name":"Genel Bilgi - G\u00f6rsel \u0130leti\u015fim Tasar\u0131m\u0131","isPartOf":{"@id":"http:\/\/ticaret.edu.tr\/gorsel-iletisim-tasarimi\/en\/#website"},"datePublished":"2025-01-26T13:46:36+00:00","dateModified":"2025-10-17T07:08:12+00:00","breadcrumb":{"@id":"http:\/\/ticaret.edu.tr\/gorsel-iletisim-tasarimi\/lisansustu-genel-bilgi\/#breadcrumb"},"inLanguage":"tr","potentialAction":[{"@type":"ReadAction","target":["http:\/\/ticaret.edu.tr\/gorsel-iletisim-tasarimi\/lisansustu-genel-bilgi\/"]}]},{"@type":"BreadcrumbList","@id":"http:\/\/ticaret.edu.tr\/gorsel-iletisim-tasarimi\/lisansustu-genel-bilgi\/#breadcrumb","itemListElement":[{"@type":"ListItem","position":1,"name":"Ana sayfa","item":"https:\/\/ticaret.edu.tr\/gorsel-iletisim-tasarimi\/"},{"@type":"ListItem","position":2,"name":"Genel Bilgi"}]},{"@type":"WebSite","@id":"http:\/\/ticaret.edu.tr\/gorsel-iletisim-tasarimi\/en\/#website","url":"http:\/\/ticaret.edu.tr\/gorsel-iletisim-tasarimi\/en\/","name":"G\u00f6rsel \u0130leti\u015fim Tasar\u0131m\u0131","description":"","potentialAction":[{"@type":"SearchAction","target":{"@type":"EntryPoint","urlTemplate":"http:\/\/ticaret.edu.tr\/gorsel-iletisim-tasarimi\/en\/?s={search_term_string}"},"query-input":"required name=search_term_string"}],"inLanguage":"tr"}]}},"lang":"tr","translations":{"tr":1830,"en":1832},"pll_sync_post":[],"_links":{"self":[{"href":"http:\/\/ticaret.edu.tr\/gorsel-iletisim-tasarimi\/wp-json\/wp\/v2\/pages\/1830"}],"collection":[{"href":"http:\/\/ticaret.edu.tr\/gorsel-iletisim-tasarimi\/wp-json\/wp\/v2\/pages"}],"about":[{"href":"http:\/\/ticaret.edu.tr\/gorsel-iletisim-tasarimi\/wp-json\/wp\/v2\/types\/page"}],"author":[{"embeddable":true,"href":"http:\/\/ticaret.edu.tr\/gorsel-iletisim-tasarimi\/wp-json\/wp\/v2\/users\/43"}],"replies":[{"embeddable":true,"href":"http:\/\/ticaret.edu.tr\/gorsel-iletisim-tasarimi\/wp-json\/wp\/v2\/comments?post=1830"}],"version-history":[{"count":4,"href":"http:\/\/ticaret.edu.tr\/gorsel-iletisim-tasarimi\/wp-json\/wp\/v2\/pages\/1830\/revisions"}],"predecessor-version":[{"id":2336,"href":"http:\/\/ticaret.edu.tr\/gorsel-iletisim-tasarimi\/wp-json\/wp\/v2\/pages\/1830\/revisions\/2336"}],"wp:attachment":[{"href":"http:\/\/ticaret.edu.tr\/gorsel-iletisim-tasarimi\/wp-json\/wp\/v2\/media?parent=1830"}],"curies":[{"name":"wp","href":"https:\/\/api.w.org\/{rel}","templated":true}]}}