{"id":1833,"date":"2025-01-26T21:46:14","date_gmt":"2025-01-26T18:46:14","guid":{"rendered":"https:\/\/ticaret.edu.tr\/halkla-iliskiler-ve-reklamcilik\/?page_id=1833"},"modified":"2025-10-21T15:55:26","modified_gmt":"2025-10-21T12:55:26","slug":"vision-mission","status":"publish","type":"page","link":"http:\/\/ticaret.edu.tr\/halkla-iliskiler-ve-reklamcilik\/en\/vision-mission\/","title":{"rendered":"Vision &#8211; Mission"},"content":{"rendered":"<p><strong>Vizyonumuz<\/strong><\/p>\n<p>Dijital ileti\u015fim teknolojilerinde meydana gelen geli\u015fmeler kar\u015f\u0131s\u0131nda \u00e7a\u011f\u0131 yakalayan, kolay adapte olan ve bilgi birikimini sekt\u00f6re uyarlayarak sekt\u00f6rde \u00f6nc\u00fcl\u00fck edecek nitelikli, ele\u015ftirel d\u00fc\u015f\u00fcnceye sahip, etik de\u011ferleri benimseyen mezunlar vermek; bilimsel alanda ara\u015ft\u0131rma ve projeler \u00fcretmek, \u00fclkede \u00f6nde gelen bir b\u00f6l\u00fcm olmakt\u0131r.<\/p>\n<p>&nbsp;<\/p>\n<p><strong>Misyonumuz<\/strong><\/p>\n<p>\u00dclkemizdeki halkla ili\u015fkiler\u00a0 ve reklamc\u0131l\u0131k sekt\u00f6r\u00fcnde de\u011fi\u015fen ihtiya\u00e7lara cevap verebilen, kendisini k\u00fcresel y\u00f6nelimlere uyarlayabilen; ulusal ve evrensel ahlaki de\u011ferlere sahip, sorumluluk sahibi, giri\u015fimci, \u00fcretken ve nitelikli insan yeti\u015ftirmektir.<\/p>\n<p>\u00d6\u011frencilerimize akademik ve sekt\u00f6rel i\u015fbirlikleri ile donatarak \u00fclkenin ve toplumun faydas\u0131na bireyler haline gelmelerini sa\u011flamak misyonumuzun somut yans\u0131malar\u0131 olarak g\u00f6r\u00fclmektedir.<\/p>\n<p>&nbsp;<\/p>\n<p><strong>De\u011ferlerimiz<\/strong><\/p>\n<p>B\u00f6l\u00fcm\u00fcm\u00fczde benimsenen temel de\u011ferler a\u015fa\u011f\u0131da sunulmu\u015ftur:<\/p>\n<ul>\n<li>\u00d6\u011frenci odakl\u0131<\/li>\n<li>Akademik ve sekt\u00f6rel i\u015fbirlikleri ile verimlili\u011fe inan<\/li>\n<li>\u015eeffaf ve ileti\u015fime a\u00e7\u0131k<\/li>\n<li>Kat\u0131l\u0131mc\u0131 ve ekip ruhuna inanan<\/li>\n<li>Etik ve yasal de\u011ferleri benimseyen ve sahip \u00e7\u0131kan<\/li>\n<li>Bireysel ve kurumsal sosyal sorumlulu\u011fu, sosyal fayday\u0131 benimseyen<\/li>\n<li>Farkl\u0131l\u0131klar\u0131 kucaklayan, sayg\u0131 duyan ve e\u015fitlik\u00e7i<\/li>\n<li>Temel hak ve \u00f6zg\u00fcrl\u00fckleri savunan<\/li>\n<li>Payda\u015flarla i\u015fbirli\u011fine \u00f6nem veren<\/li>\n<li>Mezunlarla ba\u011f\u0131n\u0131 g\u00fc\u00e7l\u00fc ve s\u00fcrekli k\u0131lan<\/li>\n<li>Dijital \u0130leti\u015fim teknolojilerindeki geli\u015fmeleri takip eden ve kendi alan\u0131na adapte eden<\/li>\n<\/ul>\n","protected":false},"excerpt":{"rendered":"<p>Vizyonumuz Dijital ileti\u015fim teknolojilerinde meydana gelen geli\u015fmeler kar\u015f\u0131s\u0131nda \u00e7a\u011f\u0131 yakalayan, kolay adapte olan ve bilgi birikimini sekt\u00f6re uyarlayarak sekt\u00f6rde \u00f6nc\u00fcl\u00fck edecek nitelikli, ele\u015ftirel d\u00fc\u015f\u00fcnceye sahip, etik de\u011ferleri benimseyen mezunlar vermek; bilimsel alanda ara\u015ft\u0131rma ve projeler \u00fcretmek, \u00fclkede \u00f6nde gelen bir b\u00f6l\u00fcm olmakt\u0131r. &nbsp; Misyonumuz \u00dclkemizdeki halkla ili\u015fkiler\u00a0 ve reklamc\u0131l\u0131k sekt\u00f6r\u00fcnde de\u011fi\u015fen ihtiya\u00e7lara cevap verebilen, kendisini [&hellip;]<\/p>\n","protected":false},"author":43,"featured_media":0,"parent":0,"menu_order":0,"comment_status":"closed","ping_status":"closed","template":"genel_sayfa.php","meta":{"footnotes":""},"yoast_head":"<!-- This site is optimized with the Yoast SEO Premium plugin v22.1 (Yoast SEO v22.1) - https:\/\/yoast.com\/wordpress\/plugins\/seo\/ -->\n<title>Vision - Mission - Halkla \u0130li\u015fkiler ve Reklamc\u0131l\u0131k<\/title>\n<meta name=\"robots\" content=\"index, follow, max-snippet:-1, max-image-preview:large, max-video-preview:-1\" \/>\n<link rel=\"canonical\" href=\"http:\/\/ticaret.edu.tr\/halkla-iliskiler-ve-reklamcilik\/en\/vision-mission\/\" \/>\n<meta property=\"og:locale\" content=\"tr_TR\" \/>\n<meta property=\"og:type\" content=\"article\" \/>\n<meta property=\"og:title\" content=\"Vision - Mission\" \/>\n<meta property=\"og:description\" content=\"Vizyonumuz Dijital ileti\u015fim teknolojilerinde meydana gelen geli\u015fmeler kar\u015f\u0131s\u0131nda \u00e7a\u011f\u0131 yakalayan, kolay adapte olan ve bilgi birikimini sekt\u00f6re uyarlayarak sekt\u00f6rde \u00f6nc\u00fcl\u00fck edecek nitelikli, ele\u015ftirel d\u00fc\u015f\u00fcnceye sahip, etik de\u011ferleri benimseyen mezunlar vermek; bilimsel alanda ara\u015ft\u0131rma ve projeler \u00fcretmek, \u00fclkede \u00f6nde gelen bir b\u00f6l\u00fcm olmakt\u0131r. &nbsp; Misyonumuz \u00dclkemizdeki halkla ili\u015fkiler\u00a0 ve reklamc\u0131l\u0131k sekt\u00f6r\u00fcnde de\u011fi\u015fen ihtiya\u00e7lara cevap verebilen, kendisini [&hellip;]\" \/>\n<meta property=\"og:url\" content=\"http:\/\/ticaret.edu.tr\/halkla-iliskiler-ve-reklamcilik\/en\/vision-mission\/\" \/>\n<meta property=\"og:site_name\" content=\"Halkla \u0130li\u015fkiler ve Reklamc\u0131l\u0131k\" \/>\n<meta property=\"article:publisher\" content=\"https:\/\/www.facebook.com\/ticaretedutr\" \/>\n<meta property=\"article:modified_time\" content=\"2025-10-21T12:55:26+00:00\" \/>\n<meta property=\"og:image\" content=\"http:\/\/ticaret.edu.tr\/halkla-iliskiler-ve-reklamcilik\/wp-content\/uploads\/sites\/13\/2021\/11\/web_logo-01.jpg\" \/>\n\t<meta property=\"og:image:width\" content=\"1250\" \/>\n\t<meta property=\"og:image:height\" content=\"833\" \/>\n\t<meta property=\"og:image:type\" content=\"image\/jpeg\" \/>\n<meta name=\"twitter:card\" content=\"summary_large_image\" \/>\n<meta name=\"twitter:site\" content=\"@ticaretedutr\" \/>\n<meta name=\"twitter:label1\" content=\"Tahmini okuma s\u00fcresi\" \/>\n\t<meta name=\"twitter:data1\" content=\"1 dakika\" \/>\n<script type=\"application\/ld+json\" class=\"yoast-schema-graph\">{\"@context\":\"https:\/\/schema.org\",\"@graph\":[{\"@type\":\"WebPage\",\"@id\":\"http:\/\/ticaret.edu.tr\/halkla-iliskiler-ve-reklamcilik\/en\/vision-mission\/\",\"url\":\"http:\/\/ticaret.edu.tr\/halkla-iliskiler-ve-reklamcilik\/en\/vision-mission\/\",\"name\":\"Vision - Mission - Halkla \u0130li\u015fkiler ve Reklamc\u0131l\u0131k\",\"isPartOf\":{\"@id\":\"http:\/\/ticaret.edu.tr\/halkla-iliskiler-ve-reklamcilik\/#website\"},\"datePublished\":\"2025-01-26T18:46:14+00:00\",\"dateModified\":\"2025-10-21T12:55:26+00:00\",\"breadcrumb\":{\"@id\":\"http:\/\/ticaret.edu.tr\/halkla-iliskiler-ve-reklamcilik\/en\/vision-mission\/#breadcrumb\"},\"inLanguage\":\"tr\",\"potentialAction\":[{\"@type\":\"ReadAction\",\"target\":[\"http:\/\/ticaret.edu.tr\/halkla-iliskiler-ve-reklamcilik\/en\/vision-mission\/\"]}]},{\"@type\":\"BreadcrumbList\",\"@id\":\"http:\/\/ticaret.edu.tr\/halkla-iliskiler-ve-reklamcilik\/en\/vision-mission\/#breadcrumb\",\"itemListElement\":[{\"@type\":\"ListItem\",\"position\":1,\"name\":\"Ana sayfa\",\"item\":\"http:\/\/ticaret.edu.tr\/halkla-iliskiler-ve-reklamcilik\/\"},{\"@type\":\"ListItem\",\"position\":2,\"name\":\"Vision &#8211; Mission\"}]},{\"@type\":\"WebSite\",\"@id\":\"http:\/\/ticaret.edu.tr\/halkla-iliskiler-ve-reklamcilik\/#website\",\"url\":\"http:\/\/ticaret.edu.tr\/halkla-iliskiler-ve-reklamcilik\/\",\"name\":\"Halkla \u0130li\u015fkiler ve Reklamc\u0131l\u0131k\",\"description\":\"\",\"potentialAction\":[{\"@type\":\"SearchAction\",\"target\":{\"@type\":\"EntryPoint\",\"urlTemplate\":\"http:\/\/ticaret.edu.tr\/halkla-iliskiler-ve-reklamcilik\/?s={search_term_string}\"},\"query-input\":\"required name=search_term_string\"}],\"inLanguage\":\"tr\"}]}<\/script>\n<!-- \/ Yoast SEO Premium plugin. -->","yoast_head_json":{"title":"Vision - Mission - Halkla \u0130li\u015fkiler ve Reklamc\u0131l\u0131k","robots":{"index":"index","follow":"follow","max-snippet":"max-snippet:-1","max-image-preview":"max-image-preview:large","max-video-preview":"max-video-preview:-1"},"canonical":"http:\/\/ticaret.edu.tr\/halkla-iliskiler-ve-reklamcilik\/en\/vision-mission\/","og_locale":"tr_TR","og_type":"article","og_title":"Vision - Mission","og_description":"Vizyonumuz Dijital ileti\u015fim teknolojilerinde meydana gelen geli\u015fmeler kar\u015f\u0131s\u0131nda \u00e7a\u011f\u0131 yakalayan, kolay adapte olan ve bilgi birikimini sekt\u00f6re uyarlayarak sekt\u00f6rde \u00f6nc\u00fcl\u00fck edecek nitelikli, ele\u015ftirel d\u00fc\u015f\u00fcnceye sahip, etik de\u011ferleri benimseyen mezunlar vermek; bilimsel alanda ara\u015ft\u0131rma ve projeler \u00fcretmek, \u00fclkede \u00f6nde gelen bir b\u00f6l\u00fcm olmakt\u0131r. &nbsp; Misyonumuz \u00dclkemizdeki halkla ili\u015fkiler\u00a0 ve reklamc\u0131l\u0131k sekt\u00f6r\u00fcnde de\u011fi\u015fen ihtiya\u00e7lara cevap verebilen, kendisini [&hellip;]","og_url":"http:\/\/ticaret.edu.tr\/halkla-iliskiler-ve-reklamcilik\/en\/vision-mission\/","og_site_name":"Halkla \u0130li\u015fkiler ve Reklamc\u0131l\u0131k","article_publisher":"https:\/\/www.facebook.com\/ticaretedutr","article_modified_time":"2025-10-21T12:55:26+00:00","og_image":[{"width":1250,"height":833,"url":"http:\/\/ticaret.edu.tr\/halkla-iliskiler-ve-reklamcilik\/wp-content\/uploads\/sites\/13\/2021\/11\/web_logo-01.jpg","type":"image\/jpeg"}],"twitter_card":"summary_large_image","twitter_site":"@ticaretedutr","twitter_misc":{"Tahmini okuma s\u00fcresi":"1 dakika"},"schema":{"@context":"https:\/\/schema.org","@graph":[{"@type":"WebPage","@id":"http:\/\/ticaret.edu.tr\/halkla-iliskiler-ve-reklamcilik\/en\/vision-mission\/","url":"http:\/\/ticaret.edu.tr\/halkla-iliskiler-ve-reklamcilik\/en\/vision-mission\/","name":"Vision - Mission - Halkla \u0130li\u015fkiler ve Reklamc\u0131l\u0131k","isPartOf":{"@id":"http:\/\/ticaret.edu.tr\/halkla-iliskiler-ve-reklamcilik\/#website"},"datePublished":"2025-01-26T18:46:14+00:00","dateModified":"2025-10-21T12:55:26+00:00","breadcrumb":{"@id":"http:\/\/ticaret.edu.tr\/halkla-iliskiler-ve-reklamcilik\/en\/vision-mission\/#breadcrumb"},"inLanguage":"tr","potentialAction":[{"@type":"ReadAction","target":["http:\/\/ticaret.edu.tr\/halkla-iliskiler-ve-reklamcilik\/en\/vision-mission\/"]}]},{"@type":"BreadcrumbList","@id":"http:\/\/ticaret.edu.tr\/halkla-iliskiler-ve-reklamcilik\/en\/vision-mission\/#breadcrumb","itemListElement":[{"@type":"ListItem","position":1,"name":"Ana sayfa","item":"http:\/\/ticaret.edu.tr\/halkla-iliskiler-ve-reklamcilik\/"},{"@type":"ListItem","position":2,"name":"Vision &#8211; Mission"}]},{"@type":"WebSite","@id":"http:\/\/ticaret.edu.tr\/halkla-iliskiler-ve-reklamcilik\/#website","url":"http:\/\/ticaret.edu.tr\/halkla-iliskiler-ve-reklamcilik\/","name":"Halkla \u0130li\u015fkiler ve Reklamc\u0131l\u0131k","description":"","potentialAction":[{"@type":"SearchAction","target":{"@type":"EntryPoint","urlTemplate":"http:\/\/ticaret.edu.tr\/halkla-iliskiler-ve-reklamcilik\/?s={search_term_string}"},"query-input":"required name=search_term_string"}],"inLanguage":"tr"}]}},"lang":"en","translations":{"en":1833,"tr":1825},"pll_sync_post":[],"_links":{"self":[{"href":"http:\/\/ticaret.edu.tr\/halkla-iliskiler-ve-reklamcilik\/wp-json\/wp\/v2\/pages\/1833"}],"collection":[{"href":"http:\/\/ticaret.edu.tr\/halkla-iliskiler-ve-reklamcilik\/wp-json\/wp\/v2\/pages"}],"about":[{"href":"http:\/\/ticaret.edu.tr\/halkla-iliskiler-ve-reklamcilik\/wp-json\/wp\/v2\/types\/page"}],"author":[{"embeddable":true,"href":"http:\/\/ticaret.edu.tr\/halkla-iliskiler-ve-reklamcilik\/wp-json\/wp\/v2\/users\/43"}],"replies":[{"embeddable":true,"href":"http:\/\/ticaret.edu.tr\/halkla-iliskiler-ve-reklamcilik\/wp-json\/wp\/v2\/comments?post=1833"}],"version-history":[{"count":4,"href":"http:\/\/ticaret.edu.tr\/halkla-iliskiler-ve-reklamcilik\/wp-json\/wp\/v2\/pages\/1833\/revisions"}],"predecessor-version":[{"id":2491,"href":"http:\/\/ticaret.edu.tr\/halkla-iliskiler-ve-reklamcilik\/wp-json\/wp\/v2\/pages\/1833\/revisions\/2491"}],"wp:attachment":[{"href":"http:\/\/ticaret.edu.tr\/halkla-iliskiler-ve-reklamcilik\/wp-json\/wp\/v2\/media?parent=1833"}],"curies":[{"name":"wp","href":"https:\/\/api.w.org\/{rel}","templated":true}]}}