{"id":1843,"date":"2025-01-26T21:51:25","date_gmt":"2025-01-26T18:51:25","guid":{"rendered":"https:\/\/ticaret.edu.tr\/halkla-iliskiler-ve-reklamcilik\/?page_id=1843"},"modified":"2026-02-16T14:40:42","modified_gmt":"2026-02-16T11:40:42","slug":"bolum-kurul-ve-komisyonlari","status":"publish","type":"page","link":"http:\/\/ticaret.edu.tr\/halkla-iliskiler-ve-reklamcilik\/bolum-kurul-ve-komisyonlari\/","title":{"rendered":"B\u00f6l\u00fcm Kurul ve Komisyonlar\u0131"},"content":{"rendered":"<table width=\"932\">\n<tbody>\n<tr>\n<td colspan=\"4\" width=\"932\"><strong>\u0130LET\u0130\u015e\u0130M FAK\u00dcLTES\u0130<\/strong><\/td>\n<\/tr>\n<tr>\n<td colspan=\"2\"><strong>Kalite Komisyonu<\/strong><\/td>\n<td><strong>E-posta<\/strong><\/td>\n<td><strong>Dahili<\/strong><\/td>\n<\/tr>\n<tr>\n<td>Dekan<\/td>\n<td>Prof. Dr. R\u0131dvan \u015eent\u00fcrk<\/td>\n<td><a href=\"mailto:rsenturk@ticaret.edu.tr\">rsenturk@ticaret.edu.tr<\/a><\/td>\n<td>4123<\/td>\n<\/tr>\n<tr>\n<td>Dekan Yrd.<\/td>\n<td>Do\u00e7. Dr. G\u00f6zde Sunal K\u0131z\u0131l<\/td>\n<td><a href=\"mailto:gsunal@ticaret.edu.tr\">gsunal@ticaret.edu.tr<\/a><\/td>\n<td>4127<\/td>\n<\/tr>\n<tr>\n<td>Medya ve \u0130leti\u015fim<\/td>\n<td width=\"326\">Dr. \u00d6\u011fr. \u00dcyesi Sena Ayd\u0131n<\/td>\n<td><a href=\"mailto:senaaydin@ticaret.edu.tr\">senaaydin@ticaret.edu.tr<\/a><\/td>\n<td>4119<\/td>\n<\/tr>\n<tr>\n<td>G\u00f6rsel \u0130leti\u015fim Tasar\u0131m\u0131<\/td>\n<td width=\"326\">Dr. \u00d6\u011fr. \u00dcyesi Erdem G\u00f6ktepe<\/td>\n<td width=\"186\"><a href=\"mailto:egoktepe@ticaret.edu.tr\">egoktepe@ticaret.edu.tr<\/a><\/td>\n<td>4112<\/td>\n<\/tr>\n<tr>\n<td>Halkla \u0130li\u015fkiler ve Reklamc\u0131l\u0131k<\/td>\n<td>Prof. Dr. Hilal \u00d6zden \u00d6zdemir \u00c7ak\u0131r<\/td>\n<td><a href=\"mailto:hozdemir@ticaret.edu.tr\">hozdemir@ticaret.edu.tr<\/a><\/td>\n<td>4113<\/td>\n<\/tr>\n<tr>\n<td>Fak\u00fclte Sekreteri<\/td>\n<td>Abd\u00fclhalim Demir<\/td>\n<td><a href=\"mailto:ahdemir@ticaret.edu.tr\">ahdemir@ticaret.edu.tr<\/a><\/td>\n<td>4600<\/td>\n<\/tr>\n<tr>\n<td>\u00d6\u011frenci<\/td>\n<td>I\u015f\u0131l Deniz Aslan<\/td>\n<td><a href=\"mailto:denizsultanaslan@gmail.com\">denizsultanaslan@gmail.com<\/a><\/td>\n<td>&#8211;<\/td>\n<\/tr>\n<tr>\n<td colspan=\"2\"><strong>B\u00f6l\u00fcm Kalite Komisyonlar\u0131<\/strong><\/td>\n<td rowspan=\"2\"><strong>E-posta<\/strong><\/td>\n<td rowspan=\"2\"><strong>Dahili<\/strong><\/td>\n<\/tr>\n<tr>\n<td colspan=\"2\"><strong>G\u00f6rsel \u0130leti\u015fim Tasar\u0131m\u0131 B\u00f6l\u00fcm\u00fc Kalite Komisyonu<\/strong><\/td>\n<\/tr>\n<tr>\n<td>B\u00f6l\u00fcm Ba\u015fkan\u0131<\/td>\n<td>Prof. Dr. R\u0131dvan \u015eent\u00fcrk<\/td>\n<td><a href=\"mailto:rsenturk@ticaret.edu.tr\">rsenturk@ticaret.edu.tr<\/a><\/td>\n<td>4123<\/td>\n<\/tr>\n<tr>\n<td>Se\u00e7ilmi\u015f \u00dcye<\/td>\n<td>Do\u00e7. Dr. G\u00f6zde Sunal K\u0131z\u0131l<\/td>\n<td><a href=\"mailto:gsunal@ticaret.edu.tr\">gsunal@ticaret.edu.tr<\/a><\/td>\n<td>4127<\/td>\n<\/tr>\n<tr>\n<td>Birim El\u00e7isi<\/td>\n<td>Dr. \u00d6\u011fr. \u00dcyesi Erdem G\u00f6ktepe<\/td>\n<td width=\"186\"><a href=\"mailto:egoktepe@ticaret.edu.tr\">egoktepe@ticaret.edu.tr<\/a><\/td>\n<td>4112<\/td>\n<\/tr>\n<tr>\n<td>\u00d6\u011frenci<\/td>\n<td>Buse Nihal Kaleli<\/td>\n<td><a href=\"mailto:busenihalkaleli@gmail.com\">busenihalkaleli@gmail.com<\/a><\/td>\n<td>&#8211;<\/td>\n<\/tr>\n<tr>\n<td colspan=\"2\"><strong>Medya ve \u0130leti\u015fim B\u00f6l\u00fcm\u00fc Kalite Komisyonu<\/strong><\/td>\n<td><strong>E-posta<\/strong><\/td>\n<td><strong>Dahili<\/strong><\/td>\n<\/tr>\n<tr>\n<td>B\u00f6l\u00fcm Ba\u015fkan\u0131<\/td>\n<td>Do\u00e7. Dr. G\u00f6zde Sunal K\u0131z\u0131l<\/td>\n<td><a href=\"mailto:gsunal@ticaret.edu.tr\">gsunal@ticaret.edu.tr<\/a><\/td>\n<td>4127<\/td>\n<\/tr>\n<tr>\n<td>Se\u00e7ilmi\u015f \u00dcye<\/td>\n<td>Dr. \u00d6\u011fr. \u00dcyesi Sena Ayd\u0131n<\/td>\n<td><a href=\"mailto:senaaydin@ticaret.edu.tr\">senaaydin@ticaret.edu.tr<\/a><\/td>\n<td>4119<\/td>\n<\/tr>\n<tr>\n<td>Birim El\u00e7isi<\/td>\n<td>Do\u00e7. Dr. Kenan Duman<\/td>\n<td><a href=\"mailto:kduman@ticaret.edu.tr\">kduman@ticaret.edu.tr<\/a><\/td>\n<td>4115<\/td>\n<\/tr>\n<tr>\n<td>\u00d6\u011frenci<\/td>\n<td>Zeynep Berra D\u00fcndar<\/td>\n<td>&#8211;<\/td>\n<td>&#8211;<\/td>\n<\/tr>\n<tr>\n<td colspan=\"2\"><strong>Halkla \u0130li\u015fkiler ve Reklamc\u0131l\u0131k B\u00f6l\u00fcm\u00fc Kalite Komisyonu<\/strong><\/td>\n<td><strong>E-posta<\/strong><\/td>\n<td><strong>Dahili<\/strong><\/td>\n<\/tr>\n<tr>\n<td>B\u00f6l\u00fcm Ba\u015fkan\u0131<\/td>\n<td>Prof. Dr. Yusuf Devran<\/td>\n<td><a href=\"mailto:ydevran@ticaret.edu.tr\">ydevran@ticaret.edu.tr<\/a><\/td>\n<td>4131<\/td>\n<\/tr>\n<tr>\n<td>Se\u00e7ilmi\u015f \u00dcye<\/td>\n<td>Prof. Dr. Hilal \u00d6zdemir \u00c7ak\u0131r<\/td>\n<td><a href=\"mailto:hozdemir@ticaret.edu.tr\">hozdemir@ticaret.edu.tr<\/a><\/td>\n<td>4113<\/td>\n<\/tr>\n<tr>\n<td>Birim El\u00e7isi<\/td>\n<td>Dr. \u00d6\u011fr. \u00dcyesi Gurur \u00d6yk\u00fcm G\u00fcven<\/td>\n<td><a href=\"mailto:goguven@ticaret.edu.tr\">goguven@ticaret.edu.tr<\/a><\/td>\n<td>4771<\/td>\n<\/tr>\n<tr>\n<td>\u00d6\u011frenci<\/td>\n<td>Miray Aydo\u011fan<\/td>\n<td>&#8211;<\/td>\n<td>&#8211;<\/td>\n<\/tr>\n<tr>\n<td colspan=\"2\"><strong>Birim Kalite El\u00e7ileri<\/strong><\/td>\n<td><strong>E-posta<\/strong><\/td>\n<td><strong>Dahili<\/strong><\/td>\n<\/tr>\n<tr>\n<td>\u0130leti\u015fim Fak\u00fcltesi<\/td>\n<td width=\"326\">Dr. \u00d6\u011fr. \u00dcyesi Erdem G\u00f6ktepe<\/td>\n<td width=\"186\"><a href=\"mailto:egoktepe@ticaret.edu.tr\">egoktepe@ticaret.edu.tr<\/a><\/td>\n<td>4112<\/td>\n<\/tr>\n<tr>\n<td>Medya ve \u0130leti\u015fim<\/td>\n<td>Do\u00e7. Dr. Kenan Duman<\/td>\n<td><a href=\"mailto:kduman@ticaret.edu.tr\">kduman@ticaret.edu.tr<\/a><\/td>\n<td>4115<\/td>\n<\/tr>\n<tr>\n<td>G\u00f6rsel \u0130leti\u015fim Tasar\u0131m\u0131<\/td>\n<td width=\"326\">Dr. \u00d6\u011fr. \u00dcyesi Erdem G\u00f6ktepe<\/td>\n<td width=\"186\"><a href=\"mailto:egoktepe@ticaret.edu.tr\">egoktepe@ticaret.edu.tr<\/a><\/td>\n<td>4112<\/td>\n<\/tr>\n<tr>\n<td>Halkla \u0130li\u015fkiler ve Reklamc\u0131l\u0131k<\/td>\n<td>Dr. \u00d6\u011fr. \u00dcyesi\u00a0 Gurur \u00d6yk\u00fcm G\u00fcven<\/td>\n<td><a href=\"mailto:goguven@ticaret.edu.tr\">goguven@ticaret.edu.tr<\/a><\/td>\n<td>4771<\/td>\n<\/tr>\n<tr>\n<td colspan=\"2\">B\u00f6l\u00fcm Ba\u015fkanlar\u0131<\/td>\n<td>E-posta<\/td>\n<td>Dahili<\/td>\n<\/tr>\n<tr>\n<td>Medya ve \u0130leti\u015fim<\/td>\n<td>Do\u00e7. Dr. G\u00f6zde Sunal K\u0131z\u0131l<\/td>\n<td><a href=\"mailto:gsunal@ticaret.edu.tr\">gsunal@ticaret.edu.tr<\/a><\/td>\n<td>4127<\/td>\n<\/tr>\n<tr>\n<td>G\u00f6rsel \u0130leti\u015fim Tasar\u0131m\u0131<\/td>\n<td>Prof. Dr. R\u0131dvan \u015eent\u00fcrk<\/td>\n<td><a href=\"mailto:rsenturk@ticaret.edu.tr\">rsenturk@ticaret.edu.tr<\/a><\/td>\n<td>4123<\/td>\n<\/tr>\n<tr>\n<td>Halkla \u0130li\u015fkiler ve Reklamc\u0131l\u0131k<\/td>\n<td>Prof. Dr. Yusuf Devran<\/td>\n<td><a href=\"mailto:ydevran@ticaret.edu.tr\">ydevran@ticaret.edu.tr<\/a><\/td>\n<td>4131<\/td>\n<\/tr>\n<tr>\n<td colspan=\"2\"><strong>B\u00f6l\u00fcmlere G\u00f6re Akreditasyon Komisyonu<\/strong><\/td>\n<td><strong>E-posta<\/strong><\/td>\n<td><strong>Dahili<\/strong><\/td>\n<\/tr>\n<tr>\n<td rowspan=\"3\">Halkla \u0130li\u015fkiler ve Reklamc\u0131l\u0131k<\/td>\n<td>Prof. Dr. Hilal \u00d6zden \u00d6zdemir \u00c7ak\u0131r<\/td>\n<td><a href=\"mailto:hozdemir@ticaret.edu.tr\">hozdemir@ticaret.edu.tr<\/a><\/td>\n<td>4113<\/td>\n<\/tr>\n<tr>\n<td>Dr. \u00d6\u011fr. \u00dcyesi Tolkun Soldan<\/td>\n<td><a href=\"mailto:tsoldan@ticaret.edu.tr\">tsoldan@ticaret.edu.tr<\/a><\/td>\n<td>4109<\/td>\n<\/tr>\n<tr>\n<td>Ar\u015f.G\u00f6r. Dr. Gurur \u00d6yk\u00fcm G\u00fcven<\/td>\n<td><a href=\"mailto:goguven@ticaret.edu.tr\">goguven@ticaret.edu.tr<\/a><\/td>\n<td>4771<\/td>\n<\/tr>\n<tr>\n<td><\/td>\n<td><\/td>\n<td><u>\u00a0<\/u><\/td>\n<td><\/td>\n<\/tr>\n<tr>\n<td rowspan=\"4\">Medya ve \u0130leti\u015fim<\/td>\n<td>Do\u00e7. Dr. Kenan Duman<\/td>\n<td><a href=\"mailto:kduman@ticaret.edu.tr\">kduman@ticaret.edu.tr<\/a><\/td>\n<td>4115<\/td>\n<\/tr>\n<tr>\n<td>Do\u00e7 Dr. \u00d6\u011fr. \u00dcyesi Berk \u00c7ayc\u0131<\/td>\n<td><a href=\"mailto:bcayci@ticaret.edu.tr\">bcayci@ticaret.edu.tr<\/a><\/td>\n<td>4129<\/td>\n<\/tr>\n<tr>\n<td>Dr. \u00d6\u011fr. \u00dcyesi Sena Ayd\u0131n<\/td>\n<td><a href=\"mailto:senaaydin@ticaret.edu.tr\">senaaydin@ticaret.edu.tr<\/a><\/td>\n<td>4119<\/td>\n<\/tr>\n<tr>\n<td>Ar\u015f. G\u00f6r. \u00d6zge Yerlikaya<\/td>\n<td><a href=\"mailto:oyerlikaya@ticaret.edu.tr\">oyerlikaya@ticaret.edu.tr<\/a><\/td>\n<td>4117<\/td>\n<\/tr>\n<tr>\n<td colspan=\"2\"><strong>A\u00e7\u0131k Bilim ve A\u00e7\u0131k Eri\u015fim Komisyon \u00dcyesi<\/strong><\/td>\n<td><strong>E-posta<\/strong><\/td>\n<td><strong>Dahili<\/strong><\/td>\n<\/tr>\n<tr>\n<td colspan=\"2\">Do\u00e7 Dr. \u00d6\u011fr. \u00dcyesi Berk \u00c7ayc\u0131<\/td>\n<td><a href=\"mailto:bcayci@ticaret.edu.tr\">bcayci@ticaret.edu.tr<\/a><\/td>\n<td>4129<\/td>\n<\/tr>\n<tr>\n<td colspan=\"2\"><strong>Fak\u00fclte Bologna G\u00f6revlisi<\/strong><\/td>\n<td><strong>E-posta<\/strong><\/td>\n<td><strong>Dahili<\/strong><\/td>\n<\/tr>\n<tr>\n<td colspan=\"2\">Do\u00e7 Dr. Ay\u015feg\u00fcl \u00c7ayc\u0131<\/td>\n<td><a href=\"mailto:aekarag\u00fclle@ticaret.edu.tr\">aekarag\u00fclle@ticaret.edu.tr<\/a><\/td>\n<td>4132<\/td>\n<\/tr>\n<tr>\n<td colspan=\"2\"><strong>B\u00f6l\u00fcmlere G\u00f6re Erasmus\/Farabi \u00d6\u011frenim Hareketlili\u011fi Koordinat\u00f6rleri<\/strong><\/td>\n<td><strong>E-posta<\/strong><\/td>\n<td><strong>Dahili<\/strong><\/td>\n<\/tr>\n<tr>\n<td>Halkla \u0130li\u015fkiler ve Reklamc\u0131l\u0131k<\/td>\n<td>Dr. \u00d6\u011fr. \u00dcyesi Tolkun Soldan<\/td>\n<td><a href=\"mailto:tsoldan@ticaret.edu.tr\">tsoldan@ticaret.edu.tr<\/a><\/td>\n<td>4109<\/td>\n<\/tr>\n<tr>\n<td>Medya ve \u0130leti\u015fim<\/td>\n<td>Dr. \u00d6\u011fr. \u00dcyesi Sena Ayd\u0131n<\/td>\n<td><a href=\"mailto:senaaydin@ticaret.edu.tr\">senaaydin@ticaret.edu.tr<\/a><\/td>\n<td>4119<\/td>\n<\/tr>\n<tr>\n<td>G\u00f6rsel \u0130leti\u015fim Tasar\u0131m\u0131<\/td>\n<td>Prof. Dr. F\u00fcsun Alver<\/td>\n<td><a href=\"mailto:falver@ticaret.edu.tr\">falver@ticaret.edu.tr<\/a><\/td>\n<td>4155<\/td>\n<\/tr>\n<tr>\n<td colspan=\"2\"><strong>B\u00f6l\u00fcmlere G\u00f6re M\u00fcfredat ve Ders \u0130ntibaklar\u0131 Komisyonu<\/strong><\/td>\n<td><strong>E-posta<\/strong><\/td>\n<td><strong>Dahili<\/strong><\/td>\n<\/tr>\n<tr>\n<td>Halkla \u0130li\u015fkiler ve Reklamc\u0131l\u0131k<\/td>\n<td>Prof. Dr. Yusuf Devran (Komisyon B\u015fk.)<\/td>\n<td><a href=\"mailto:ydevran@ticaret.edu.tr\">ydevran@ticaret.edu.tr<\/a><\/td>\n<td>4131<\/td>\n<\/tr>\n<tr>\n<td>Medya ve \u0130leti\u015fim<\/td>\n<td>Do\u00e7. Dr. G\u00f6zde Sunal K\u0131z\u0131l<\/td>\n<td><a href=\"mailto:gsunal@ticaret.edu.tr\">gsunal@ticaret.edu.tr<\/a><\/td>\n<td>4127<\/td>\n<\/tr>\n<tr>\n<td>G\u00f6rsel \u0130leti\u015fim Tasar\u0131m\u0131<\/td>\n<td>Prof. Dr. R\u0131dvan \u015eent\u00fcrk<\/td>\n<td><a href=\"mailto:rsenturk@ticaret.edu.tr\">rsenturk@ticaret.edu.tr<\/a><\/td>\n<td>4123<\/td>\n<\/tr>\n<tr>\n<td colspan=\"2\"><strong>Kurum D\u0131\u015f\u0131 \/ Kurum \u0130\u00e7i Yatay Ge\u00e7i\u015f, \u00c7ift Anadal, Yandal Ba\u015fvurular\u0131n\u0131 De\u011ferlendirme Komisyonu<\/strong><\/td>\n<td><strong>E-posta<\/strong><\/td>\n<td><strong>Dahili<\/strong><\/td>\n<\/tr>\n<tr>\n<td>Komisyon Ba\u015fkan\u0131<\/td>\n<td>Dr. \u00d6\u011fr. \u00dcyesi Dilge Kodak<\/td>\n<td><a href=\"mailto:dkodak@ticaret.edu.tr\">dkodak@ticaret.edu.tr<\/a><\/td>\n<td>4147<\/td>\n<\/tr>\n<tr>\n<td>Halkla \u0130li\u015fkiler ve Reklamc\u0131l\u0131k<\/td>\n<td>Dr. \u00d6\u011fr. \u00dcyesi Tolkun Soldan<\/td>\n<td><a href=\"mailto:tsoldan@ticaret.edu.tr\">tsoldan@ticaret.edu.tr<\/a><\/td>\n<td>4109<\/td>\n<\/tr>\n<tr>\n<td>Medya ve \u0130leti\u015fim<\/td>\n<td>\u00d6\u011fr. G\u00f6r. Dr. Erkan Turan<\/td>\n<td><a href=\"mailto:eturan@ticaret.edu.tr\">eturan@ticaret.edu.tr<\/a><\/td>\n<td>4121<\/td>\n<\/tr>\n<tr>\n<td>G\u00f6rsel \u0130leti\u015fim Tasar\u0131m\u0131<\/td>\n<td>\u00d6\u011fr. G\u00f6r. Alp Eren Erbay<\/td>\n<td><a href=\"mailto:aeerbay@ticaret.edu.tr\">aeerbay@ticaret.edu.tr<\/a><\/td>\n<td>4154<\/td>\n<\/tr>\n<tr>\n<td colspan=\"2\"><strong>Staj Komisyonu<\/strong><\/td>\n<td><strong>E-posta<\/strong><\/td>\n<td><strong>Dahili<\/strong><\/td>\n<\/tr>\n<tr>\n<td rowspan=\"3\" width=\"339\">Halkla \u0130li\u015fkiler ve Reklamc\u0131l\u0131k Staj Komisyonu<\/td>\n<td width=\"326\">Prof. Dr. Yusuf Devran (Komisyon B\u015fk.)<\/td>\n<td><a href=\"mailto:ydevran@ticaret.edu.tr\">ydevran@ticaret.edu.tr<\/a><\/td>\n<td>4131<\/td>\n<\/tr>\n<tr>\n<td>Do\u00e7 Dr. Ay\u015feg\u00fcl \u00c7ayc\u0131 (Staj Dan\u0131\u015fman\u0131)<\/td>\n<td><a href=\"mailto:aekarag\u00fclle@ticaret.edu.tr\">aekarag\u00fclle@ticaret.edu.tr<\/a><\/td>\n<td>4132<\/td>\n<\/tr>\n<tr>\n<td>Ar\u015f.G\u00f6r. Zeynep Sude Erilli Kulo\u011flu (\u00dcye)<\/td>\n<td>zsekuloglu@ticaret.edu.tr<\/td>\n<td>4118<\/td>\n<\/tr>\n<tr>\n<td width=\"339\"><\/td>\n<td width=\"326\"><\/td>\n<td width=\"186\"><\/td>\n<td><\/td>\n<\/tr>\n<tr>\n<td rowspan=\"3\" width=\"339\">Medya ve \u0130leti\u015fim Staj Komisyonu<\/td>\n<td>Do\u00e7. Dr. G\u00f6zde Sunal K\u0131z\u0131l<\/td>\n<td><a href=\"mailto:gsunal@ticaret.edu.tr\">gsunal@ticaret.edu.tr<\/a><\/td>\n<td>4127<\/td>\n<\/tr>\n<tr>\n<td width=\"326\">Do\u00e7. Dr. Kenan Duman<br \/>\n(Staj Dan\u0131\u015fman\u0131)<\/td>\n<td><a href=\"mailto:kduman@ticaret.edu.tr\">kduman@ticaret.edu.tr<\/a><\/td>\n<td>4115<\/td>\n<\/tr>\n<tr>\n<td width=\"326\">Ar\u015f. G\u00f6r. \u00d6zge Yerlikaya (\u00dcye)<\/td>\n<td width=\"186\"><a href=\"mailto:oyerlikaya@ticaret.edu.tr\">oyerlikaya@ticaret.edu.tr<\/a><\/td>\n<td>4117<\/td>\n<\/tr>\n<tr>\n<td width=\"339\"><\/td>\n<td width=\"326\"><\/td>\n<td width=\"186\"><\/td>\n<td><\/td>\n<\/tr>\n<tr>\n<td rowspan=\"3\" width=\"339\">G\u00f6rsel \u0130leti\u015fim Tasar\u0131m\u0131 Staj Komisyonu<\/td>\n<td width=\"326\">Prof. Dr. R\u0131dvan \u015eent\u00fcrk<br \/>\n(Komisyon B\u015fk.)<\/td>\n<td width=\"186\"><a href=\"mailto:rsenturk@ticaret.edu.tr\">rsenturk@ticaret.edu.tr<\/a><\/td>\n<td>4123<\/td>\n<\/tr>\n<tr>\n<td width=\"326\">Dr. \u00d6\u011fr. \u00dcyesi Muhammet Emin Albayrak (Staj Dan\u0131\u015fman\u0131)<\/td>\n<td><a href=\"mailto:mealbayrak@ticaret.edu.tr\">mealbayrak@ticaret.edu.tr<\/a><\/td>\n<td>4384<\/td>\n<\/tr>\n<tr>\n<td width=\"326\">Dr. \u00d6\u011fr. \u00dcyesi Erdem G\u00f6ktepe (\u00dcye)<\/td>\n<td width=\"186\"><a href=\"mailto:egoktepe@ticaret.edu.tr\">egoktepe@ticaret.edu.tr<\/a><\/td>\n<td>4112<\/td>\n<\/tr>\n<tr>\n<td colspan=\"2\"><strong>Anket Y\u00f6netim Sistemi Sorumlular\u0131<\/strong><\/td>\n<td><strong>E-posta<\/strong><\/td>\n<td><strong>Dahili<\/strong><\/td>\n<\/tr>\n<tr>\n<td>Halkla \u0130li\u015fkiler ve Reklamc\u0131l\u0131k<\/td>\n<td>Do\u00e7 Dr. Ay\u015feg\u00fcl \u00c7ayc\u0131<\/td>\n<td><a href=\"mailto:aekarag\u00fclle@ticaret.edu.tr\">aekarag\u00fclle@ticaret.edu.tr<\/a><\/td>\n<td>4132<\/td>\n<\/tr>\n<tr>\n<td>Medya ve \u0130leti\u015fim<\/td>\n<td width=\"326\">Do\u00e7. Dr. Kenan Duman<\/td>\n<td><a href=\"mailto:kduman@ticaret.edu.tr\">kduman@ticaret.edu.tr<\/a><\/td>\n<td>4115<\/td>\n<\/tr>\n<tr>\n<td>G\u00f6rsel \u0130leti\u015fim Tasar\u0131m\u0131<\/td>\n<td width=\"326\">Dr. \u00d6\u011fr. \u00dcyesi Erdem G\u00f6ktepe<\/td>\n<td width=\"186\"><a href=\"mailto:egoktepe@ticaret.edu.tr\">egoktepe@ticaret.edu.tr<\/a><\/td>\n<td>4112<\/td>\n<\/tr>\n<\/tbody>\n<\/table>\n","protected":false},"excerpt":{"rendered":"<p>\u0130LET\u0130\u015e\u0130M FAK\u00dcLTES\u0130 Kalite Komisyonu E-posta Dahili Dekan Prof. Dr. R\u0131dvan \u015eent\u00fcrk rsenturk@ticaret.edu.tr 4123 Dekan Yrd. Do\u00e7. Dr. G\u00f6zde Sunal K\u0131z\u0131l gsunal@ticaret.edu.tr 4127 Medya ve \u0130leti\u015fim Dr. \u00d6\u011fr. \u00dcyesi Sena Ayd\u0131n senaaydin@ticaret.edu.tr 4119 G\u00f6rsel \u0130leti\u015fim Tasar\u0131m\u0131 Dr. \u00d6\u011fr. \u00dcyesi Erdem G\u00f6ktepe egoktepe@ticaret.edu.tr 4112 Halkla \u0130li\u015fkiler ve Reklamc\u0131l\u0131k Prof. Dr. Hilal \u00d6zden \u00d6zdemir \u00c7ak\u0131r hozdemir@ticaret.edu.tr 4113 Fak\u00fclte [&hellip;]<\/p>\n","protected":false},"author":43,"featured_media":0,"parent":0,"menu_order":0,"comment_status":"closed","ping_status":"closed","template":"genel_sayfa.php","meta":{"footnotes":""},"yoast_head":"<!-- This site is optimized with the Yoast SEO Premium plugin v22.1 (Yoast SEO v22.1) - https:\/\/yoast.com\/wordpress\/plugins\/seo\/ -->\n<title>B\u00f6l\u00fcm Kurul ve Komisyonlar\u0131 - Halkla \u0130li\u015fkiler ve Reklamc\u0131l\u0131k<\/title>\n<meta name=\"robots\" content=\"index, follow, max-snippet:-1, max-image-preview:large, max-video-preview:-1\" \/>\n<link rel=\"canonical\" href=\"http:\/\/ticaret.edu.tr\/halkla-iliskiler-ve-reklamcilik\/bolum-kurul-ve-komisyonlari\/\" \/>\n<meta property=\"og:locale\" content=\"tr_TR\" \/>\n<meta property=\"og:type\" content=\"article\" \/>\n<meta property=\"og:title\" content=\"B\u00f6l\u00fcm Kurul ve Komisyonlar\u0131\" \/>\n<meta property=\"og:description\" content=\"\u0130LET\u0130\u015e\u0130M FAK\u00dcLTES\u0130 Kalite Komisyonu E-posta Dahili Dekan Prof. Dr. R\u0131dvan \u015eent\u00fcrk rsenturk@ticaret.edu.tr 4123 Dekan Yrd. Do\u00e7. Dr. G\u00f6zde Sunal K\u0131z\u0131l gsunal@ticaret.edu.tr 4127 Medya ve \u0130leti\u015fim Dr. \u00d6\u011fr. \u00dcyesi Sena Ayd\u0131n senaaydin@ticaret.edu.tr 4119 G\u00f6rsel \u0130leti\u015fim Tasar\u0131m\u0131 Dr. \u00d6\u011fr. \u00dcyesi Erdem G\u00f6ktepe egoktepe@ticaret.edu.tr 4112 Halkla \u0130li\u015fkiler ve Reklamc\u0131l\u0131k Prof. Dr. Hilal \u00d6zden \u00d6zdemir \u00c7ak\u0131r hozdemir@ticaret.edu.tr 4113 Fak\u00fclte [&hellip;]\" \/>\n<meta property=\"og:url\" content=\"http:\/\/ticaret.edu.tr\/halkla-iliskiler-ve-reklamcilik\/bolum-kurul-ve-komisyonlari\/\" \/>\n<meta property=\"og:site_name\" content=\"Halkla \u0130li\u015fkiler ve Reklamc\u0131l\u0131k\" \/>\n<meta property=\"article:publisher\" content=\"https:\/\/www.facebook.com\/ticaretedutr\" \/>\n<meta property=\"article:modified_time\" content=\"2026-02-16T11:40:42+00:00\" \/>\n<meta property=\"og:image\" content=\"http:\/\/ticaret.edu.tr\/halkla-iliskiler-ve-reklamcilik\/wp-content\/uploads\/sites\/13\/2021\/11\/web_logo-01.jpg\" \/>\n\t<meta property=\"og:image:width\" content=\"1250\" \/>\n\t<meta property=\"og:image:height\" content=\"833\" \/>\n\t<meta property=\"og:image:type\" content=\"image\/jpeg\" \/>\n<meta name=\"twitter:card\" content=\"summary_large_image\" \/>\n<meta name=\"twitter:site\" content=\"@ticaretedutr\" \/>\n<meta name=\"twitter:label1\" content=\"Tahmini okuma s\u00fcresi\" \/>\n\t<meta name=\"twitter:data1\" content=\"4 dakika\" \/>\n<script type=\"application\/ld+json\" class=\"yoast-schema-graph\">{\"@context\":\"https:\/\/schema.org\",\"@graph\":[{\"@type\":\"WebPage\",\"@id\":\"http:\/\/ticaret.edu.tr\/halkla-iliskiler-ve-reklamcilik\/bolum-kurul-ve-komisyonlari\/\",\"url\":\"http:\/\/ticaret.edu.tr\/halkla-iliskiler-ve-reklamcilik\/bolum-kurul-ve-komisyonlari\/\",\"name\":\"B\u00f6l\u00fcm Kurul ve Komisyonlar\u0131 - Halkla \u0130li\u015fkiler ve Reklamc\u0131l\u0131k\",\"isPartOf\":{\"@id\":\"http:\/\/ticaret.edu.tr\/halkla-iliskiler-ve-reklamcilik\/#website\"},\"datePublished\":\"2025-01-26T18:51:25+00:00\",\"dateModified\":\"2026-02-16T11:40:42+00:00\",\"breadcrumb\":{\"@id\":\"http:\/\/ticaret.edu.tr\/halkla-iliskiler-ve-reklamcilik\/bolum-kurul-ve-komisyonlari\/#breadcrumb\"},\"inLanguage\":\"tr\",\"potentialAction\":[{\"@type\":\"ReadAction\",\"target\":[\"http:\/\/ticaret.edu.tr\/halkla-iliskiler-ve-reklamcilik\/bolum-kurul-ve-komisyonlari\/\"]}]},{\"@type\":\"BreadcrumbList\",\"@id\":\"http:\/\/ticaret.edu.tr\/halkla-iliskiler-ve-reklamcilik\/bolum-kurul-ve-komisyonlari\/#breadcrumb\",\"itemListElement\":[{\"@type\":\"ListItem\",\"position\":1,\"name\":\"Ana sayfa\",\"item\":\"http:\/\/ticaret.edu.tr\/halkla-iliskiler-ve-reklamcilik\/\"},{\"@type\":\"ListItem\",\"position\":2,\"name\":\"B\u00f6l\u00fcm Kurul ve Komisyonlar\u0131\"}]},{\"@type\":\"WebSite\",\"@id\":\"http:\/\/ticaret.edu.tr\/halkla-iliskiler-ve-reklamcilik\/#website\",\"url\":\"http:\/\/ticaret.edu.tr\/halkla-iliskiler-ve-reklamcilik\/\",\"name\":\"Halkla \u0130li\u015fkiler ve Reklamc\u0131l\u0131k\",\"description\":\"\",\"potentialAction\":[{\"@type\":\"SearchAction\",\"target\":{\"@type\":\"EntryPoint\",\"urlTemplate\":\"http:\/\/ticaret.edu.tr\/halkla-iliskiler-ve-reklamcilik\/?s={search_term_string}\"},\"query-input\":\"required name=search_term_string\"}],\"inLanguage\":\"tr\"}]}<\/script>\n<!-- \/ Yoast SEO Premium plugin. -->","yoast_head_json":{"title":"B\u00f6l\u00fcm Kurul ve Komisyonlar\u0131 - Halkla \u0130li\u015fkiler ve Reklamc\u0131l\u0131k","robots":{"index":"index","follow":"follow","max-snippet":"max-snippet:-1","max-image-preview":"max-image-preview:large","max-video-preview":"max-video-preview:-1"},"canonical":"http:\/\/ticaret.edu.tr\/halkla-iliskiler-ve-reklamcilik\/bolum-kurul-ve-komisyonlari\/","og_locale":"tr_TR","og_type":"article","og_title":"B\u00f6l\u00fcm Kurul ve Komisyonlar\u0131","og_description":"\u0130LET\u0130\u015e\u0130M FAK\u00dcLTES\u0130 Kalite Komisyonu E-posta Dahili Dekan Prof. Dr. R\u0131dvan \u015eent\u00fcrk rsenturk@ticaret.edu.tr 4123 Dekan Yrd. Do\u00e7. Dr. G\u00f6zde Sunal K\u0131z\u0131l gsunal@ticaret.edu.tr 4127 Medya ve \u0130leti\u015fim Dr. \u00d6\u011fr. \u00dcyesi Sena Ayd\u0131n senaaydin@ticaret.edu.tr 4119 G\u00f6rsel \u0130leti\u015fim Tasar\u0131m\u0131 Dr. \u00d6\u011fr. \u00dcyesi Erdem G\u00f6ktepe egoktepe@ticaret.edu.tr 4112 Halkla \u0130li\u015fkiler ve Reklamc\u0131l\u0131k Prof. Dr. Hilal \u00d6zden \u00d6zdemir \u00c7ak\u0131r hozdemir@ticaret.edu.tr 4113 Fak\u00fclte [&hellip;]","og_url":"http:\/\/ticaret.edu.tr\/halkla-iliskiler-ve-reklamcilik\/bolum-kurul-ve-komisyonlari\/","og_site_name":"Halkla \u0130li\u015fkiler ve Reklamc\u0131l\u0131k","article_publisher":"https:\/\/www.facebook.com\/ticaretedutr","article_modified_time":"2026-02-16T11:40:42+00:00","og_image":[{"width":1250,"height":833,"url":"http:\/\/ticaret.edu.tr\/halkla-iliskiler-ve-reklamcilik\/wp-content\/uploads\/sites\/13\/2021\/11\/web_logo-01.jpg","type":"image\/jpeg"}],"twitter_card":"summary_large_image","twitter_site":"@ticaretedutr","twitter_misc":{"Tahmini okuma s\u00fcresi":"4 dakika"},"schema":{"@context":"https:\/\/schema.org","@graph":[{"@type":"WebPage","@id":"http:\/\/ticaret.edu.tr\/halkla-iliskiler-ve-reklamcilik\/bolum-kurul-ve-komisyonlari\/","url":"http:\/\/ticaret.edu.tr\/halkla-iliskiler-ve-reklamcilik\/bolum-kurul-ve-komisyonlari\/","name":"B\u00f6l\u00fcm Kurul ve Komisyonlar\u0131 - Halkla \u0130li\u015fkiler ve Reklamc\u0131l\u0131k","isPartOf":{"@id":"http:\/\/ticaret.edu.tr\/halkla-iliskiler-ve-reklamcilik\/#website"},"datePublished":"2025-01-26T18:51:25+00:00","dateModified":"2026-02-16T11:40:42+00:00","breadcrumb":{"@id":"http:\/\/ticaret.edu.tr\/halkla-iliskiler-ve-reklamcilik\/bolum-kurul-ve-komisyonlari\/#breadcrumb"},"inLanguage":"tr","potentialAction":[{"@type":"ReadAction","target":["http:\/\/ticaret.edu.tr\/halkla-iliskiler-ve-reklamcilik\/bolum-kurul-ve-komisyonlari\/"]}]},{"@type":"BreadcrumbList","@id":"http:\/\/ticaret.edu.tr\/halkla-iliskiler-ve-reklamcilik\/bolum-kurul-ve-komisyonlari\/#breadcrumb","itemListElement":[{"@type":"ListItem","position":1,"name":"Ana sayfa","item":"http:\/\/ticaret.edu.tr\/halkla-iliskiler-ve-reklamcilik\/"},{"@type":"ListItem","position":2,"name":"B\u00f6l\u00fcm Kurul ve Komisyonlar\u0131"}]},{"@type":"WebSite","@id":"http:\/\/ticaret.edu.tr\/halkla-iliskiler-ve-reklamcilik\/#website","url":"http:\/\/ticaret.edu.tr\/halkla-iliskiler-ve-reklamcilik\/","name":"Halkla \u0130li\u015fkiler ve Reklamc\u0131l\u0131k","description":"","potentialAction":[{"@type":"SearchAction","target":{"@type":"EntryPoint","urlTemplate":"http:\/\/ticaret.edu.tr\/halkla-iliskiler-ve-reklamcilik\/?s={search_term_string}"},"query-input":"required name=search_term_string"}],"inLanguage":"tr"}]}},"lang":"tr","translations":{"en":1845,"tr":1843},"pll_sync_post":[],"_links":{"self":[{"href":"http:\/\/ticaret.edu.tr\/halkla-iliskiler-ve-reklamcilik\/wp-json\/wp\/v2\/pages\/1843"}],"collection":[{"href":"http:\/\/ticaret.edu.tr\/halkla-iliskiler-ve-reklamcilik\/wp-json\/wp\/v2\/pages"}],"about":[{"href":"http:\/\/ticaret.edu.tr\/halkla-iliskiler-ve-reklamcilik\/wp-json\/wp\/v2\/types\/page"}],"author":[{"embeddable":true,"href":"http:\/\/ticaret.edu.tr\/halkla-iliskiler-ve-reklamcilik\/wp-json\/wp\/v2\/users\/43"}],"replies":[{"embeddable":true,"href":"http:\/\/ticaret.edu.tr\/halkla-iliskiler-ve-reklamcilik\/wp-json\/wp\/v2\/comments?post=1843"}],"version-history":[{"count":14,"href":"http:\/\/ticaret.edu.tr\/halkla-iliskiler-ve-reklamcilik\/wp-json\/wp\/v2\/pages\/1843\/revisions"}],"predecessor-version":[{"id":2697,"href":"http:\/\/ticaret.edu.tr\/halkla-iliskiler-ve-reklamcilik\/wp-json\/wp\/v2\/pages\/1843\/revisions\/2697"}],"wp:attachment":[{"href":"http:\/\/ticaret.edu.tr\/halkla-iliskiler-ve-reklamcilik\/wp-json\/wp\/v2\/media?parent=1843"}],"curies":[{"name":"wp","href":"https:\/\/api.w.org\/{rel}","templated":true}]}}