{"id":1903,"date":"2025-01-26T23:25:42","date_gmt":"2025-01-26T20:25:42","guid":{"rendered":"https:\/\/ticaret.edu.tr\/halkla-iliskiler-ve-reklamcilik\/?page_id=1903"},"modified":"2025-03-05T12:56:34","modified_gmt":"2025-03-05T09:56:34","slug":"calisma-turu","status":"publish","type":"page","link":"http:\/\/ticaret.edu.tr\/halkla-iliskiler-ve-reklamcilik\/calisma-turu\/","title":{"rendered":"\u00c7al\u0131\u015fma T\u00fcr\u00fc"},"content":{"rendered":"<h3 data-start=\"190\" data-end=\"225\"><strong data-start=\"194\" data-end=\"223\">\ud83c\udf93 Program\u0131n \u00c7al\u0131\u015fma T\u00fcr\u00fc<\/strong><\/h3>\n<p data-start=\"227\" data-end=\"342\">\ud83d\udccd\u00a0<strong data-start=\"230\" data-end=\"253\">Bu lisans program\u0131,<\/strong>\u00a0<strong data-start=\"254\" data-end=\"301\">\u00f6rg\u00fcn \u00f6\u011fretim (tam zamanl\u0131 y\u00fcz y\u00fcze e\u011fitim)<\/strong>\u00a0esas\u0131na dayal\u0131 olarak y\u00fcr\u00fct\u00fclmektedir.<\/p>\n<p data-start=\"344\" data-end=\"991\">\u2705\u00a0<strong data-start=\"346\" data-end=\"363\">E\u011fitim \u015eekli:<\/strong>\u00a0<strong data-start=\"364\" data-end=\"404\">Tam zamanl\u0131\u00a0 \u00d6rg\u00fcn E\u011fitim<\/strong><br data-start=\"404\" data-end=\"407\" \/>\u2705\u00a0<strong data-start=\"409\" data-end=\"421\">Dersler:<\/strong>\u00a0\u00dcniversite kamp\u00fcs\u00fcnde\u00a0<strong data-start=\"444\" data-end=\"488\">y\u00fcz y\u00fcze olarak y\u00fcr\u00fct\u00fclmektedir<\/strong>.<br data-start=\"489\" data-end=\"492\" \/>\u2705\u00a0<strong data-start=\"494\" data-end=\"511\">\u00d6\u011fretim Dili:<\/strong>\u00a0Program\u0131n \u00f6\u011fretim dili\u00a0<strong data-start=\"535\" data-end=\"545\">T\u00fcrk\u00e7e<\/strong>\u00a0olarak y\u00fcr\u00fct\u00fclmektedir.<br data-start=\"598\" data-end=\"601\" \/>\u2705\u00a0<strong data-start=\"603\" data-end=\"621\">Ders Program\u0131:<\/strong>\u00a0Dersler,\u00a0<strong data-start=\"631\" data-end=\"666\">haftal\u0131k akademik programa g\u00f6re<\/strong>\u00a0belirlenen g\u00fcn ve saatlerde yap\u0131lmaktad\u0131r.<br data-start=\"709\" data-end=\"712\" \/>\u2705\u00a0<strong data-start=\"714\" data-end=\"736\">Uygulamal\u0131 E\u011fitim:<\/strong>\u00a0Baz\u0131 derslerde\u00a0<strong data-start=\"752\" data-end=\"821\">laboratuvar \u00e7al\u0131\u015fmalar\u0131, proje bazl\u0131 \u00f6\u011frenme ve saha uygulamalar\u0131<\/strong>\u00a0bulunmaktad\u0131r.<br data-start=\"836\" data-end=\"839\" \/>\u2705\u00a0<strong data-start=\"841\" data-end=\"862\">\u00d6\u011frenci Kat\u0131l\u0131m\u0131:<\/strong>\u00a0Derslere devam zorunlulu\u011fu olup, \u00f6\u011frencilerin\u00a0<strong data-start=\"909\" data-end=\"988\">derslere ve uygulamalara en az %70 oran\u0131nda kat\u0131l\u0131m sa\u011flamas\u0131 gerekmektedir<\/strong>.<\/p>\n<p data-start=\"344\" data-end=\"991\">\n<h3 data-start=\"1985\" data-end=\"2027\"><strong data-start=\"1989\" data-end=\"2025\">\ud83d\udccc Staj ve Uygulamal\u0131 \u00c7al\u0131\u015fmalar<\/strong><\/h3>\n<p data-start=\"2029\" data-end=\"2156\">\ud83d\udccd\u00a0<strong data-start=\"2032\" data-end=\"2154\">Bu program kapsam\u0131nda baz\u0131 dersler, uygulamal\u0131 e\u011fitim i\u00e7erebilir ve \u00f6\u011frencilerin saha \u00e7al\u0131\u015fmalar\u0131 yapmas\u0131 gerekebilir.<\/strong><\/p>\n<p data-start=\"2158\" data-end=\"2534\">\u2705\u00a0<strong data-start=\"2160\" data-end=\"2177\">Zorunlu Staj:<\/strong>\u00a0\u00d6\u011frenciler, belirlenen sekt\u00f6rlerde\u00a0<strong data-start=\"2213\" data-end=\"2235\">zorunlu stajlar\u0131n\u0131<\/strong>\u00a0tamamlamakla y\u00fck\u00fcml\u00fcd\u00fcr.<br data-start=\"2260\" data-end=\"2263\" \/>\u2705\u00a0<strong data-start=\"2265\" data-end=\"2289\">Ara\u015ft\u0131rma Projeleri:<\/strong>\u00a0Mezuniyet projeleri veya uygulamal\u0131 dersler, saha \u00e7al\u0131\u015fmalar\u0131 ve akademik ara\u015ft\u0131rmalar i\u00e7erebilir.<\/p>\n","protected":false},"excerpt":{"rendered":"<p>\ud83c\udf93 Program\u0131n \u00c7al\u0131\u015fma T\u00fcr\u00fc \ud83d\udccd\u00a0Bu lisans program\u0131,\u00a0\u00f6rg\u00fcn \u00f6\u011fretim (tam zamanl\u0131 y\u00fcz y\u00fcze e\u011fitim)\u00a0esas\u0131na dayal\u0131 olarak y\u00fcr\u00fct\u00fclmektedir. \u2705\u00a0E\u011fitim \u015eekli:\u00a0Tam zamanl\u0131\u00a0 \u00d6rg\u00fcn E\u011fitim\u2705\u00a0Dersler:\u00a0\u00dcniversite kamp\u00fcs\u00fcnde\u00a0y\u00fcz y\u00fcze olarak y\u00fcr\u00fct\u00fclmektedir.\u2705\u00a0\u00d6\u011fretim Dili:\u00a0Program\u0131n \u00f6\u011fretim dili\u00a0T\u00fcrk\u00e7e\u00a0olarak y\u00fcr\u00fct\u00fclmektedir.\u2705\u00a0Ders Program\u0131:\u00a0Dersler,\u00a0haftal\u0131k akademik programa g\u00f6re\u00a0belirlenen g\u00fcn ve saatlerde yap\u0131lmaktad\u0131r.\u2705\u00a0Uygulamal\u0131 E\u011fitim:\u00a0Baz\u0131 derslerde\u00a0laboratuvar \u00e7al\u0131\u015fmalar\u0131, proje bazl\u0131 \u00f6\u011frenme ve saha uygulamalar\u0131\u00a0bulunmaktad\u0131r.\u2705\u00a0\u00d6\u011frenci Kat\u0131l\u0131m\u0131:\u00a0Derslere devam zorunlulu\u011fu olup, \u00f6\u011frencilerin\u00a0derslere ve uygulamalara en az [&hellip;]<\/p>\n","protected":false},"author":43,"featured_media":0,"parent":0,"menu_order":0,"comment_status":"closed","ping_status":"closed","template":"genel_sayfa.php","meta":{"footnotes":""},"yoast_head":"<!-- This site is optimized with the Yoast SEO Premium plugin v22.1 (Yoast SEO v22.1) - https:\/\/yoast.com\/wordpress\/plugins\/seo\/ -->\n<title>\u00c7al\u0131\u015fma T\u00fcr\u00fc - Halkla \u0130li\u015fkiler ve Reklamc\u0131l\u0131k<\/title>\n<meta name=\"robots\" content=\"index, follow, max-snippet:-1, max-image-preview:large, max-video-preview:-1\" \/>\n<link rel=\"canonical\" href=\"https:\/\/ticaret.edu.tr\/halkla-iliskiler-ve-reklamcilik\/calisma-turu\/\" \/>\n<meta property=\"og:locale\" content=\"tr_TR\" \/>\n<meta property=\"og:type\" content=\"article\" \/>\n<meta property=\"og:title\" content=\"\u00c7al\u0131\u015fma T\u00fcr\u00fc\" \/>\n<meta property=\"og:description\" content=\"\ud83c\udf93 Program\u0131n \u00c7al\u0131\u015fma T\u00fcr\u00fc \ud83d\udccd\u00a0Bu lisans program\u0131,\u00a0\u00f6rg\u00fcn \u00f6\u011fretim (tam zamanl\u0131 y\u00fcz y\u00fcze e\u011fitim)\u00a0esas\u0131na dayal\u0131 olarak y\u00fcr\u00fct\u00fclmektedir. \u2705\u00a0E\u011fitim \u015eekli:\u00a0Tam zamanl\u0131\u00a0 \u00d6rg\u00fcn E\u011fitim\u2705\u00a0Dersler:\u00a0\u00dcniversite kamp\u00fcs\u00fcnde\u00a0y\u00fcz y\u00fcze olarak y\u00fcr\u00fct\u00fclmektedir.\u2705\u00a0\u00d6\u011fretim Dili:\u00a0Program\u0131n \u00f6\u011fretim dili\u00a0T\u00fcrk\u00e7e\u00a0olarak y\u00fcr\u00fct\u00fclmektedir.\u2705\u00a0Ders Program\u0131:\u00a0Dersler,\u00a0haftal\u0131k akademik programa g\u00f6re\u00a0belirlenen g\u00fcn ve saatlerde yap\u0131lmaktad\u0131r.\u2705\u00a0Uygulamal\u0131 E\u011fitim:\u00a0Baz\u0131 derslerde\u00a0laboratuvar \u00e7al\u0131\u015fmalar\u0131, proje bazl\u0131 \u00f6\u011frenme ve saha uygulamalar\u0131\u00a0bulunmaktad\u0131r.\u2705\u00a0\u00d6\u011frenci Kat\u0131l\u0131m\u0131:\u00a0Derslere devam zorunlulu\u011fu olup, \u00f6\u011frencilerin\u00a0derslere ve uygulamalara en az [&hellip;]\" \/>\n<meta property=\"og:url\" content=\"https:\/\/ticaret.edu.tr\/halkla-iliskiler-ve-reklamcilik\/calisma-turu\/\" \/>\n<meta property=\"og:site_name\" content=\"Halkla \u0130li\u015fkiler ve Reklamc\u0131l\u0131k\" \/>\n<meta property=\"article:publisher\" content=\"https:\/\/www.facebook.com\/ticaretedutr\" \/>\n<meta property=\"article:modified_time\" content=\"2025-03-05T09:56:34+00:00\" \/>\n<meta property=\"og:image\" content=\"http:\/\/ticaret.edu.tr\/halkla-iliskiler-ve-reklamcilik\/wp-content\/uploads\/sites\/13\/2021\/11\/web_logo-01.jpg\" \/>\n\t<meta property=\"og:image:width\" content=\"1250\" \/>\n\t<meta property=\"og:image:height\" content=\"833\" \/>\n\t<meta property=\"og:image:type\" content=\"image\/jpeg\" \/>\n<meta name=\"twitter:card\" content=\"summary_large_image\" \/>\n<meta name=\"twitter:site\" content=\"@ticaretedutr\" \/>\n<meta name=\"twitter:label1\" content=\"Tahmini okuma s\u00fcresi\" \/>\n\t<meta name=\"twitter:data1\" content=\"1 dakika\" \/>\n<script type=\"application\/ld+json\" class=\"yoast-schema-graph\">{\"@context\":\"https:\/\/schema.org\",\"@graph\":[{\"@type\":\"WebPage\",\"@id\":\"https:\/\/ticaret.edu.tr\/halkla-iliskiler-ve-reklamcilik\/calisma-turu\/\",\"url\":\"https:\/\/ticaret.edu.tr\/halkla-iliskiler-ve-reklamcilik\/calisma-turu\/\",\"name\":\"\u00c7al\u0131\u015fma T\u00fcr\u00fc - Halkla \u0130li\u015fkiler ve Reklamc\u0131l\u0131k\",\"isPartOf\":{\"@id\":\"http:\/\/ticaret.edu.tr\/halkla-iliskiler-ve-reklamcilik\/#website\"},\"datePublished\":\"2025-01-26T20:25:42+00:00\",\"dateModified\":\"2025-03-05T09:56:34+00:00\",\"breadcrumb\":{\"@id\":\"https:\/\/ticaret.edu.tr\/halkla-iliskiler-ve-reklamcilik\/calisma-turu\/#breadcrumb\"},\"inLanguage\":\"tr\",\"potentialAction\":[{\"@type\":\"ReadAction\",\"target\":[\"https:\/\/ticaret.edu.tr\/halkla-iliskiler-ve-reklamcilik\/calisma-turu\/\"]}]},{\"@type\":\"BreadcrumbList\",\"@id\":\"https:\/\/ticaret.edu.tr\/halkla-iliskiler-ve-reklamcilik\/calisma-turu\/#breadcrumb\",\"itemListElement\":[{\"@type\":\"ListItem\",\"position\":1,\"name\":\"Ana sayfa\",\"item\":\"http:\/\/ticaret.edu.tr\/halkla-iliskiler-ve-reklamcilik\/\"},{\"@type\":\"ListItem\",\"position\":2,\"name\":\"\u00c7al\u0131\u015fma T\u00fcr\u00fc\"}]},{\"@type\":\"WebSite\",\"@id\":\"http:\/\/ticaret.edu.tr\/halkla-iliskiler-ve-reklamcilik\/#website\",\"url\":\"http:\/\/ticaret.edu.tr\/halkla-iliskiler-ve-reklamcilik\/\",\"name\":\"Halkla \u0130li\u015fkiler ve Reklamc\u0131l\u0131k\",\"description\":\"\",\"potentialAction\":[{\"@type\":\"SearchAction\",\"target\":{\"@type\":\"EntryPoint\",\"urlTemplate\":\"http:\/\/ticaret.edu.tr\/halkla-iliskiler-ve-reklamcilik\/?s={search_term_string}\"},\"query-input\":\"required name=search_term_string\"}],\"inLanguage\":\"tr\"}]}<\/script>\n<!-- \/ Yoast SEO Premium plugin. -->","yoast_head_json":{"title":"\u00c7al\u0131\u015fma T\u00fcr\u00fc - Halkla \u0130li\u015fkiler ve Reklamc\u0131l\u0131k","robots":{"index":"index","follow":"follow","max-snippet":"max-snippet:-1","max-image-preview":"max-image-preview:large","max-video-preview":"max-video-preview:-1"},"canonical":"https:\/\/ticaret.edu.tr\/halkla-iliskiler-ve-reklamcilik\/calisma-turu\/","og_locale":"tr_TR","og_type":"article","og_title":"\u00c7al\u0131\u015fma T\u00fcr\u00fc","og_description":"\ud83c\udf93 Program\u0131n \u00c7al\u0131\u015fma T\u00fcr\u00fc \ud83d\udccd\u00a0Bu lisans program\u0131,\u00a0\u00f6rg\u00fcn \u00f6\u011fretim (tam zamanl\u0131 y\u00fcz y\u00fcze e\u011fitim)\u00a0esas\u0131na dayal\u0131 olarak y\u00fcr\u00fct\u00fclmektedir. \u2705\u00a0E\u011fitim \u015eekli:\u00a0Tam zamanl\u0131\u00a0 \u00d6rg\u00fcn E\u011fitim\u2705\u00a0Dersler:\u00a0\u00dcniversite kamp\u00fcs\u00fcnde\u00a0y\u00fcz y\u00fcze olarak y\u00fcr\u00fct\u00fclmektedir.\u2705\u00a0\u00d6\u011fretim Dili:\u00a0Program\u0131n \u00f6\u011fretim dili\u00a0T\u00fcrk\u00e7e\u00a0olarak y\u00fcr\u00fct\u00fclmektedir.\u2705\u00a0Ders Program\u0131:\u00a0Dersler,\u00a0haftal\u0131k akademik programa g\u00f6re\u00a0belirlenen g\u00fcn ve saatlerde yap\u0131lmaktad\u0131r.\u2705\u00a0Uygulamal\u0131 E\u011fitim:\u00a0Baz\u0131 derslerde\u00a0laboratuvar \u00e7al\u0131\u015fmalar\u0131, proje bazl\u0131 \u00f6\u011frenme ve saha uygulamalar\u0131\u00a0bulunmaktad\u0131r.\u2705\u00a0\u00d6\u011frenci Kat\u0131l\u0131m\u0131:\u00a0Derslere devam zorunlulu\u011fu olup, \u00f6\u011frencilerin\u00a0derslere ve uygulamalara en az [&hellip;]","og_url":"https:\/\/ticaret.edu.tr\/halkla-iliskiler-ve-reklamcilik\/calisma-turu\/","og_site_name":"Halkla \u0130li\u015fkiler ve Reklamc\u0131l\u0131k","article_publisher":"https:\/\/www.facebook.com\/ticaretedutr","article_modified_time":"2025-03-05T09:56:34+00:00","og_image":[{"width":1250,"height":833,"url":"http:\/\/ticaret.edu.tr\/halkla-iliskiler-ve-reklamcilik\/wp-content\/uploads\/sites\/13\/2021\/11\/web_logo-01.jpg","type":"image\/jpeg"}],"twitter_card":"summary_large_image","twitter_site":"@ticaretedutr","twitter_misc":{"Tahmini okuma s\u00fcresi":"1 dakika"},"schema":{"@context":"https:\/\/schema.org","@graph":[{"@type":"WebPage","@id":"https:\/\/ticaret.edu.tr\/halkla-iliskiler-ve-reklamcilik\/calisma-turu\/","url":"https:\/\/ticaret.edu.tr\/halkla-iliskiler-ve-reklamcilik\/calisma-turu\/","name":"\u00c7al\u0131\u015fma T\u00fcr\u00fc - Halkla \u0130li\u015fkiler ve Reklamc\u0131l\u0131k","isPartOf":{"@id":"http:\/\/ticaret.edu.tr\/halkla-iliskiler-ve-reklamcilik\/#website"},"datePublished":"2025-01-26T20:25:42+00:00","dateModified":"2025-03-05T09:56:34+00:00","breadcrumb":{"@id":"https:\/\/ticaret.edu.tr\/halkla-iliskiler-ve-reklamcilik\/calisma-turu\/#breadcrumb"},"inLanguage":"tr","potentialAction":[{"@type":"ReadAction","target":["https:\/\/ticaret.edu.tr\/halkla-iliskiler-ve-reklamcilik\/calisma-turu\/"]}]},{"@type":"BreadcrumbList","@id":"https:\/\/ticaret.edu.tr\/halkla-iliskiler-ve-reklamcilik\/calisma-turu\/#breadcrumb","itemListElement":[{"@type":"ListItem","position":1,"name":"Ana sayfa","item":"http:\/\/ticaret.edu.tr\/halkla-iliskiler-ve-reklamcilik\/"},{"@type":"ListItem","position":2,"name":"\u00c7al\u0131\u015fma T\u00fcr\u00fc"}]},{"@type":"WebSite","@id":"http:\/\/ticaret.edu.tr\/halkla-iliskiler-ve-reklamcilik\/#website","url":"http:\/\/ticaret.edu.tr\/halkla-iliskiler-ve-reklamcilik\/","name":"Halkla \u0130li\u015fkiler ve Reklamc\u0131l\u0131k","description":"","potentialAction":[{"@type":"SearchAction","target":{"@type":"EntryPoint","urlTemplate":"http:\/\/ticaret.edu.tr\/halkla-iliskiler-ve-reklamcilik\/?s={search_term_string}"},"query-input":"required name=search_term_string"}],"inLanguage":"tr"}]}},"lang":"tr","translations":{"en":1905,"tr":1903},"pll_sync_post":[],"_links":{"self":[{"href":"http:\/\/ticaret.edu.tr\/halkla-iliskiler-ve-reklamcilik\/wp-json\/wp\/v2\/pages\/1903"}],"collection":[{"href":"http:\/\/ticaret.edu.tr\/halkla-iliskiler-ve-reklamcilik\/wp-json\/wp\/v2\/pages"}],"about":[{"href":"http:\/\/ticaret.edu.tr\/halkla-iliskiler-ve-reklamcilik\/wp-json\/wp\/v2\/types\/page"}],"author":[{"embeddable":true,"href":"http:\/\/ticaret.edu.tr\/halkla-iliskiler-ve-reklamcilik\/wp-json\/wp\/v2\/users\/43"}],"replies":[{"embeddable":true,"href":"http:\/\/ticaret.edu.tr\/halkla-iliskiler-ve-reklamcilik\/wp-json\/wp\/v2\/comments?post=1903"}],"version-history":[{"count":2,"href":"http:\/\/ticaret.edu.tr\/halkla-iliskiler-ve-reklamcilik\/wp-json\/wp\/v2\/pages\/1903\/revisions"}],"predecessor-version":[{"id":2228,"href":"http:\/\/ticaret.edu.tr\/halkla-iliskiler-ve-reklamcilik\/wp-json\/wp\/v2\/pages\/1903\/revisions\/2228"}],"wp:attachment":[{"href":"http:\/\/ticaret.edu.tr\/halkla-iliskiler-ve-reklamcilik\/wp-json\/wp\/v2\/media?parent=1903"}],"curies":[{"name":"wp","href":"https:\/\/api.w.org\/{rel}","templated":true}]}}