{"id":1973,"date":"2025-01-26T23:55:49","date_gmt":"2025-01-26T20:55:49","guid":{"rendered":"https:\/\/ticaret.edu.tr\/halkla-iliskiler-ve-reklamcilik\/?page_id=1973"},"modified":"2025-10-21T15:57:01","modified_gmt":"2025-10-21T12:57:01","slug":"yatay-gecis","status":"publish","type":"page","link":"http:\/\/ticaret.edu.tr\/halkla-iliskiler-ve-reklamcilik\/yatay-gecis\/","title":{"rendered":"Yatay Ge\u00e7i\u015f"},"content":{"rendered":"<p data-start=\"571\" data-end=\"755\">Yatay ge\u00e7i\u015f ba\u015fvurular\u0131, \u0130stanbul Ticaret \u00dcniversitesi Lisans\u00fcst\u00fc E\u011fitim Enstit\u00fcs\u00fc Y\u00f6netmeli\u011fi h\u00fck\u00fcmleri do\u011frultusunda de\u011ferlendirilir. Adaylar\u0131n ba\u015fvuru yapabilmeleri i\u00e7in:<\/p>\n<ul data-start=\"756\" data-end=\"1043\">\n<li data-start=\"756\" data-end=\"832\">\n<p data-start=\"758\" data-end=\"832\">Kay\u0131tl\u0131 olduklar\u0131 \u00fcniversitede en az bir yar\u0131y\u0131l\u0131n\u0131 tamamlam\u0131\u015f olmalar\u0131,<\/p>\n<\/li>\n<li data-start=\"833\" data-end=\"935\">\n<p data-start=\"835\" data-end=\"935\">Ba\u015far\u0131l\u0131 olduklar\u0131 derslerin i\u00e7eriklerinin ve kredilerinin, ba\u015fvurduklar\u0131 programla uyumlu olmas\u0131,<\/p>\n<\/li>\n<li data-start=\"936\" data-end=\"1004\">\n<p data-start=\"938\" data-end=\"1004\">Akademik not ortalamas\u0131n\u0131n 4.00 \u00fczerinden en az 2.50 olmas\u0131,<\/p>\n<\/li>\n<li data-start=\"1005\" data-end=\"1043\">\n<p data-start=\"1007\" data-end=\"1043\">Kontenjan bulunmas\u0131 gerekmektedir.<\/p>\n<\/li>\n<\/ul>\n<p>G\u00fcncel takvim ve ba\u015fvuru detaylar\u0131,\u00a0<strong><a href=\"https:\/\/ticaret.edu.tr\/lisansustu-egitim-enstitusu\/\">Lisans\u00fcst\u00fc E\u011fitim Enstit\u00fcs\u00fc web sayfas\u0131nda<\/a><\/strong>\u00a0yay\u0131mlanmaktad\u0131r.<\/p>\n","protected":false},"excerpt":{"rendered":"<p>Yatay ge\u00e7i\u015f ba\u015fvurular\u0131, \u0130stanbul Ticaret \u00dcniversitesi Lisans\u00fcst\u00fc E\u011fitim Enstit\u00fcs\u00fc Y\u00f6netmeli\u011fi h\u00fck\u00fcmleri do\u011frultusunda de\u011ferlendirilir. Adaylar\u0131n ba\u015fvuru yapabilmeleri i\u00e7in: Kay\u0131tl\u0131 olduklar\u0131 \u00fcniversitede en az bir yar\u0131y\u0131l\u0131n\u0131 tamamlam\u0131\u015f olmalar\u0131, Ba\u015far\u0131l\u0131 olduklar\u0131 derslerin i\u00e7eriklerinin ve kredilerinin, ba\u015fvurduklar\u0131 programla uyumlu olmas\u0131, Akademik not ortalamas\u0131n\u0131n 4.00 \u00fczerinden en az 2.50 olmas\u0131, Kontenjan bulunmas\u0131 gerekmektedir. G\u00fcncel takvim ve ba\u015fvuru detaylar\u0131,\u00a0Lisans\u00fcst\u00fc E\u011fitim Enstit\u00fcs\u00fc [&hellip;]<\/p>\n","protected":false},"author":43,"featured_media":0,"parent":0,"menu_order":0,"comment_status":"closed","ping_status":"closed","template":"genel_sayfa.php","meta":{"footnotes":""},"yoast_head":"<!-- This site is optimized with the Yoast SEO Premium plugin v22.1 (Yoast SEO v22.1) - https:\/\/yoast.com\/wordpress\/plugins\/seo\/ -->\n<title>Yatay Ge\u00e7i\u015f - Halkla \u0130li\u015fkiler ve Reklamc\u0131l\u0131k<\/title>\n<meta name=\"robots\" content=\"index, follow, max-snippet:-1, max-image-preview:large, max-video-preview:-1\" \/>\n<link rel=\"canonical\" href=\"https:\/\/ticaret.edu.tr\/halkla-iliskiler-ve-reklamcilik\/yatay-gecis\/\" \/>\n<meta property=\"og:locale\" content=\"tr_TR\" \/>\n<meta property=\"og:type\" content=\"article\" \/>\n<meta property=\"og:title\" content=\"Yatay Ge\u00e7i\u015f\" \/>\n<meta property=\"og:description\" content=\"Yatay ge\u00e7i\u015f ba\u015fvurular\u0131, \u0130stanbul Ticaret \u00dcniversitesi Lisans\u00fcst\u00fc E\u011fitim Enstit\u00fcs\u00fc Y\u00f6netmeli\u011fi h\u00fck\u00fcmleri do\u011frultusunda de\u011ferlendirilir. Adaylar\u0131n ba\u015fvuru yapabilmeleri i\u00e7in: Kay\u0131tl\u0131 olduklar\u0131 \u00fcniversitede en az bir yar\u0131y\u0131l\u0131n\u0131 tamamlam\u0131\u015f olmalar\u0131, Ba\u015far\u0131l\u0131 olduklar\u0131 derslerin i\u00e7eriklerinin ve kredilerinin, ba\u015fvurduklar\u0131 programla uyumlu olmas\u0131, Akademik not ortalamas\u0131n\u0131n 4.00 \u00fczerinden en az 2.50 olmas\u0131, Kontenjan bulunmas\u0131 gerekmektedir. G\u00fcncel takvim ve ba\u015fvuru detaylar\u0131,\u00a0Lisans\u00fcst\u00fc E\u011fitim Enstit\u00fcs\u00fc [&hellip;]\" \/>\n<meta property=\"og:url\" content=\"https:\/\/ticaret.edu.tr\/halkla-iliskiler-ve-reklamcilik\/yatay-gecis\/\" \/>\n<meta property=\"og:site_name\" content=\"Halkla \u0130li\u015fkiler ve Reklamc\u0131l\u0131k\" \/>\n<meta property=\"article:publisher\" content=\"https:\/\/www.facebook.com\/ticaretedutr\" \/>\n<meta property=\"article:modified_time\" content=\"2025-10-21T12:57:01+00:00\" \/>\n<meta property=\"og:image\" content=\"http:\/\/ticaret.edu.tr\/halkla-iliskiler-ve-reklamcilik\/wp-content\/uploads\/sites\/13\/2021\/11\/web_logo-01.jpg\" \/>\n\t<meta property=\"og:image:width\" content=\"1250\" \/>\n\t<meta property=\"og:image:height\" content=\"833\" \/>\n\t<meta property=\"og:image:type\" content=\"image\/jpeg\" \/>\n<meta name=\"twitter:card\" content=\"summary_large_image\" \/>\n<meta name=\"twitter:site\" content=\"@ticaretedutr\" \/>\n<meta name=\"twitter:label1\" content=\"Tahmini okuma s\u00fcresi\" \/>\n\t<meta name=\"twitter:data1\" content=\"1 dakika\" \/>\n<script type=\"application\/ld+json\" class=\"yoast-schema-graph\">{\"@context\":\"https:\/\/schema.org\",\"@graph\":[{\"@type\":\"WebPage\",\"@id\":\"https:\/\/ticaret.edu.tr\/halkla-iliskiler-ve-reklamcilik\/yatay-gecis\/\",\"url\":\"https:\/\/ticaret.edu.tr\/halkla-iliskiler-ve-reklamcilik\/yatay-gecis\/\",\"name\":\"Yatay Ge\u00e7i\u015f - Halkla \u0130li\u015fkiler ve Reklamc\u0131l\u0131k\",\"isPartOf\":{\"@id\":\"http:\/\/ticaret.edu.tr\/halkla-iliskiler-ve-reklamcilik\/#website\"},\"datePublished\":\"2025-01-26T20:55:49+00:00\",\"dateModified\":\"2025-10-21T12:57:01+00:00\",\"breadcrumb\":{\"@id\":\"https:\/\/ticaret.edu.tr\/halkla-iliskiler-ve-reklamcilik\/yatay-gecis\/#breadcrumb\"},\"inLanguage\":\"tr\",\"potentialAction\":[{\"@type\":\"ReadAction\",\"target\":[\"https:\/\/ticaret.edu.tr\/halkla-iliskiler-ve-reklamcilik\/yatay-gecis\/\"]}]},{\"@type\":\"BreadcrumbList\",\"@id\":\"https:\/\/ticaret.edu.tr\/halkla-iliskiler-ve-reklamcilik\/yatay-gecis\/#breadcrumb\",\"itemListElement\":[{\"@type\":\"ListItem\",\"position\":1,\"name\":\"Ana sayfa\",\"item\":\"http:\/\/ticaret.edu.tr\/halkla-iliskiler-ve-reklamcilik\/\"},{\"@type\":\"ListItem\",\"position\":2,\"name\":\"Yatay Ge\u00e7i\u015f\"}]},{\"@type\":\"WebSite\",\"@id\":\"http:\/\/ticaret.edu.tr\/halkla-iliskiler-ve-reklamcilik\/#website\",\"url\":\"http:\/\/ticaret.edu.tr\/halkla-iliskiler-ve-reklamcilik\/\",\"name\":\"Halkla \u0130li\u015fkiler ve Reklamc\u0131l\u0131k\",\"description\":\"\",\"potentialAction\":[{\"@type\":\"SearchAction\",\"target\":{\"@type\":\"EntryPoint\",\"urlTemplate\":\"http:\/\/ticaret.edu.tr\/halkla-iliskiler-ve-reklamcilik\/?s={search_term_string}\"},\"query-input\":\"required name=search_term_string\"}],\"inLanguage\":\"tr\"}]}<\/script>\n<!-- \/ Yoast SEO Premium plugin. -->","yoast_head_json":{"title":"Yatay Ge\u00e7i\u015f - Halkla \u0130li\u015fkiler ve Reklamc\u0131l\u0131k","robots":{"index":"index","follow":"follow","max-snippet":"max-snippet:-1","max-image-preview":"max-image-preview:large","max-video-preview":"max-video-preview:-1"},"canonical":"https:\/\/ticaret.edu.tr\/halkla-iliskiler-ve-reklamcilik\/yatay-gecis\/","og_locale":"tr_TR","og_type":"article","og_title":"Yatay Ge\u00e7i\u015f","og_description":"Yatay ge\u00e7i\u015f ba\u015fvurular\u0131, \u0130stanbul Ticaret \u00dcniversitesi Lisans\u00fcst\u00fc E\u011fitim Enstit\u00fcs\u00fc Y\u00f6netmeli\u011fi h\u00fck\u00fcmleri do\u011frultusunda de\u011ferlendirilir. Adaylar\u0131n ba\u015fvuru yapabilmeleri i\u00e7in: Kay\u0131tl\u0131 olduklar\u0131 \u00fcniversitede en az bir yar\u0131y\u0131l\u0131n\u0131 tamamlam\u0131\u015f olmalar\u0131, Ba\u015far\u0131l\u0131 olduklar\u0131 derslerin i\u00e7eriklerinin ve kredilerinin, ba\u015fvurduklar\u0131 programla uyumlu olmas\u0131, Akademik not ortalamas\u0131n\u0131n 4.00 \u00fczerinden en az 2.50 olmas\u0131, Kontenjan bulunmas\u0131 gerekmektedir. G\u00fcncel takvim ve ba\u015fvuru detaylar\u0131,\u00a0Lisans\u00fcst\u00fc E\u011fitim Enstit\u00fcs\u00fc [&hellip;]","og_url":"https:\/\/ticaret.edu.tr\/halkla-iliskiler-ve-reklamcilik\/yatay-gecis\/","og_site_name":"Halkla \u0130li\u015fkiler ve Reklamc\u0131l\u0131k","article_publisher":"https:\/\/www.facebook.com\/ticaretedutr","article_modified_time":"2025-10-21T12:57:01+00:00","og_image":[{"width":1250,"height":833,"url":"http:\/\/ticaret.edu.tr\/halkla-iliskiler-ve-reklamcilik\/wp-content\/uploads\/sites\/13\/2021\/11\/web_logo-01.jpg","type":"image\/jpeg"}],"twitter_card":"summary_large_image","twitter_site":"@ticaretedutr","twitter_misc":{"Tahmini okuma s\u00fcresi":"1 dakika"},"schema":{"@context":"https:\/\/schema.org","@graph":[{"@type":"WebPage","@id":"https:\/\/ticaret.edu.tr\/halkla-iliskiler-ve-reklamcilik\/yatay-gecis\/","url":"https:\/\/ticaret.edu.tr\/halkla-iliskiler-ve-reklamcilik\/yatay-gecis\/","name":"Yatay Ge\u00e7i\u015f - Halkla \u0130li\u015fkiler ve Reklamc\u0131l\u0131k","isPartOf":{"@id":"http:\/\/ticaret.edu.tr\/halkla-iliskiler-ve-reklamcilik\/#website"},"datePublished":"2025-01-26T20:55:49+00:00","dateModified":"2025-10-21T12:57:01+00:00","breadcrumb":{"@id":"https:\/\/ticaret.edu.tr\/halkla-iliskiler-ve-reklamcilik\/yatay-gecis\/#breadcrumb"},"inLanguage":"tr","potentialAction":[{"@type":"ReadAction","target":["https:\/\/ticaret.edu.tr\/halkla-iliskiler-ve-reklamcilik\/yatay-gecis\/"]}]},{"@type":"BreadcrumbList","@id":"https:\/\/ticaret.edu.tr\/halkla-iliskiler-ve-reklamcilik\/yatay-gecis\/#breadcrumb","itemListElement":[{"@type":"ListItem","position":1,"name":"Ana sayfa","item":"http:\/\/ticaret.edu.tr\/halkla-iliskiler-ve-reklamcilik\/"},{"@type":"ListItem","position":2,"name":"Yatay Ge\u00e7i\u015f"}]},{"@type":"WebSite","@id":"http:\/\/ticaret.edu.tr\/halkla-iliskiler-ve-reklamcilik\/#website","url":"http:\/\/ticaret.edu.tr\/halkla-iliskiler-ve-reklamcilik\/","name":"Halkla \u0130li\u015fkiler ve Reklamc\u0131l\u0131k","description":"","potentialAction":[{"@type":"SearchAction","target":{"@type":"EntryPoint","urlTemplate":"http:\/\/ticaret.edu.tr\/halkla-iliskiler-ve-reklamcilik\/?s={search_term_string}"},"query-input":"required name=search_term_string"}],"inLanguage":"tr"}]}},"lang":"tr","translations":{"en":1975,"tr":1973},"pll_sync_post":[],"_links":{"self":[{"href":"http:\/\/ticaret.edu.tr\/halkla-iliskiler-ve-reklamcilik\/wp-json\/wp\/v2\/pages\/1973"}],"collection":[{"href":"http:\/\/ticaret.edu.tr\/halkla-iliskiler-ve-reklamcilik\/wp-json\/wp\/v2\/pages"}],"about":[{"href":"http:\/\/ticaret.edu.tr\/halkla-iliskiler-ve-reklamcilik\/wp-json\/wp\/v2\/types\/page"}],"author":[{"embeddable":true,"href":"http:\/\/ticaret.edu.tr\/halkla-iliskiler-ve-reklamcilik\/wp-json\/wp\/v2\/users\/43"}],"replies":[{"embeddable":true,"href":"http:\/\/ticaret.edu.tr\/halkla-iliskiler-ve-reklamcilik\/wp-json\/wp\/v2\/comments?post=1973"}],"version-history":[{"count":2,"href":"http:\/\/ticaret.edu.tr\/halkla-iliskiler-ve-reklamcilik\/wp-json\/wp\/v2\/pages\/1973\/revisions"}],"predecessor-version":[{"id":2492,"href":"http:\/\/ticaret.edu.tr\/halkla-iliskiler-ve-reklamcilik\/wp-json\/wp\/v2\/pages\/1973\/revisions\/2492"}],"wp:attachment":[{"href":"http:\/\/ticaret.edu.tr\/halkla-iliskiler-ve-reklamcilik\/wp-json\/wp\/v2\/media?parent=1973"}],"curies":[{"name":"wp","href":"https:\/\/api.w.org\/{rel}","templated":true}]}}