{"id":1207,"date":"2025-01-26T16:35:56","date_gmt":"2025-01-26T13:35:56","guid":{"rendered":"https:\/\/ticaret.edu.tr\/havacilik-yonetimi\/?page_id=1207"},"modified":"2025-04-28T10:18:05","modified_gmt":"2025-04-28T07:18:05","slug":"lisans-genel-bilgi","status":"publish","type":"page","link":"http:\/\/ticaret.edu.tr\/havacilik-yonetimi\/lisans-genel-bilgi\/","title":{"rendered":"Genel Bilgi"},"content":{"rendered":"<p><strong>Havac\u0131l\u0131k Y\u00f6netimi\u00a0B\u00f6l\u00fcm\u00fc Nedir?<\/strong><\/p>\n<p>Sivil Havac\u0131l\u0131k sekt\u00f6r\u00fcndeki b\u00fct\u00fcn payda\u015flar\u0131, sivil havac\u0131l\u0131\u011f\u0131n emniyetli, g\u00fcvenli ve verimli bir \u015fekilde s\u00fcrd\u00fcr\u00fclebilmesi i\u00e7in bir araya getirmeyi ama\u00e7layan b\u00f6l\u00fcmd\u00fcr. Havac\u0131l\u0131k sekt\u00f6r\u00fcn\u00fcn operasyonel ve y\u00f6netimsel alanlar\u0131nda \u00e7al\u0131\u015fabilecek nitelikli personelleri yeti\u015ftirmeyi ama\u00e7lar.<\/p>\n<p><strong>Havac\u0131l\u0131k Y\u00f6netimi\u00a0B\u00f6l\u00fcm\u00fc E\u011fitim S\u00fcresi Ka\u00e7 Y\u0131ld\u0131r?<\/strong><\/p>\n<p>B\u00f6l\u00fcm\u00fcn e\u011fitim s\u00fcresi 4 y\u0131ld\u0131r. E\u015fit a\u011f\u0131rl\u0131k puan t\u00fcr\u00fcnden \u00f6\u011frenci kabul etmektedir.<\/p>\n<p><strong>Havac\u0131l\u0131k Y\u00f6netimi\u00a0B\u00f6l\u00fcm\u00fc Mezunu Ne \u0130\u015f Yapar?<\/strong><\/p>\n<p>Sivil havac\u0131l\u0131k sekt\u00f6r\u00fcnde ticari ve genel havac\u0131l\u0131k kurulu\u015flar\u0131n\u0131n alt\u0131nda \u00e7e\u015fitli organizasyonlarda \u00e7al\u0131\u015fabilirler.<\/p>\n<p><strong>Havac\u0131l\u0131k Y\u00f6netimi\u00a0B\u00f6l\u00fcm\u00fc Mezunu \u0130\u015f Olanaklar\u0131 Nelerdir?<\/strong><\/p>\n<p>B\u00f6l\u00fcm mezunlar\u0131n\u0131n \u00e7al\u0131\u015fabilece\u011fi sivil havac\u0131l\u0131k kapsam\u0131ndaki kurulu\u015flar, yap\u0131lan ara\u015ft\u0131rmalara g\u00f6re \u015fu \u015fekilde listelenmi\u015ftir:<\/p>\n<ul>\n<li>Havayolu i\u015fletmeleri: Filo planlama uzman\u0131, gelir y\u00f6netimi uzman\u0131, ekip planlama uzman\u0131, istasyon m\u00fcd\u00fcr\u00fc, u\u00e7u\u015f harekat uzman\u0131<\/li>\n<li>Havaliman\u0131 i\u015fletmeleri: \u0130\u015fletme memuru, apron memuru, yer tahsisi memuru, yer hizmetleri memuru, ramp kule planlama memuru<\/li>\n<li>Terminal i\u015fletmeleri: Operasyon kontrol merkezi memuru, terminal i\u015fletme memuru, u\u00e7u\u015f bilgi g\u00f6sterim sistemi ve dan\u0131\u015fma memuru, kontuar tahsis memuru, ramp kule memuru<\/li>\n<li>Yer hizmetleri kurulu\u015flar\u0131: Yolcu hizmetleri memuru, harekat memuru<\/li>\n<li>Hava kargo kurulu\u015flar\u0131: Yer hizmetleri sorumlusu, hava kargo operasyon uzman\u0131, hava kargo temsilcisi<\/li>\n<li>Havac\u0131l\u0131k otoriteleri: AIM memuru, havac\u0131l\u0131k sekt\u00f6r\u00fc ili\u015fkileri ve hava kargo y\u00f6neticisi, emniyet ve u\u00e7u\u015f operasyonlar\u0131 y\u00f6neticisi, havaalan\u0131 ve yer hizmetleri \u00fcr\u00fcnleri deste\u011fi sorumlusu, hava trafik kontrol\u00f6r\u00fc<\/li>\n<li>Genel havac\u0131l\u0131k kurulu\u015flar\u0131: Operasyon kontrol merkezi uzman\u0131, havac\u0131l\u0131k operasyonlar\u0131 uzman\u0131<\/li>\n<\/ul>\n<p>Bunlar\u0131n yan\u0131 s\u0131ra \u00f6\u011frenciler mezun olduktan sonra y\u00fcksek lisans ve doktora e\u011fitimlerine devam ederek \u201cHavac\u0131l\u0131k Y\u00f6netimi\u201d alan\u0131nda akademisyenlik i\u00e7in de \u00e7al\u0131\u015fmalar\u0131n\u0131 s\u00fcrd\u00fcrebilirler.<\/p>\n","protected":false},"excerpt":{"rendered":"<p>Havac\u0131l\u0131k Y\u00f6netimi\u00a0B\u00f6l\u00fcm\u00fc Nedir? Sivil Havac\u0131l\u0131k sekt\u00f6r\u00fcndeki b\u00fct\u00fcn payda\u015flar\u0131, sivil havac\u0131l\u0131\u011f\u0131n emniyetli, g\u00fcvenli ve verimli bir \u015fekilde s\u00fcrd\u00fcr\u00fclebilmesi i\u00e7in bir araya getirmeyi ama\u00e7layan b\u00f6l\u00fcmd\u00fcr. Havac\u0131l\u0131k sekt\u00f6r\u00fcn\u00fcn operasyonel ve y\u00f6netimsel alanlar\u0131nda \u00e7al\u0131\u015fabilecek nitelikli personelleri yeti\u015ftirmeyi ama\u00e7lar. Havac\u0131l\u0131k Y\u00f6netimi\u00a0B\u00f6l\u00fcm\u00fc E\u011fitim S\u00fcresi Ka\u00e7 Y\u0131ld\u0131r? B\u00f6l\u00fcm\u00fcn e\u011fitim s\u00fcresi 4 y\u0131ld\u0131r. E\u015fit a\u011f\u0131rl\u0131k puan t\u00fcr\u00fcnden \u00f6\u011frenci kabul etmektedir. Havac\u0131l\u0131k Y\u00f6netimi\u00a0B\u00f6l\u00fcm\u00fc Mezunu [&hellip;]<\/p>\n","protected":false},"author":139,"featured_media":0,"parent":0,"menu_order":0,"comment_status":"closed","ping_status":"closed","template":"genel_sayfa.php","meta":{"footnotes":""},"yoast_head":"<!-- This site is optimized with the Yoast SEO Premium plugin v22.1 (Yoast SEO v22.1) - https:\/\/yoast.com\/wordpress\/plugins\/seo\/ -->\n<title>Genel Bilgi - Havac\u0131l\u0131k Y\u00f6netimi<\/title>\n<meta name=\"robots\" content=\"index, follow, max-snippet:-1, max-image-preview:large, max-video-preview:-1\" \/>\n<link rel=\"canonical\" href=\"https:\/\/ticaret.edu.tr\/havacilik-yonetimi\/lisans-genel-bilgi\/\" \/>\n<meta property=\"og:locale\" content=\"tr_TR\" \/>\n<meta property=\"og:type\" content=\"article\" \/>\n<meta property=\"og:title\" content=\"Genel Bilgi\" \/>\n<meta property=\"og:description\" content=\"Havac\u0131l\u0131k Y\u00f6netimi\u00a0B\u00f6l\u00fcm\u00fc Nedir? Sivil Havac\u0131l\u0131k sekt\u00f6r\u00fcndeki b\u00fct\u00fcn payda\u015flar\u0131, sivil havac\u0131l\u0131\u011f\u0131n emniyetli, g\u00fcvenli ve verimli bir \u015fekilde s\u00fcrd\u00fcr\u00fclebilmesi i\u00e7in bir araya getirmeyi ama\u00e7layan b\u00f6l\u00fcmd\u00fcr. Havac\u0131l\u0131k sekt\u00f6r\u00fcn\u00fcn operasyonel ve y\u00f6netimsel alanlar\u0131nda \u00e7al\u0131\u015fabilecek nitelikli personelleri yeti\u015ftirmeyi ama\u00e7lar. Havac\u0131l\u0131k Y\u00f6netimi\u00a0B\u00f6l\u00fcm\u00fc E\u011fitim S\u00fcresi Ka\u00e7 Y\u0131ld\u0131r? B\u00f6l\u00fcm\u00fcn e\u011fitim s\u00fcresi 4 y\u0131ld\u0131r. E\u015fit a\u011f\u0131rl\u0131k puan t\u00fcr\u00fcnden \u00f6\u011frenci kabul etmektedir. Havac\u0131l\u0131k Y\u00f6netimi\u00a0B\u00f6l\u00fcm\u00fc Mezunu [&hellip;]\" \/>\n<meta property=\"og:url\" content=\"https:\/\/ticaret.edu.tr\/havacilik-yonetimi\/lisans-genel-bilgi\/\" \/>\n<meta property=\"og:site_name\" content=\"Havac\u0131l\u0131k Y\u00f6netimi\" \/>\n<meta property=\"article:publisher\" content=\"https:\/\/www.facebook.com\/ticaretedutr\" \/>\n<meta property=\"article:modified_time\" content=\"2025-04-28T07:18:05+00:00\" \/>\n<meta property=\"og:image\" content=\"http:\/\/ticaret.edu.tr\/havacilik-yonetimi\/wp-content\/uploads\/sites\/10\/2021\/11\/web_logo-01.jpg\" \/>\n\t<meta property=\"og:image:width\" content=\"1250\" \/>\n\t<meta property=\"og:image:height\" content=\"833\" \/>\n\t<meta property=\"og:image:type\" content=\"image\/jpeg\" \/>\n<meta name=\"twitter:card\" content=\"summary_large_image\" \/>\n<meta name=\"twitter:site\" content=\"@ticaretedutr\" \/>\n<meta name=\"twitter:label1\" content=\"Tahmini okuma s\u00fcresi\" \/>\n\t<meta name=\"twitter:data1\" content=\"2 dakika\" \/>\n<script type=\"application\/ld+json\" class=\"yoast-schema-graph\">{\"@context\":\"https:\/\/schema.org\",\"@graph\":[{\"@type\":\"WebPage\",\"@id\":\"https:\/\/ticaret.edu.tr\/havacilik-yonetimi\/lisans-genel-bilgi\/\",\"url\":\"https:\/\/ticaret.edu.tr\/havacilik-yonetimi\/lisans-genel-bilgi\/\",\"name\":\"Genel Bilgi - Havac\u0131l\u0131k Y\u00f6netimi\",\"isPartOf\":{\"@id\":\"https:\/\/ticaret.edu.tr\/havacilik-yonetimi\/#website\"},\"datePublished\":\"2025-01-26T13:35:56+00:00\",\"dateModified\":\"2025-04-28T07:18:05+00:00\",\"breadcrumb\":{\"@id\":\"https:\/\/ticaret.edu.tr\/havacilik-yonetimi\/lisans-genel-bilgi\/#breadcrumb\"},\"inLanguage\":\"tr\",\"potentialAction\":[{\"@type\":\"ReadAction\",\"target\":[\"https:\/\/ticaret.edu.tr\/havacilik-yonetimi\/lisans-genel-bilgi\/\"]}]},{\"@type\":\"BreadcrumbList\",\"@id\":\"https:\/\/ticaret.edu.tr\/havacilik-yonetimi\/lisans-genel-bilgi\/#breadcrumb\",\"itemListElement\":[{\"@type\":\"ListItem\",\"position\":1,\"name\":\"Ana sayfa\",\"item\":\"https:\/\/ticaret.edu.tr\/havacilik-yonetimi\/\"},{\"@type\":\"ListItem\",\"position\":2,\"name\":\"Genel Bilgi\"}]},{\"@type\":\"WebSite\",\"@id\":\"https:\/\/ticaret.edu.tr\/havacilik-yonetimi\/#website\",\"url\":\"https:\/\/ticaret.edu.tr\/havacilik-yonetimi\/\",\"name\":\"Havac\u0131l\u0131k Y\u00f6netimi\",\"description\":\"\",\"potentialAction\":[{\"@type\":\"SearchAction\",\"target\":{\"@type\":\"EntryPoint\",\"urlTemplate\":\"https:\/\/ticaret.edu.tr\/havacilik-yonetimi\/?s={search_term_string}\"},\"query-input\":\"required name=search_term_string\"}],\"inLanguage\":\"tr\"}]}<\/script>\n<!-- \/ Yoast SEO Premium plugin. -->","yoast_head_json":{"title":"Genel Bilgi - Havac\u0131l\u0131k Y\u00f6netimi","robots":{"index":"index","follow":"follow","max-snippet":"max-snippet:-1","max-image-preview":"max-image-preview:large","max-video-preview":"max-video-preview:-1"},"canonical":"https:\/\/ticaret.edu.tr\/havacilik-yonetimi\/lisans-genel-bilgi\/","og_locale":"tr_TR","og_type":"article","og_title":"Genel Bilgi","og_description":"Havac\u0131l\u0131k Y\u00f6netimi\u00a0B\u00f6l\u00fcm\u00fc Nedir? Sivil Havac\u0131l\u0131k sekt\u00f6r\u00fcndeki b\u00fct\u00fcn payda\u015flar\u0131, sivil havac\u0131l\u0131\u011f\u0131n emniyetli, g\u00fcvenli ve verimli bir \u015fekilde s\u00fcrd\u00fcr\u00fclebilmesi i\u00e7in bir araya getirmeyi ama\u00e7layan b\u00f6l\u00fcmd\u00fcr. Havac\u0131l\u0131k sekt\u00f6r\u00fcn\u00fcn operasyonel ve y\u00f6netimsel alanlar\u0131nda \u00e7al\u0131\u015fabilecek nitelikli personelleri yeti\u015ftirmeyi ama\u00e7lar. Havac\u0131l\u0131k Y\u00f6netimi\u00a0B\u00f6l\u00fcm\u00fc E\u011fitim S\u00fcresi Ka\u00e7 Y\u0131ld\u0131r? B\u00f6l\u00fcm\u00fcn e\u011fitim s\u00fcresi 4 y\u0131ld\u0131r. E\u015fit a\u011f\u0131rl\u0131k puan t\u00fcr\u00fcnden \u00f6\u011frenci kabul etmektedir. Havac\u0131l\u0131k Y\u00f6netimi\u00a0B\u00f6l\u00fcm\u00fc Mezunu [&hellip;]","og_url":"https:\/\/ticaret.edu.tr\/havacilik-yonetimi\/lisans-genel-bilgi\/","og_site_name":"Havac\u0131l\u0131k Y\u00f6netimi","article_publisher":"https:\/\/www.facebook.com\/ticaretedutr","article_modified_time":"2025-04-28T07:18:05+00:00","og_image":[{"width":1250,"height":833,"url":"http:\/\/ticaret.edu.tr\/havacilik-yonetimi\/wp-content\/uploads\/sites\/10\/2021\/11\/web_logo-01.jpg","type":"image\/jpeg"}],"twitter_card":"summary_large_image","twitter_site":"@ticaretedutr","twitter_misc":{"Tahmini okuma s\u00fcresi":"2 dakika"},"schema":{"@context":"https:\/\/schema.org","@graph":[{"@type":"WebPage","@id":"https:\/\/ticaret.edu.tr\/havacilik-yonetimi\/lisans-genel-bilgi\/","url":"https:\/\/ticaret.edu.tr\/havacilik-yonetimi\/lisans-genel-bilgi\/","name":"Genel Bilgi - Havac\u0131l\u0131k Y\u00f6netimi","isPartOf":{"@id":"https:\/\/ticaret.edu.tr\/havacilik-yonetimi\/#website"},"datePublished":"2025-01-26T13:35:56+00:00","dateModified":"2025-04-28T07:18:05+00:00","breadcrumb":{"@id":"https:\/\/ticaret.edu.tr\/havacilik-yonetimi\/lisans-genel-bilgi\/#breadcrumb"},"inLanguage":"tr","potentialAction":[{"@type":"ReadAction","target":["https:\/\/ticaret.edu.tr\/havacilik-yonetimi\/lisans-genel-bilgi\/"]}]},{"@type":"BreadcrumbList","@id":"https:\/\/ticaret.edu.tr\/havacilik-yonetimi\/lisans-genel-bilgi\/#breadcrumb","itemListElement":[{"@type":"ListItem","position":1,"name":"Ana sayfa","item":"https:\/\/ticaret.edu.tr\/havacilik-yonetimi\/"},{"@type":"ListItem","position":2,"name":"Genel Bilgi"}]},{"@type":"WebSite","@id":"https:\/\/ticaret.edu.tr\/havacilik-yonetimi\/#website","url":"https:\/\/ticaret.edu.tr\/havacilik-yonetimi\/","name":"Havac\u0131l\u0131k Y\u00f6netimi","description":"","potentialAction":[{"@type":"SearchAction","target":{"@type":"EntryPoint","urlTemplate":"https:\/\/ticaret.edu.tr\/havacilik-yonetimi\/?s={search_term_string}"},"query-input":"required name=search_term_string"}],"inLanguage":"tr"}]}},"lang":"tr","translations":{"en":1209,"tr":1207},"pll_sync_post":[],"_links":{"self":[{"href":"http:\/\/ticaret.edu.tr\/havacilik-yonetimi\/wp-json\/wp\/v2\/pages\/1207"}],"collection":[{"href":"http:\/\/ticaret.edu.tr\/havacilik-yonetimi\/wp-json\/wp\/v2\/pages"}],"about":[{"href":"http:\/\/ticaret.edu.tr\/havacilik-yonetimi\/wp-json\/wp\/v2\/types\/page"}],"author":[{"embeddable":true,"href":"http:\/\/ticaret.edu.tr\/havacilik-yonetimi\/wp-json\/wp\/v2\/users\/139"}],"replies":[{"embeddable":true,"href":"http:\/\/ticaret.edu.tr\/havacilik-yonetimi\/wp-json\/wp\/v2\/comments?post=1207"}],"version-history":[{"count":4,"href":"http:\/\/ticaret.edu.tr\/havacilik-yonetimi\/wp-json\/wp\/v2\/pages\/1207\/revisions"}],"predecessor-version":[{"id":1665,"href":"http:\/\/ticaret.edu.tr\/havacilik-yonetimi\/wp-json\/wp\/v2\/pages\/1207\/revisions\/1665"}],"wp:attachment":[{"href":"http:\/\/ticaret.edu.tr\/havacilik-yonetimi\/wp-json\/wp\/v2\/media?parent=1207"}],"curies":[{"name":"wp","href":"https:\/\/api.w.org\/{rel}","templated":true}]}}