{"id":9,"date":"2020-05-03T19:35:57","date_gmt":"2020-05-03T16:35:57","guid":{"rendered":"http:\/\/ticaret.edu.tr\/imct\/?page_id=9"},"modified":"2025-10-01T14:39:54","modified_gmt":"2025-10-01T11:39:54","slug":"mufredat","status":"publish","type":"page","link":"http:\/\/ticaret.edu.tr\/ic-mimarlik-ve-cevre-tasarimi\/mufredat\/","title":{"rendered":"M\u00fcfredat"},"content":{"rendered":"<p><strong><u><a href=\"http:\/\/ticaret.edu.tr\/ic-mimarlik-ve-cevre-tasarimi\/wp-content\/uploads\/sites\/24\/2023\/09\/2018-2019-ICM-30-Ingilizce-Mufredat.pdf\">2018-2019 ICM \u0130ngilizce M\u00fcfredat<\/a><\/u><\/strong><\/p>\n<p><strong><u><a href=\"http:\/\/ticaret.edu.tr\/ic-mimarlik-ve-cevre-tasarimi\/wp-content\/uploads\/sites\/24\/2023\/09\/2019-2020-ICM-30-Ingilizce-Mufredat.pdf\">2019-2020 ICM \u0130ngilizce M\u00fcfredat<\/a><\/u><\/strong><\/p>\n<p><strong><u><a href=\"http:\/\/ticaret.edu.tr\/ic-mimarlik-ve-cevre-tasarimi\/wp-content\/uploads\/sites\/24\/2023\/09\/2020-2021-ICM-30-Ingilizce-Mufredat.pdf\">2020-2021 ICM \u0130ngilizce M\u00fcfredat<\/a><\/u><\/strong><\/p>\n<p><strong><u><a href=\"http:\/\/ticaret.edu.tr\/ic-mimarlik-ve-cevre-tasarimi\/wp-content\/uploads\/sites\/24\/2023\/09\/2021-2022-ICM-30-Ingilizce-Mufredat.pdf\">2021-2022 ICM \u0130ngilizce M\u00fcfredat<\/a><\/u><\/strong><\/p>\n<p><strong><u><a href=\"http:\/\/ticaret.edu.tr\/ic-mimarlik-ve-cevre-tasarimi\/wp-content\/uploads\/sites\/24\/2022\/08\/2022-2023-egitim-yili-mufredat-programlari_ek_2022-2023-icm-tr-mufredat.pdf\">2022-2023 ICM T\u00fcrk\u00e7e M\u00fcfredat<\/a><\/u><\/strong><\/p>\n<p><strong><u><a href=\"http:\/\/ticaret.edu.tr\/ic-mimarlik-ve-cevre-tasarimi\/wp-content\/uploads\/sites\/24\/2023\/09\/2023-2024-30-Ingilizce-ICM-Mufredat.pdf\">2023-2024 ICM %30 \u0130ngilizce M\u00fcfredat<\/a><\/u><\/strong><\/p>\n<p><strong><u><a href=\"http:\/\/ticaret.edu.tr\/ic-mimarlik-ve-cevre-tasarimi\/wp-content\/uploads\/sites\/24\/2023\/09\/2023-2024-Turkce-ICM-Mufredat.pdf\">2023-2024 ICM T\u00fcrk\u00e7e M\u00fcfredat<\/a><\/u><\/strong><\/p>\n<p><strong><u><a href=\"http:\/\/ticaret.edu.tr\/ic-mimarlik-ve-cevre-tasarimi\/wp-content\/uploads\/sites\/24\/2023\/09\/2023-2024-30-Ingilizce-ICM-Mufredat.pdf\">2024-2025 ICM %30 \u0130ngilizce M\u00fcfredat<\/a><\/u><\/strong><\/p>\n<p><strong><u><a href=\"http:\/\/ticaret.edu.tr\/ic-mimarlik-ve-cevre-tasarimi\/wp-content\/uploads\/sites\/24\/2023\/09\/2023-2024-Turkce-ICM-Mufredat.pdf\">2024-2025 ICM T\u00fcrk\u00e7e M\u00fcfredat<\/a><\/u><\/strong><\/p>\n<p><strong><a href=\"http:\/\/ticaret.edu.tr\/ic-mimarlik-ve-cevre-tasarimi\/wp-content\/uploads\/sites\/24\/2025\/09\/ICM_Mufredat_ENG_2025-2026.pdf\">2025-2026 ICM %30 \u0130ngilizce M\u00fcfredat<\/a><\/strong><\/p>\n<p><a href=\"http:\/\/ticaret.edu.tr\/ic-mimarlik-ve-cevre-tasarimi\/wp-content\/uploads\/sites\/24\/2025\/09\/ICM_Mufredat_TR_2025-2026.pdf\"><strong>2025-2026 ICM T\u00fcrk\u00e7e M\u00fcfredat<\/strong>\u00a0<\/a><\/p>\n","protected":false},"excerpt":{"rendered":"<p>2018-2019 ICM \u0130ngilizce M\u00fcfredat 2019-2020 ICM \u0130ngilizce M\u00fcfredat 2020-2021 ICM \u0130ngilizce M\u00fcfredat 2021-2022 ICM \u0130ngilizce M\u00fcfredat 2022-2023 ICM T\u00fcrk\u00e7e M\u00fcfredat 2023-2024 ICM %30 \u0130ngilizce M\u00fcfredat 2023-2024 ICM T\u00fcrk\u00e7e M\u00fcfredat 2024-2025 ICM %30 \u0130ngilizce M\u00fcfredat 2024-2025 ICM T\u00fcrk\u00e7e M\u00fcfredat 2025-2026 ICM %30 \u0130ngilizce M\u00fcfredat 2025-2026 ICM T\u00fcrk\u00e7e M\u00fcfredat\u00a0<\/p>\n","protected":false},"author":1,"featured_media":0,"parent":0,"menu_order":0,"comment_status":"closed","ping_status":"closed","template":"genel_sayfa.php","meta":{"footnotes":""},"yoast_head":"<!-- This site is optimized with the Yoast SEO Premium plugin v22.1 (Yoast SEO v22.1) - https:\/\/yoast.com\/wordpress\/plugins\/seo\/ -->\n<title>M\u00fcfredat - \u0130\u00e7 Mimarl\u0131k ve \u00c7evre Tasar\u0131m\u0131<\/title>\n<meta name=\"robots\" content=\"index, follow, max-snippet:-1, max-image-preview:large, max-video-preview:-1\" \/>\n<link rel=\"canonical\" href=\"https:\/\/ticaret.edu.tr\/ic-mimarlik-ve-cevre-tasarimi\/mufredat\/\" \/>\n<meta property=\"og:locale\" content=\"tr_TR\" \/>\n<meta property=\"og:type\" content=\"article\" \/>\n<meta property=\"og:title\" content=\"M\u00fcfredat\" \/>\n<meta property=\"og:description\" content=\"2018-2019 ICM \u0130ngilizce M\u00fcfredat 2019-2020 ICM \u0130ngilizce M\u00fcfredat 2020-2021 ICM \u0130ngilizce M\u00fcfredat 2021-2022 ICM \u0130ngilizce M\u00fcfredat 2022-2023 ICM T\u00fcrk\u00e7e M\u00fcfredat 2023-2024 ICM %30 \u0130ngilizce M\u00fcfredat 2023-2024 ICM T\u00fcrk\u00e7e M\u00fcfredat 2024-2025 ICM %30 \u0130ngilizce M\u00fcfredat 2024-2025 ICM T\u00fcrk\u00e7e M\u00fcfredat 2025-2026 ICM %30 \u0130ngilizce M\u00fcfredat 2025-2026 ICM T\u00fcrk\u00e7e M\u00fcfredat\u00a0\" \/>\n<meta property=\"og:url\" content=\"https:\/\/ticaret.edu.tr\/ic-mimarlik-ve-cevre-tasarimi\/mufredat\/\" \/>\n<meta property=\"og:site_name\" content=\"\u0130\u00e7 Mimarl\u0131k ve \u00c7evre Tasar\u0131m\u0131\" \/>\n<meta property=\"article:publisher\" content=\"https:\/\/www.facebook.com\/ticaretedutr\" \/>\n<meta property=\"article:modified_time\" content=\"2025-10-01T11:39:54+00:00\" \/>\n<meta property=\"og:image\" content=\"http:\/\/ticaret.edu.tr\/ic-mimarlik-ve-cevre-tasarimi\/wp-content\/uploads\/sites\/24\/2021\/11\/web_logo-01.jpg\" \/>\n\t<meta property=\"og:image:width\" content=\"1250\" \/>\n\t<meta property=\"og:image:height\" content=\"833\" \/>\n\t<meta property=\"og:image:type\" content=\"image\/jpeg\" \/>\n<meta name=\"twitter:card\" content=\"summary_large_image\" \/>\n<meta name=\"twitter:site\" content=\"@ticaretedutr\" \/>\n<meta name=\"twitter:label1\" content=\"Tahmini okuma s\u00fcresi\" \/>\n\t<meta name=\"twitter:data1\" content=\"1 dakika\" \/>\n<script type=\"application\/ld+json\" class=\"yoast-schema-graph\">{\"@context\":\"https:\/\/schema.org\",\"@graph\":[{\"@type\":\"WebPage\",\"@id\":\"https:\/\/ticaret.edu.tr\/ic-mimarlik-ve-cevre-tasarimi\/mufredat\/\",\"url\":\"https:\/\/ticaret.edu.tr\/ic-mimarlik-ve-cevre-tasarimi\/mufredat\/\",\"name\":\"M\u00fcfredat - \u0130\u00e7 Mimarl\u0131k ve \u00c7evre Tasar\u0131m\u0131\",\"isPartOf\":{\"@id\":\"https:\/\/ticaret.edu.tr\/ic-mimarlik-ve-cevre-tasarimi\/#website\"},\"datePublished\":\"2020-05-03T16:35:57+00:00\",\"dateModified\":\"2025-10-01T11:39:54+00:00\",\"breadcrumb\":{\"@id\":\"https:\/\/ticaret.edu.tr\/ic-mimarlik-ve-cevre-tasarimi\/mufredat\/#breadcrumb\"},\"inLanguage\":\"tr\",\"potentialAction\":[{\"@type\":\"ReadAction\",\"target\":[\"https:\/\/ticaret.edu.tr\/ic-mimarlik-ve-cevre-tasarimi\/mufredat\/\"]}]},{\"@type\":\"BreadcrumbList\",\"@id\":\"https:\/\/ticaret.edu.tr\/ic-mimarlik-ve-cevre-tasarimi\/mufredat\/#breadcrumb\",\"itemListElement\":[{\"@type\":\"ListItem\",\"position\":1,\"name\":\"Ana sayfa\",\"item\":\"https:\/\/ticaret.edu.tr\/ic-mimarlik-ve-cevre-tasarimi\/\"},{\"@type\":\"ListItem\",\"position\":2,\"name\":\"M\u00fcfredat\"}]},{\"@type\":\"WebSite\",\"@id\":\"https:\/\/ticaret.edu.tr\/ic-mimarlik-ve-cevre-tasarimi\/#website\",\"url\":\"https:\/\/ticaret.edu.tr\/ic-mimarlik-ve-cevre-tasarimi\/\",\"name\":\"\u0130\u00e7 Mimarl\u0131k ve \u00c7evre Tasar\u0131m\u0131\",\"description\":\"\",\"potentialAction\":[{\"@type\":\"SearchAction\",\"target\":{\"@type\":\"EntryPoint\",\"urlTemplate\":\"https:\/\/ticaret.edu.tr\/ic-mimarlik-ve-cevre-tasarimi\/?s={search_term_string}\"},\"query-input\":\"required name=search_term_string\"}],\"inLanguage\":\"tr\"}]}<\/script>\n<!-- \/ Yoast SEO Premium plugin. -->","yoast_head_json":{"title":"M\u00fcfredat - \u0130\u00e7 Mimarl\u0131k ve \u00c7evre Tasar\u0131m\u0131","robots":{"index":"index","follow":"follow","max-snippet":"max-snippet:-1","max-image-preview":"max-image-preview:large","max-video-preview":"max-video-preview:-1"},"canonical":"https:\/\/ticaret.edu.tr\/ic-mimarlik-ve-cevre-tasarimi\/mufredat\/","og_locale":"tr_TR","og_type":"article","og_title":"M\u00fcfredat","og_description":"2018-2019 ICM \u0130ngilizce M\u00fcfredat 2019-2020 ICM \u0130ngilizce M\u00fcfredat 2020-2021 ICM \u0130ngilizce M\u00fcfredat 2021-2022 ICM \u0130ngilizce M\u00fcfredat 2022-2023 ICM T\u00fcrk\u00e7e M\u00fcfredat 2023-2024 ICM %30 \u0130ngilizce M\u00fcfredat 2023-2024 ICM T\u00fcrk\u00e7e M\u00fcfredat 2024-2025 ICM %30 \u0130ngilizce M\u00fcfredat 2024-2025 ICM T\u00fcrk\u00e7e M\u00fcfredat 2025-2026 ICM %30 \u0130ngilizce M\u00fcfredat 2025-2026 ICM T\u00fcrk\u00e7e M\u00fcfredat\u00a0","og_url":"https:\/\/ticaret.edu.tr\/ic-mimarlik-ve-cevre-tasarimi\/mufredat\/","og_site_name":"\u0130\u00e7 Mimarl\u0131k ve \u00c7evre Tasar\u0131m\u0131","article_publisher":"https:\/\/www.facebook.com\/ticaretedutr","article_modified_time":"2025-10-01T11:39:54+00:00","og_image":[{"width":1250,"height":833,"url":"http:\/\/ticaret.edu.tr\/ic-mimarlik-ve-cevre-tasarimi\/wp-content\/uploads\/sites\/24\/2021\/11\/web_logo-01.jpg","type":"image\/jpeg"}],"twitter_card":"summary_large_image","twitter_site":"@ticaretedutr","twitter_misc":{"Tahmini okuma s\u00fcresi":"1 dakika"},"schema":{"@context":"https:\/\/schema.org","@graph":[{"@type":"WebPage","@id":"https:\/\/ticaret.edu.tr\/ic-mimarlik-ve-cevre-tasarimi\/mufredat\/","url":"https:\/\/ticaret.edu.tr\/ic-mimarlik-ve-cevre-tasarimi\/mufredat\/","name":"M\u00fcfredat - \u0130\u00e7 Mimarl\u0131k ve \u00c7evre Tasar\u0131m\u0131","isPartOf":{"@id":"https:\/\/ticaret.edu.tr\/ic-mimarlik-ve-cevre-tasarimi\/#website"},"datePublished":"2020-05-03T16:35:57+00:00","dateModified":"2025-10-01T11:39:54+00:00","breadcrumb":{"@id":"https:\/\/ticaret.edu.tr\/ic-mimarlik-ve-cevre-tasarimi\/mufredat\/#breadcrumb"},"inLanguage":"tr","potentialAction":[{"@type":"ReadAction","target":["https:\/\/ticaret.edu.tr\/ic-mimarlik-ve-cevre-tasarimi\/mufredat\/"]}]},{"@type":"BreadcrumbList","@id":"https:\/\/ticaret.edu.tr\/ic-mimarlik-ve-cevre-tasarimi\/mufredat\/#breadcrumb","itemListElement":[{"@type":"ListItem","position":1,"name":"Ana sayfa","item":"https:\/\/ticaret.edu.tr\/ic-mimarlik-ve-cevre-tasarimi\/"},{"@type":"ListItem","position":2,"name":"M\u00fcfredat"}]},{"@type":"WebSite","@id":"https:\/\/ticaret.edu.tr\/ic-mimarlik-ve-cevre-tasarimi\/#website","url":"https:\/\/ticaret.edu.tr\/ic-mimarlik-ve-cevre-tasarimi\/","name":"\u0130\u00e7 Mimarl\u0131k ve \u00c7evre Tasar\u0131m\u0131","description":"","potentialAction":[{"@type":"SearchAction","target":{"@type":"EntryPoint","urlTemplate":"https:\/\/ticaret.edu.tr\/ic-mimarlik-ve-cevre-tasarimi\/?s={search_term_string}"},"query-input":"required name=search_term_string"}],"inLanguage":"tr"}]}},"lang":"tr","translations":{"en":395,"tr":9},"pll_sync_post":[],"_links":{"self":[{"href":"http:\/\/ticaret.edu.tr\/ic-mimarlik-ve-cevre-tasarimi\/wp-json\/wp\/v2\/pages\/9"}],"collection":[{"href":"http:\/\/ticaret.edu.tr\/ic-mimarlik-ve-cevre-tasarimi\/wp-json\/wp\/v2\/pages"}],"about":[{"href":"http:\/\/ticaret.edu.tr\/ic-mimarlik-ve-cevre-tasarimi\/wp-json\/wp\/v2\/types\/page"}],"author":[{"embeddable":true,"href":"http:\/\/ticaret.edu.tr\/ic-mimarlik-ve-cevre-tasarimi\/wp-json\/wp\/v2\/users\/1"}],"replies":[{"embeddable":true,"href":"http:\/\/ticaret.edu.tr\/ic-mimarlik-ve-cevre-tasarimi\/wp-json\/wp\/v2\/comments?post=9"}],"version-history":[{"count":9,"href":"http:\/\/ticaret.edu.tr\/ic-mimarlik-ve-cevre-tasarimi\/wp-json\/wp\/v2\/pages\/9\/revisions"}],"predecessor-version":[{"id":1421,"href":"http:\/\/ticaret.edu.tr\/ic-mimarlik-ve-cevre-tasarimi\/wp-json\/wp\/v2\/pages\/9\/revisions\/1421"}],"wp:attachment":[{"href":"http:\/\/ticaret.edu.tr\/ic-mimarlik-ve-cevre-tasarimi\/wp-json\/wp\/v2\/media?parent=9"}],"curies":[{"name":"wp","href":"https:\/\/api.w.org\/{rel}","templated":true}]}}