{"id":947,"date":"2025-01-26T13:37:07","date_gmt":"2025-01-26T10:37:07","guid":{"rendered":"https:\/\/ticaret.edu.tr\/ic-mimarlik-ve-cevre-tasarimi\/?page_id=947"},"modified":"2025-10-21T13:39:25","modified_gmt":"2025-10-21T10:39:25","slug":"giris-yazisi","status":"publish","type":"page","link":"http:\/\/ticaret.edu.tr\/ic-mimarlik-ve-cevre-tasarimi\/giris-yazisi\/","title":{"rendered":"Giri\u015f Yaz\u0131s\u0131"},"content":{"rendered":"<p>\u00c7a\u011fda\u015f bilim, teknoloji ve ileti\u015fim konular\u0131ndaki de\u011fi\u015fim ve d\u00fczeylerindeki y\u00fckselme fiziksel ve sosyo-k\u00fclt\u00fcrel s\u0131n\u0131rlar\u0131m\u0131z\u0131 de\u011fi\u015ftirmektedir. G\u00fcn\u00fcm\u00fczde, insan ya\u015fam\u0131, yeni i\u015flevler ve yeni gereksinmeler, yeni malzemeler ve teknolojik sistemlerle \u00e7e\u015fitlenmekte, insan\u0131n kaliteli mek\u00e2n ve \u00e7evrelerde ya\u015fama iste\u011fi, b\u00fcy\u00fck, karma\u015f\u0131k, \u00f6zellikli ve ak\u0131ll\u0131 mek\u00e2nlar\u0131n ve yap\u0131lar\u0131n tasar\u0131m\u0131n\u0131 \u00f6n plana \u00e7\u0131karmaktad\u0131r.<br \/>\n\u0130\u00e7 Mimarl\u0131k ve \u00c7evre Tasar\u0131m\u0131 B\u00f6l\u00fcm\u00fc, d\u00f6rt y\u0131ll\u0131k program\u0131 ile bu gereksinimlere yan\u0131t vermek \u00fczere e\u011fitilmi\u015f yeni profesyonelleri, tasar\u0131m d\u00fcnyas\u0131na kazand\u0131rmay\u0131 ama\u00e7lamaktad\u0131r. Bu ama\u00e7la; estetik ve bilgiyi b\u00fct\u00fcnle\u015ftiren, ekonomik \u00e7\u00f6z\u00fcmler \u00fcretebilen, se\u00e7kin, profesyonel, kendi konusunda uzman, ulusal ve uluslararas\u0131 d\u00fczeyde etkin i\u00e7 mimarlar yeti\u015ftirilmesi b\u00f6l\u00fcm\u00fcm\u00fcz\u00fcn ba\u015fl\u0131ca \u00f6nceli\u011fidir.<br \/>\nBu ama\u00e7la, d\u00fczenledi\u011fimiz ve kat\u0131ld\u0131\u011f\u0131m\u0131z ulusal ve uluslararas\u0131 \u00e7al\u0131\u015ftaylar, sergiler ve konferanslar ile sanatsal, mesleki ve bilimsel a\u00e7\u0131lardan \u00f6\u011frencilerin ufuklar\u0131n\u0131n geli\u015ftirilmesi hedeflenmektedir. Yurt i\u00e7i ve yurt d\u0131\u015f\u0131 teknik, k\u00fclt\u00fcr ve ara\u015ft\u0131rma gezileri, \u00f6\u011frencilerin ileti\u015fim, d\u00fc\u015f\u00fcnme, \u00f6\u011frenme ve belgeleme becerileri kazanmalar\u0131na katk\u0131da bulunmaktad\u0131r. Avrupa Birli\u011fi\u2019ne uyum \u00e7al\u0131\u015fmalar\u0131 kapsam\u0131nda, uluslararas\u0131 \u00f6\u011frenci ve \u00f6\u011fretim \u00fcyesi de\u011fi\u015fim programlar\u0131 ile \u00f6\u011frencilerin k\u00fclt\u00fcr birikimleri ve mesleki g\u00f6rg\u00fcleri artt\u0131r\u0131lmaktad\u0131r.<br \/>\nB\u00f6l\u00fcm\u00fcm\u00fczde kuramsal ve uygulamal\u0131 olarak y\u00fcr\u00fct\u00fclen zorunlu ve se\u00e7ime ba\u011fl\u0131 dersler \u00e7a\u011fda\u015f bilgisayar teknolojilerinden yararlan\u0131larak verilmektedir. \u00d6\u011frenciler b\u00fcro ve \u015fantiye stajlar\u0131 ile derslerde edindikleri bilgi ve becerileri mesleki ba\u011flamda uygulama ve mesle\u011fi daha yak\u0131ndan tan\u0131ma olana\u011f\u0131na sahip olmaktad\u0131r. Mesleki e\u011fitimin yan\u0131 s\u0131ra, \u00f6\u011frencilere, teknoloji, \u00fcretim, y\u00f6netim ve organizasyon konular\u0131nda da bilgi ve beceri kazand\u0131rmak ama\u00e7lanmaktad\u0131r. B\u00f6l\u00fcm\u00fcn temel \u00f6nceli\u011fi; sosyal, \u00e7al\u0131\u015fkan, geli\u015fmelere ayak uydurabilen, yarat\u0131c\u0131, sistemli ara\u015ft\u0131rabilen, giri\u015fimci, i\u015f d\u00fcnyas\u0131nda yer almaya haz\u0131r profesyoneller yeti\u015ftirmektir.<\/p>\n","protected":false},"excerpt":{"rendered":"<p>\u00c7a\u011fda\u015f bilim, teknoloji ve ileti\u015fim konular\u0131ndaki de\u011fi\u015fim ve d\u00fczeylerindeki y\u00fckselme fiziksel ve sosyo-k\u00fclt\u00fcrel s\u0131n\u0131rlar\u0131m\u0131z\u0131 de\u011fi\u015ftirmektedir. G\u00fcn\u00fcm\u00fczde, insan ya\u015fam\u0131, yeni i\u015flevler ve yeni gereksinmeler, yeni malzemeler ve teknolojik sistemlerle \u00e7e\u015fitlenmekte, insan\u0131n kaliteli mek\u00e2n ve \u00e7evrelerde ya\u015fama iste\u011fi, b\u00fcy\u00fck, karma\u015f\u0131k, \u00f6zellikli ve ak\u0131ll\u0131 mek\u00e2nlar\u0131n ve yap\u0131lar\u0131n tasar\u0131m\u0131n\u0131 \u00f6n plana \u00e7\u0131karmaktad\u0131r. \u0130\u00e7 Mimarl\u0131k ve \u00c7evre Tasar\u0131m\u0131 B\u00f6l\u00fcm\u00fc, d\u00f6rt [&hellip;]<\/p>\n","protected":false},"author":224,"featured_media":0,"parent":0,"menu_order":0,"comment_status":"closed","ping_status":"closed","template":"genel_sayfa.php","meta":{"footnotes":""},"yoast_head":"<!-- This site is optimized with the Yoast SEO Premium plugin v22.1 (Yoast SEO v22.1) - https:\/\/yoast.com\/wordpress\/plugins\/seo\/ -->\n<title>Giri\u015f Yaz\u0131s\u0131 - \u0130\u00e7 Mimarl\u0131k ve \u00c7evre Tasar\u0131m\u0131<\/title>\n<meta name=\"robots\" content=\"index, follow, max-snippet:-1, max-image-preview:large, max-video-preview:-1\" \/>\n<link rel=\"canonical\" href=\"http:\/\/ticaret.edu.tr\/ic-mimarlik-ve-cevre-tasarimi\/giris-yazisi\/\" \/>\n<meta property=\"og:locale\" content=\"tr_TR\" \/>\n<meta property=\"og:type\" content=\"article\" \/>\n<meta property=\"og:title\" content=\"Giri\u015f Yaz\u0131s\u0131\" \/>\n<meta property=\"og:description\" content=\"\u00c7a\u011fda\u015f bilim, teknoloji ve ileti\u015fim konular\u0131ndaki de\u011fi\u015fim ve d\u00fczeylerindeki y\u00fckselme fiziksel ve sosyo-k\u00fclt\u00fcrel s\u0131n\u0131rlar\u0131m\u0131z\u0131 de\u011fi\u015ftirmektedir. G\u00fcn\u00fcm\u00fczde, insan ya\u015fam\u0131, yeni i\u015flevler ve yeni gereksinmeler, yeni malzemeler ve teknolojik sistemlerle \u00e7e\u015fitlenmekte, insan\u0131n kaliteli mek\u00e2n ve \u00e7evrelerde ya\u015fama iste\u011fi, b\u00fcy\u00fck, karma\u015f\u0131k, \u00f6zellikli ve ak\u0131ll\u0131 mek\u00e2nlar\u0131n ve yap\u0131lar\u0131n tasar\u0131m\u0131n\u0131 \u00f6n plana \u00e7\u0131karmaktad\u0131r. \u0130\u00e7 Mimarl\u0131k ve \u00c7evre Tasar\u0131m\u0131 B\u00f6l\u00fcm\u00fc, d\u00f6rt [&hellip;]\" \/>\n<meta property=\"og:url\" content=\"http:\/\/ticaret.edu.tr\/ic-mimarlik-ve-cevre-tasarimi\/giris-yazisi\/\" \/>\n<meta property=\"og:site_name\" content=\"\u0130\u00e7 Mimarl\u0131k ve \u00c7evre Tasar\u0131m\u0131\" \/>\n<meta property=\"article:publisher\" content=\"https:\/\/www.facebook.com\/ticaretedutr\" \/>\n<meta property=\"article:modified_time\" content=\"2025-10-21T10:39:25+00:00\" \/>\n<meta property=\"og:image\" content=\"http:\/\/ticaret.edu.tr\/ic-mimarlik-ve-cevre-tasarimi\/wp-content\/uploads\/sites\/24\/2021\/11\/web_logo-01.jpg\" \/>\n\t<meta property=\"og:image:width\" content=\"1250\" \/>\n\t<meta property=\"og:image:height\" content=\"833\" \/>\n\t<meta property=\"og:image:type\" content=\"image\/jpeg\" \/>\n<meta name=\"twitter:card\" content=\"summary_large_image\" \/>\n<meta name=\"twitter:site\" content=\"@ticaretedutr\" \/>\n<meta name=\"twitter:label1\" content=\"Tahmini okuma s\u00fcresi\" \/>\n\t<meta name=\"twitter:data1\" content=\"2 dakika\" \/>\n<script type=\"application\/ld+json\" class=\"yoast-schema-graph\">{\"@context\":\"https:\/\/schema.org\",\"@graph\":[{\"@type\":\"WebPage\",\"@id\":\"http:\/\/ticaret.edu.tr\/ic-mimarlik-ve-cevre-tasarimi\/giris-yazisi\/\",\"url\":\"http:\/\/ticaret.edu.tr\/ic-mimarlik-ve-cevre-tasarimi\/giris-yazisi\/\",\"name\":\"Giri\u015f Yaz\u0131s\u0131 - \u0130\u00e7 Mimarl\u0131k ve \u00c7evre Tasar\u0131m\u0131\",\"isPartOf\":{\"@id\":\"http:\/\/ticaret.edu.tr\/ic-mimarlik-ve-cevre-tasarimi\/en\/#website\"},\"datePublished\":\"2025-01-26T10:37:07+00:00\",\"dateModified\":\"2025-10-21T10:39:25+00:00\",\"breadcrumb\":{\"@id\":\"http:\/\/ticaret.edu.tr\/ic-mimarlik-ve-cevre-tasarimi\/giris-yazisi\/#breadcrumb\"},\"inLanguage\":\"tr\",\"potentialAction\":[{\"@type\":\"ReadAction\",\"target\":[\"http:\/\/ticaret.edu.tr\/ic-mimarlik-ve-cevre-tasarimi\/giris-yazisi\/\"]}]},{\"@type\":\"BreadcrumbList\",\"@id\":\"http:\/\/ticaret.edu.tr\/ic-mimarlik-ve-cevre-tasarimi\/giris-yazisi\/#breadcrumb\",\"itemListElement\":[{\"@type\":\"ListItem\",\"position\":1,\"name\":\"Ana sayfa\",\"item\":\"http:\/\/ticaret.edu.tr\/ic-mimarlik-ve-cevre-tasarimi\/\"},{\"@type\":\"ListItem\",\"position\":2,\"name\":\"Giri\u015f Yaz\u0131s\u0131\"}]},{\"@type\":\"WebSite\",\"@id\":\"http:\/\/ticaret.edu.tr\/ic-mimarlik-ve-cevre-tasarimi\/en\/#website\",\"url\":\"http:\/\/ticaret.edu.tr\/ic-mimarlik-ve-cevre-tasarimi\/en\/\",\"name\":\"\u0130\u00e7 Mimarl\u0131k ve \u00c7evre Tasar\u0131m\u0131\",\"description\":\"\",\"potentialAction\":[{\"@type\":\"SearchAction\",\"target\":{\"@type\":\"EntryPoint\",\"urlTemplate\":\"http:\/\/ticaret.edu.tr\/ic-mimarlik-ve-cevre-tasarimi\/en\/?s={search_term_string}\"},\"query-input\":\"required name=search_term_string\"}],\"inLanguage\":\"tr\"}]}<\/script>\n<!-- \/ Yoast SEO Premium plugin. -->","yoast_head_json":{"title":"Giri\u015f Yaz\u0131s\u0131 - \u0130\u00e7 Mimarl\u0131k ve \u00c7evre Tasar\u0131m\u0131","robots":{"index":"index","follow":"follow","max-snippet":"max-snippet:-1","max-image-preview":"max-image-preview:large","max-video-preview":"max-video-preview:-1"},"canonical":"http:\/\/ticaret.edu.tr\/ic-mimarlik-ve-cevre-tasarimi\/giris-yazisi\/","og_locale":"tr_TR","og_type":"article","og_title":"Giri\u015f Yaz\u0131s\u0131","og_description":"\u00c7a\u011fda\u015f bilim, teknoloji ve ileti\u015fim konular\u0131ndaki de\u011fi\u015fim ve d\u00fczeylerindeki y\u00fckselme fiziksel ve sosyo-k\u00fclt\u00fcrel s\u0131n\u0131rlar\u0131m\u0131z\u0131 de\u011fi\u015ftirmektedir. G\u00fcn\u00fcm\u00fczde, insan ya\u015fam\u0131, yeni i\u015flevler ve yeni gereksinmeler, yeni malzemeler ve teknolojik sistemlerle \u00e7e\u015fitlenmekte, insan\u0131n kaliteli mek\u00e2n ve \u00e7evrelerde ya\u015fama iste\u011fi, b\u00fcy\u00fck, karma\u015f\u0131k, \u00f6zellikli ve ak\u0131ll\u0131 mek\u00e2nlar\u0131n ve yap\u0131lar\u0131n tasar\u0131m\u0131n\u0131 \u00f6n plana \u00e7\u0131karmaktad\u0131r. \u0130\u00e7 Mimarl\u0131k ve \u00c7evre Tasar\u0131m\u0131 B\u00f6l\u00fcm\u00fc, d\u00f6rt [&hellip;]","og_url":"http:\/\/ticaret.edu.tr\/ic-mimarlik-ve-cevre-tasarimi\/giris-yazisi\/","og_site_name":"\u0130\u00e7 Mimarl\u0131k ve \u00c7evre Tasar\u0131m\u0131","article_publisher":"https:\/\/www.facebook.com\/ticaretedutr","article_modified_time":"2025-10-21T10:39:25+00:00","og_image":[{"width":1250,"height":833,"url":"http:\/\/ticaret.edu.tr\/ic-mimarlik-ve-cevre-tasarimi\/wp-content\/uploads\/sites\/24\/2021\/11\/web_logo-01.jpg","type":"image\/jpeg"}],"twitter_card":"summary_large_image","twitter_site":"@ticaretedutr","twitter_misc":{"Tahmini okuma s\u00fcresi":"2 dakika"},"schema":{"@context":"https:\/\/schema.org","@graph":[{"@type":"WebPage","@id":"http:\/\/ticaret.edu.tr\/ic-mimarlik-ve-cevre-tasarimi\/giris-yazisi\/","url":"http:\/\/ticaret.edu.tr\/ic-mimarlik-ve-cevre-tasarimi\/giris-yazisi\/","name":"Giri\u015f Yaz\u0131s\u0131 - \u0130\u00e7 Mimarl\u0131k ve \u00c7evre Tasar\u0131m\u0131","isPartOf":{"@id":"http:\/\/ticaret.edu.tr\/ic-mimarlik-ve-cevre-tasarimi\/en\/#website"},"datePublished":"2025-01-26T10:37:07+00:00","dateModified":"2025-10-21T10:39:25+00:00","breadcrumb":{"@id":"http:\/\/ticaret.edu.tr\/ic-mimarlik-ve-cevre-tasarimi\/giris-yazisi\/#breadcrumb"},"inLanguage":"tr","potentialAction":[{"@type":"ReadAction","target":["http:\/\/ticaret.edu.tr\/ic-mimarlik-ve-cevre-tasarimi\/giris-yazisi\/"]}]},{"@type":"BreadcrumbList","@id":"http:\/\/ticaret.edu.tr\/ic-mimarlik-ve-cevre-tasarimi\/giris-yazisi\/#breadcrumb","itemListElement":[{"@type":"ListItem","position":1,"name":"Ana sayfa","item":"http:\/\/ticaret.edu.tr\/ic-mimarlik-ve-cevre-tasarimi\/"},{"@type":"ListItem","position":2,"name":"Giri\u015f Yaz\u0131s\u0131"}]},{"@type":"WebSite","@id":"http:\/\/ticaret.edu.tr\/ic-mimarlik-ve-cevre-tasarimi\/en\/#website","url":"http:\/\/ticaret.edu.tr\/ic-mimarlik-ve-cevre-tasarimi\/en\/","name":"\u0130\u00e7 Mimarl\u0131k ve \u00c7evre Tasar\u0131m\u0131","description":"","potentialAction":[{"@type":"SearchAction","target":{"@type":"EntryPoint","urlTemplate":"http:\/\/ticaret.edu.tr\/ic-mimarlik-ve-cevre-tasarimi\/en\/?s={search_term_string}"},"query-input":"required name=search_term_string"}],"inLanguage":"tr"}]}},"lang":"tr","translations":{"tr":947,"en":949},"pll_sync_post":[],"_links":{"self":[{"href":"http:\/\/ticaret.edu.tr\/ic-mimarlik-ve-cevre-tasarimi\/wp-json\/wp\/v2\/pages\/947"}],"collection":[{"href":"http:\/\/ticaret.edu.tr\/ic-mimarlik-ve-cevre-tasarimi\/wp-json\/wp\/v2\/pages"}],"about":[{"href":"http:\/\/ticaret.edu.tr\/ic-mimarlik-ve-cevre-tasarimi\/wp-json\/wp\/v2\/types\/page"}],"author":[{"embeddable":true,"href":"http:\/\/ticaret.edu.tr\/ic-mimarlik-ve-cevre-tasarimi\/wp-json\/wp\/v2\/users\/224"}],"replies":[{"embeddable":true,"href":"http:\/\/ticaret.edu.tr\/ic-mimarlik-ve-cevre-tasarimi\/wp-json\/wp\/v2\/comments?post=947"}],"version-history":[{"count":2,"href":"http:\/\/ticaret.edu.tr\/ic-mimarlik-ve-cevre-tasarimi\/wp-json\/wp\/v2\/pages\/947\/revisions"}],"predecessor-version":[{"id":1475,"href":"http:\/\/ticaret.edu.tr\/ic-mimarlik-ve-cevre-tasarimi\/wp-json\/wp\/v2\/pages\/947\/revisions\/1475"}],"wp:attachment":[{"href":"http:\/\/ticaret.edu.tr\/ic-mimarlik-ve-cevre-tasarimi\/wp-json\/wp\/v2\/media?parent=947"}],"curies":[{"name":"wp","href":"https:\/\/api.w.org\/{rel}","templated":true}]}}