{"id":965,"date":"2025-01-26T13:48:38","date_gmt":"2025-01-26T10:48:38","guid":{"rendered":"https:\/\/ticaret.edu.tr\/ic-mimarlik-ve-cevre-tasarimi\/?page_id=965"},"modified":"2025-10-20T12:33:59","modified_gmt":"2025-10-20T09:33:59","slug":"vizyon-misyon","status":"publish","type":"page","link":"http:\/\/ticaret.edu.tr\/ic-mimarlik-ve-cevre-tasarimi\/vizyon-misyon\/","title":{"rendered":"Vizyon-Misyon"},"content":{"rendered":"<p>Misyonumuz:<\/p>\n<p>\u0130\u00e7 Mimarl\u0131k ve \u00c7evre Tasar\u0131m\u0131 disiplini insan ve insan\u0131n i\u00e7inde bulundu\u011fu \u00e7evre ile do\u011frudan ili\u015fkilidir. G\u00fcn\u00fcm\u00fczde insan ya\u015fam\u0131, bilim, teknoloji ve ileti\u015fim konular\u0131ndaki geli\u015fmelere ba\u011fl\u0131 olarak s\u00fcrekli de\u011fi\u015fim g\u00f6stermekte olup, bu do\u011frultuda, insan\u0131n i\u00e7inde ya\u015fad\u0131\u011f\u0131 mekanlar ve \u00e7evresinde de yeni gereksinimler ortaya \u00e7\u0131kmaktad\u0131r.<\/p>\n<p>B\u00f6l\u00fcm\u00fcm\u00fcz\u00fcn misyonu, d\u00f6rt y\u0131ll\u0131k program\u0131 ile bu gereksinimlere yan\u0131t vermek \u00fczere, tasar\u0131m ve uygulama problemlerini \u00e7\u00f6zebilen, \u00e7a\u011fda\u015f ya\u015fam\u0131n getirdi\u011fi ve gerektirdi\u011fi teknolojiyi kullanabilen, ara\u015ft\u0131rmac\u0131, ayn\u0131 zamanda bilgiyi uygulama alan\u0131nda da etkin bir bi\u00e7imde kullanabilen \u0130\u00e7 Mimar ve tasar\u0131mc\u0131lar yeti\u015ftirmektir.<\/p>\n<p>Vizyonumuz:<\/p>\n<p>\u0130\u015flevsellik, estetik ve teknik gereksinimleri b\u00fct\u00fcnle\u015ftiren, enerji verimli, \u00e7evreye duyarl\u0131 \u00e7\u00f6z\u00fcmler \u00fcretebilen, se\u00e7kin, profesyonel, belirli uzmanl\u0131k alanlar\u0131na sahip, ulusal ve uluslararas\u0131 d\u00fczeyde yetkin i\u00e7 mimarlar\u0131n yeti\u015ftirilmesi B\u00f6l\u00fcm\u00fcm\u00fcz\u00fcn ba\u015fl\u0131ca \u00f6nceli\u011fidir.<\/p>\n","protected":false},"excerpt":{"rendered":"<p>Misyonumuz: \u0130\u00e7 Mimarl\u0131k ve \u00c7evre Tasar\u0131m\u0131 disiplini insan ve insan\u0131n i\u00e7inde bulundu\u011fu \u00e7evre ile do\u011frudan ili\u015fkilidir. G\u00fcn\u00fcm\u00fczde insan ya\u015fam\u0131, bilim, teknoloji ve ileti\u015fim konular\u0131ndaki geli\u015fmelere ba\u011fl\u0131 olarak s\u00fcrekli de\u011fi\u015fim g\u00f6stermekte olup, bu do\u011frultuda, insan\u0131n i\u00e7inde ya\u015fad\u0131\u011f\u0131 mekanlar ve \u00e7evresinde de yeni gereksinimler ortaya \u00e7\u0131kmaktad\u0131r. B\u00f6l\u00fcm\u00fcm\u00fcz\u00fcn misyonu, d\u00f6rt y\u0131ll\u0131k program\u0131 ile bu gereksinimlere yan\u0131t vermek \u00fczere, [&hellip;]<\/p>\n","protected":false},"author":224,"featured_media":0,"parent":0,"menu_order":0,"comment_status":"closed","ping_status":"closed","template":"genel_sayfa.php","meta":{"footnotes":""},"yoast_head":"<!-- This site is optimized with the Yoast SEO Premium plugin v22.1 (Yoast SEO v22.1) - https:\/\/yoast.com\/wordpress\/plugins\/seo\/ -->\n<title>Vizyon-Misyon - \u0130\u00e7 Mimarl\u0131k ve \u00c7evre Tasar\u0131m\u0131<\/title>\n<meta name=\"robots\" content=\"index, follow, max-snippet:-1, max-image-preview:large, max-video-preview:-1\" \/>\n<link rel=\"canonical\" href=\"http:\/\/ticaret.edu.tr\/ic-mimarlik-ve-cevre-tasarimi\/vizyon-misyon\/\" \/>\n<meta property=\"og:locale\" content=\"tr_TR\" \/>\n<meta property=\"og:type\" content=\"article\" \/>\n<meta property=\"og:title\" content=\"Vizyon-Misyon\" \/>\n<meta property=\"og:description\" content=\"Misyonumuz: \u0130\u00e7 Mimarl\u0131k ve \u00c7evre Tasar\u0131m\u0131 disiplini insan ve insan\u0131n i\u00e7inde bulundu\u011fu \u00e7evre ile do\u011frudan ili\u015fkilidir. G\u00fcn\u00fcm\u00fczde insan ya\u015fam\u0131, bilim, teknoloji ve ileti\u015fim konular\u0131ndaki geli\u015fmelere ba\u011fl\u0131 olarak s\u00fcrekli de\u011fi\u015fim g\u00f6stermekte olup, bu do\u011frultuda, insan\u0131n i\u00e7inde ya\u015fad\u0131\u011f\u0131 mekanlar ve \u00e7evresinde de yeni gereksinimler ortaya \u00e7\u0131kmaktad\u0131r. B\u00f6l\u00fcm\u00fcm\u00fcz\u00fcn misyonu, d\u00f6rt y\u0131ll\u0131k program\u0131 ile bu gereksinimlere yan\u0131t vermek \u00fczere, [&hellip;]\" \/>\n<meta property=\"og:url\" content=\"http:\/\/ticaret.edu.tr\/ic-mimarlik-ve-cevre-tasarimi\/vizyon-misyon\/\" \/>\n<meta property=\"og:site_name\" content=\"\u0130\u00e7 Mimarl\u0131k ve \u00c7evre Tasar\u0131m\u0131\" \/>\n<meta property=\"article:publisher\" content=\"https:\/\/www.facebook.com\/ticaretedutr\" \/>\n<meta property=\"article:modified_time\" content=\"2025-10-20T09:33:59+00:00\" \/>\n<meta property=\"og:image\" content=\"http:\/\/ticaret.edu.tr\/ic-mimarlik-ve-cevre-tasarimi\/wp-content\/uploads\/sites\/24\/2021\/11\/web_logo-01.jpg\" \/>\n\t<meta property=\"og:image:width\" content=\"1250\" \/>\n\t<meta property=\"og:image:height\" content=\"833\" \/>\n\t<meta property=\"og:image:type\" content=\"image\/jpeg\" \/>\n<meta name=\"twitter:card\" content=\"summary_large_image\" \/>\n<meta name=\"twitter:site\" content=\"@ticaretedutr\" \/>\n<meta name=\"twitter:label1\" content=\"Tahmini okuma s\u00fcresi\" \/>\n\t<meta name=\"twitter:data1\" content=\"1 dakika\" \/>\n<script type=\"application\/ld+json\" class=\"yoast-schema-graph\">{\"@context\":\"https:\/\/schema.org\",\"@graph\":[{\"@type\":\"WebPage\",\"@id\":\"http:\/\/ticaret.edu.tr\/ic-mimarlik-ve-cevre-tasarimi\/vizyon-misyon\/\",\"url\":\"http:\/\/ticaret.edu.tr\/ic-mimarlik-ve-cevre-tasarimi\/vizyon-misyon\/\",\"name\":\"Vizyon-Misyon - \u0130\u00e7 Mimarl\u0131k ve \u00c7evre Tasar\u0131m\u0131\",\"isPartOf\":{\"@id\":\"http:\/\/ticaret.edu.tr\/ic-mimarlik-ve-cevre-tasarimi\/en\/#website\"},\"datePublished\":\"2025-01-26T10:48:38+00:00\",\"dateModified\":\"2025-10-20T09:33:59+00:00\",\"breadcrumb\":{\"@id\":\"http:\/\/ticaret.edu.tr\/ic-mimarlik-ve-cevre-tasarimi\/vizyon-misyon\/#breadcrumb\"},\"inLanguage\":\"tr\",\"potentialAction\":[{\"@type\":\"ReadAction\",\"target\":[\"http:\/\/ticaret.edu.tr\/ic-mimarlik-ve-cevre-tasarimi\/vizyon-misyon\/\"]}]},{\"@type\":\"BreadcrumbList\",\"@id\":\"http:\/\/ticaret.edu.tr\/ic-mimarlik-ve-cevre-tasarimi\/vizyon-misyon\/#breadcrumb\",\"itemListElement\":[{\"@type\":\"ListItem\",\"position\":1,\"name\":\"Ana sayfa\",\"item\":\"http:\/\/ticaret.edu.tr\/ic-mimarlik-ve-cevre-tasarimi\/\"},{\"@type\":\"ListItem\",\"position\":2,\"name\":\"Vizyon-Misyon\"}]},{\"@type\":\"WebSite\",\"@id\":\"http:\/\/ticaret.edu.tr\/ic-mimarlik-ve-cevre-tasarimi\/en\/#website\",\"url\":\"http:\/\/ticaret.edu.tr\/ic-mimarlik-ve-cevre-tasarimi\/en\/\",\"name\":\"\u0130\u00e7 Mimarl\u0131k ve \u00c7evre Tasar\u0131m\u0131\",\"description\":\"\",\"potentialAction\":[{\"@type\":\"SearchAction\",\"target\":{\"@type\":\"EntryPoint\",\"urlTemplate\":\"http:\/\/ticaret.edu.tr\/ic-mimarlik-ve-cevre-tasarimi\/en\/?s={search_term_string}\"},\"query-input\":\"required name=search_term_string\"}],\"inLanguage\":\"tr\"}]}<\/script>\n<!-- \/ Yoast SEO Premium plugin. -->","yoast_head_json":{"title":"Vizyon-Misyon - \u0130\u00e7 Mimarl\u0131k ve \u00c7evre Tasar\u0131m\u0131","robots":{"index":"index","follow":"follow","max-snippet":"max-snippet:-1","max-image-preview":"max-image-preview:large","max-video-preview":"max-video-preview:-1"},"canonical":"http:\/\/ticaret.edu.tr\/ic-mimarlik-ve-cevre-tasarimi\/vizyon-misyon\/","og_locale":"tr_TR","og_type":"article","og_title":"Vizyon-Misyon","og_description":"Misyonumuz: \u0130\u00e7 Mimarl\u0131k ve \u00c7evre Tasar\u0131m\u0131 disiplini insan ve insan\u0131n i\u00e7inde bulundu\u011fu \u00e7evre ile do\u011frudan ili\u015fkilidir. G\u00fcn\u00fcm\u00fczde insan ya\u015fam\u0131, bilim, teknoloji ve ileti\u015fim konular\u0131ndaki geli\u015fmelere ba\u011fl\u0131 olarak s\u00fcrekli de\u011fi\u015fim g\u00f6stermekte olup, bu do\u011frultuda, insan\u0131n i\u00e7inde ya\u015fad\u0131\u011f\u0131 mekanlar ve \u00e7evresinde de yeni gereksinimler ortaya \u00e7\u0131kmaktad\u0131r. B\u00f6l\u00fcm\u00fcm\u00fcz\u00fcn misyonu, d\u00f6rt y\u0131ll\u0131k program\u0131 ile bu gereksinimlere yan\u0131t vermek \u00fczere, [&hellip;]","og_url":"http:\/\/ticaret.edu.tr\/ic-mimarlik-ve-cevre-tasarimi\/vizyon-misyon\/","og_site_name":"\u0130\u00e7 Mimarl\u0131k ve \u00c7evre Tasar\u0131m\u0131","article_publisher":"https:\/\/www.facebook.com\/ticaretedutr","article_modified_time":"2025-10-20T09:33:59+00:00","og_image":[{"width":1250,"height":833,"url":"http:\/\/ticaret.edu.tr\/ic-mimarlik-ve-cevre-tasarimi\/wp-content\/uploads\/sites\/24\/2021\/11\/web_logo-01.jpg","type":"image\/jpeg"}],"twitter_card":"summary_large_image","twitter_site":"@ticaretedutr","twitter_misc":{"Tahmini okuma s\u00fcresi":"1 dakika"},"schema":{"@context":"https:\/\/schema.org","@graph":[{"@type":"WebPage","@id":"http:\/\/ticaret.edu.tr\/ic-mimarlik-ve-cevre-tasarimi\/vizyon-misyon\/","url":"http:\/\/ticaret.edu.tr\/ic-mimarlik-ve-cevre-tasarimi\/vizyon-misyon\/","name":"Vizyon-Misyon - \u0130\u00e7 Mimarl\u0131k ve \u00c7evre Tasar\u0131m\u0131","isPartOf":{"@id":"http:\/\/ticaret.edu.tr\/ic-mimarlik-ve-cevre-tasarimi\/en\/#website"},"datePublished":"2025-01-26T10:48:38+00:00","dateModified":"2025-10-20T09:33:59+00:00","breadcrumb":{"@id":"http:\/\/ticaret.edu.tr\/ic-mimarlik-ve-cevre-tasarimi\/vizyon-misyon\/#breadcrumb"},"inLanguage":"tr","potentialAction":[{"@type":"ReadAction","target":["http:\/\/ticaret.edu.tr\/ic-mimarlik-ve-cevre-tasarimi\/vizyon-misyon\/"]}]},{"@type":"BreadcrumbList","@id":"http:\/\/ticaret.edu.tr\/ic-mimarlik-ve-cevre-tasarimi\/vizyon-misyon\/#breadcrumb","itemListElement":[{"@type":"ListItem","position":1,"name":"Ana sayfa","item":"http:\/\/ticaret.edu.tr\/ic-mimarlik-ve-cevre-tasarimi\/"},{"@type":"ListItem","position":2,"name":"Vizyon-Misyon"}]},{"@type":"WebSite","@id":"http:\/\/ticaret.edu.tr\/ic-mimarlik-ve-cevre-tasarimi\/en\/#website","url":"http:\/\/ticaret.edu.tr\/ic-mimarlik-ve-cevre-tasarimi\/en\/","name":"\u0130\u00e7 Mimarl\u0131k ve \u00c7evre Tasar\u0131m\u0131","description":"","potentialAction":[{"@type":"SearchAction","target":{"@type":"EntryPoint","urlTemplate":"http:\/\/ticaret.edu.tr\/ic-mimarlik-ve-cevre-tasarimi\/en\/?s={search_term_string}"},"query-input":"required name=search_term_string"}],"inLanguage":"tr"}]}},"lang":"tr","translations":{"tr":965,"en":967},"pll_sync_post":[],"_links":{"self":[{"href":"http:\/\/ticaret.edu.tr\/ic-mimarlik-ve-cevre-tasarimi\/wp-json\/wp\/v2\/pages\/965"}],"collection":[{"href":"http:\/\/ticaret.edu.tr\/ic-mimarlik-ve-cevre-tasarimi\/wp-json\/wp\/v2\/pages"}],"about":[{"href":"http:\/\/ticaret.edu.tr\/ic-mimarlik-ve-cevre-tasarimi\/wp-json\/wp\/v2\/types\/page"}],"author":[{"embeddable":true,"href":"http:\/\/ticaret.edu.tr\/ic-mimarlik-ve-cevre-tasarimi\/wp-json\/wp\/v2\/users\/224"}],"replies":[{"embeddable":true,"href":"http:\/\/ticaret.edu.tr\/ic-mimarlik-ve-cevre-tasarimi\/wp-json\/wp\/v2\/comments?post=965"}],"version-history":[{"count":2,"href":"http:\/\/ticaret.edu.tr\/ic-mimarlik-ve-cevre-tasarimi\/wp-json\/wp\/v2\/pages\/965\/revisions"}],"predecessor-version":[{"id":1444,"href":"http:\/\/ticaret.edu.tr\/ic-mimarlik-ve-cevre-tasarimi\/wp-json\/wp\/v2\/pages\/965\/revisions\/1444"}],"wp:attachment":[{"href":"http:\/\/ticaret.edu.tr\/ic-mimarlik-ve-cevre-tasarimi\/wp-json\/wp\/v2\/media?parent=965"}],"curies":[{"name":"wp","href":"https:\/\/api.w.org\/{rel}","templated":true}]}}