{"id":1594,"date":"2025-01-26T19:28:18","date_gmt":"2025-01-26T16:28:18","guid":{"rendered":"https:\/\/ticaret.edu.tr\/iktisat\/?page_id=1594"},"modified":"2025-07-21T14:07:48","modified_gmt":"2025-07-21T11:07:48","slug":"onceki-ogrenmenin-tanimlanmasi","status":"publish","type":"page","link":"http:\/\/ticaret.edu.tr\/iktisat\/onceki-ogrenmenin-tanimlanmasi\/","title":{"rendered":"\u00d6nceki \u00d6\u011frenmenin Tan\u0131mlanmas\u0131"},"content":{"rendered":"<h2 data-start=\"950\" data-end=\"1003\"><strong data-start=\"953\" data-end=\"1001\">\u00d6nceki \u00d6\u011frenmenin Tan\u0131mlanabilece\u011fi Durumlar<\/strong><\/h2>\n<p data-start=\"295\" data-end=\"579\"><strong data-start=\"298\" data-end=\"329\">\u00d6nceki \u00f6\u011frenmenin tan\u0131mlanmas\u0131<\/strong>, \u00f6\u011frencilerin\u00a0<strong data-start=\"344\" data-end=\"476\">daha \u00f6nce tamamlad\u0131klar\u0131 y\u00fcksek\u00f6\u011fretim seviyesindeki derslerin<\/strong>\u00a0de\u011ferlendirilerek, ilgili \u00fcniversite program\u0131ndaki dersler yerine say\u0131lmas\u0131n\u0131 sa\u011flayan bir s\u00fcre\u00e7tir.<\/p>\n<p data-start=\"1005\" data-end=\"1100\"><strong data-start=\"1008\" data-end=\"1098\">\u00d6\u011frenciler a\u015fa\u011f\u0131daki durumlar kapsam\u0131nda \u00f6nceki \u00f6\u011frenme s\u00fcre\u00e7lerini tan\u0131mlatabilirler:<\/strong><\/p>\n<h3 data-start=\"1102\" data-end=\"1162\"><strong data-start=\"1106\" data-end=\"1162\">\u00dcniversiteler Aras\u0131 Ders Transferi (Yatay\/Dikey Ge\u00e7i\u015f)<\/strong><\/h3>\n<ul>\n<li data-start=\"1163\" data-end=\"1406\">Ba\u015fka bir \u00fcniversitede al\u0131nm\u0131\u015f derslerin, mevcut programdaki dersler ile e\u015fle\u015ftirilmesi<\/li>\n<li data-start=\"1163\" data-end=\"1406\">Daha \u00f6nce al\u0131nan derslerin i\u00e7erik ve kredilerinin uygunluk de\u011ferlendirmesi<\/li>\n<li data-start=\"1163\" data-end=\"1406\">Yatay\/dikey ge\u00e7i\u015f yapan \u00f6\u011frenciler i\u00e7in ders denklik ba\u015fvurusu<\/li>\n<\/ul>\n<p data-start=\"1408\" data-end=\"1432\"><strong data-start=\"1411\" data-end=\"1430\">Ba\u015fvuru S\u00fcreci:<\/strong><\/p>\n<ul data-start=\"1433\" data-end=\"1726\">\n<li data-start=\"1433\" data-end=\"1509\">Yatay\/dikey ge\u00e7i\u015f ba\u015fvurular\u0131 akademik takvimde belirtilen tarihlerde yap\u0131l\u0131r.<\/li>\n<li data-start=\"1510\" data-end=\"1604\">\u00d6\u011frenciler, \u00f6nceki \u00fcniversiteden\u00a0<strong data-start=\"1545\" data-end=\"1565\">resmi transkript<\/strong>\u00a0ve\u00a0<strong data-start=\"1569\" data-end=\"1590\">ders i\u00e7eriklerini<\/strong>\u00a0sunmal\u0131d\u0131r.<\/li>\n<li data-start=\"1605\" data-end=\"1726\">Ba\u015fvurular\u00a0<strong data-start=\"1618\" data-end=\"1670\">ilgili akademik birim taraf\u0131ndan de\u011ferlendirilir<\/strong>\u00a0ve uygun g\u00f6r\u00fclen dersler muafiyet kapsam\u0131nda say\u0131l\u0131r.<\/li>\n<\/ul>\n","protected":false},"excerpt":{"rendered":"<p>\u00d6nceki \u00d6\u011frenmenin Tan\u0131mlanabilece\u011fi Durumlar \u00d6nceki \u00f6\u011frenmenin tan\u0131mlanmas\u0131, \u00f6\u011frencilerin\u00a0daha \u00f6nce tamamlad\u0131klar\u0131 y\u00fcksek\u00f6\u011fretim seviyesindeki derslerin\u00a0de\u011ferlendirilerek, ilgili \u00fcniversite program\u0131ndaki dersler yerine say\u0131lmas\u0131n\u0131 sa\u011flayan bir s\u00fcre\u00e7tir. \u00d6\u011frenciler a\u015fa\u011f\u0131daki durumlar kapsam\u0131nda \u00f6nceki \u00f6\u011frenme s\u00fcre\u00e7lerini tan\u0131mlatabilirler: \u00dcniversiteler Aras\u0131 Ders Transferi (Yatay\/Dikey Ge\u00e7i\u015f) Ba\u015fka bir \u00fcniversitede al\u0131nm\u0131\u015f derslerin, mevcut programdaki dersler ile e\u015fle\u015ftirilmesi Daha \u00f6nce al\u0131nan derslerin i\u00e7erik ve kredilerinin uygunluk de\u011ferlendirmesi [&hellip;]<\/p>\n","protected":false},"author":139,"featured_media":0,"parent":0,"menu_order":0,"comment_status":"closed","ping_status":"closed","template":"genel_sayfa.php","meta":{"footnotes":""},"yoast_head":"<!-- This site is optimized with the Yoast SEO Premium plugin v22.1 (Yoast SEO v22.1) - https:\/\/yoast.com\/wordpress\/plugins\/seo\/ -->\n<title>\u00d6nceki \u00d6\u011frenmenin Tan\u0131mlanmas\u0131 - \u0130ktisat<\/title>\n<meta name=\"robots\" content=\"index, follow, max-snippet:-1, max-image-preview:large, max-video-preview:-1\" \/>\n<link rel=\"canonical\" href=\"https:\/\/ticaret.edu.tr\/iktisat\/onceki-ogrenmenin-tanimlanmasi\/\" \/>\n<meta property=\"og:locale\" content=\"tr_TR\" \/>\n<meta property=\"og:type\" content=\"article\" \/>\n<meta property=\"og:title\" content=\"\u00d6nceki \u00d6\u011frenmenin Tan\u0131mlanmas\u0131\" \/>\n<meta property=\"og:description\" content=\"\u00d6nceki \u00d6\u011frenmenin Tan\u0131mlanabilece\u011fi Durumlar \u00d6nceki \u00f6\u011frenmenin tan\u0131mlanmas\u0131, \u00f6\u011frencilerin\u00a0daha \u00f6nce tamamlad\u0131klar\u0131 y\u00fcksek\u00f6\u011fretim seviyesindeki derslerin\u00a0de\u011ferlendirilerek, ilgili \u00fcniversite program\u0131ndaki dersler yerine say\u0131lmas\u0131n\u0131 sa\u011flayan bir s\u00fcre\u00e7tir. \u00d6\u011frenciler a\u015fa\u011f\u0131daki durumlar kapsam\u0131nda \u00f6nceki \u00f6\u011frenme s\u00fcre\u00e7lerini tan\u0131mlatabilirler: \u00dcniversiteler Aras\u0131 Ders Transferi (Yatay\/Dikey Ge\u00e7i\u015f) Ba\u015fka bir \u00fcniversitede al\u0131nm\u0131\u015f derslerin, mevcut programdaki dersler ile e\u015fle\u015ftirilmesi Daha \u00f6nce al\u0131nan derslerin i\u00e7erik ve kredilerinin uygunluk de\u011ferlendirmesi [&hellip;]\" \/>\n<meta property=\"og:url\" content=\"https:\/\/ticaret.edu.tr\/iktisat\/onceki-ogrenmenin-tanimlanmasi\/\" \/>\n<meta property=\"og:site_name\" content=\"\u0130ktisat\" \/>\n<meta property=\"article:publisher\" content=\"https:\/\/www.facebook.com\/ticaretedutr\" \/>\n<meta property=\"article:modified_time\" content=\"2025-07-21T11:07:48+00:00\" \/>\n<meta property=\"og:image\" content=\"http:\/\/ticaret.edu.tr\/iktisat\/wp-content\/uploads\/sites\/9\/2021\/11\/web_logo-01.jpg\" \/>\n\t<meta property=\"og:image:width\" content=\"1250\" \/>\n\t<meta property=\"og:image:height\" content=\"833\" \/>\n\t<meta property=\"og:image:type\" content=\"image\/jpeg\" \/>\n<meta name=\"twitter:card\" content=\"summary_large_image\" \/>\n<meta name=\"twitter:site\" content=\"@ticaretedutr\" \/>\n<meta name=\"twitter:label1\" content=\"Tahmini okuma s\u00fcresi\" \/>\n\t<meta name=\"twitter:data1\" content=\"1 dakika\" \/>\n<script type=\"application\/ld+json\" class=\"yoast-schema-graph\">{\"@context\":\"https:\/\/schema.org\",\"@graph\":[{\"@type\":\"WebPage\",\"@id\":\"https:\/\/ticaret.edu.tr\/iktisat\/onceki-ogrenmenin-tanimlanmasi\/\",\"url\":\"https:\/\/ticaret.edu.tr\/iktisat\/onceki-ogrenmenin-tanimlanmasi\/\",\"name\":\"\u00d6nceki \u00d6\u011frenmenin Tan\u0131mlanmas\u0131 - \u0130ktisat\",\"isPartOf\":{\"@id\":\"https:\/\/ticaret.edu.tr\/iktisat\/#website\"},\"datePublished\":\"2025-01-26T16:28:18+00:00\",\"dateModified\":\"2025-07-21T11:07:48+00:00\",\"breadcrumb\":{\"@id\":\"https:\/\/ticaret.edu.tr\/iktisat\/onceki-ogrenmenin-tanimlanmasi\/#breadcrumb\"},\"inLanguage\":\"tr\",\"potentialAction\":[{\"@type\":\"ReadAction\",\"target\":[\"https:\/\/ticaret.edu.tr\/iktisat\/onceki-ogrenmenin-tanimlanmasi\/\"]}]},{\"@type\":\"BreadcrumbList\",\"@id\":\"https:\/\/ticaret.edu.tr\/iktisat\/onceki-ogrenmenin-tanimlanmasi\/#breadcrumb\",\"itemListElement\":[{\"@type\":\"ListItem\",\"position\":1,\"name\":\"Ana sayfa\",\"item\":\"https:\/\/ticaret.edu.tr\/iktisat\/\"},{\"@type\":\"ListItem\",\"position\":2,\"name\":\"\u00d6nceki \u00d6\u011frenmenin Tan\u0131mlanmas\u0131\"}]},{\"@type\":\"WebSite\",\"@id\":\"https:\/\/ticaret.edu.tr\/iktisat\/#website\",\"url\":\"https:\/\/ticaret.edu.tr\/iktisat\/\",\"name\":\"\u0130ktisat\",\"description\":\"\",\"potentialAction\":[{\"@type\":\"SearchAction\",\"target\":{\"@type\":\"EntryPoint\",\"urlTemplate\":\"https:\/\/ticaret.edu.tr\/iktisat\/?s={search_term_string}\"},\"query-input\":\"required name=search_term_string\"}],\"inLanguage\":\"tr\"}]}<\/script>\n<!-- \/ Yoast SEO Premium plugin. -->","yoast_head_json":{"title":"\u00d6nceki \u00d6\u011frenmenin Tan\u0131mlanmas\u0131 - \u0130ktisat","robots":{"index":"index","follow":"follow","max-snippet":"max-snippet:-1","max-image-preview":"max-image-preview:large","max-video-preview":"max-video-preview:-1"},"canonical":"https:\/\/ticaret.edu.tr\/iktisat\/onceki-ogrenmenin-tanimlanmasi\/","og_locale":"tr_TR","og_type":"article","og_title":"\u00d6nceki \u00d6\u011frenmenin Tan\u0131mlanmas\u0131","og_description":"\u00d6nceki \u00d6\u011frenmenin Tan\u0131mlanabilece\u011fi Durumlar \u00d6nceki \u00f6\u011frenmenin tan\u0131mlanmas\u0131, \u00f6\u011frencilerin\u00a0daha \u00f6nce tamamlad\u0131klar\u0131 y\u00fcksek\u00f6\u011fretim seviyesindeki derslerin\u00a0de\u011ferlendirilerek, ilgili \u00fcniversite program\u0131ndaki dersler yerine say\u0131lmas\u0131n\u0131 sa\u011flayan bir s\u00fcre\u00e7tir. \u00d6\u011frenciler a\u015fa\u011f\u0131daki durumlar kapsam\u0131nda \u00f6nceki \u00f6\u011frenme s\u00fcre\u00e7lerini tan\u0131mlatabilirler: \u00dcniversiteler Aras\u0131 Ders Transferi (Yatay\/Dikey Ge\u00e7i\u015f) Ba\u015fka bir \u00fcniversitede al\u0131nm\u0131\u015f derslerin, mevcut programdaki dersler ile e\u015fle\u015ftirilmesi Daha \u00f6nce al\u0131nan derslerin i\u00e7erik ve kredilerinin uygunluk de\u011ferlendirmesi [&hellip;]","og_url":"https:\/\/ticaret.edu.tr\/iktisat\/onceki-ogrenmenin-tanimlanmasi\/","og_site_name":"\u0130ktisat","article_publisher":"https:\/\/www.facebook.com\/ticaretedutr","article_modified_time":"2025-07-21T11:07:48+00:00","og_image":[{"width":1250,"height":833,"url":"http:\/\/ticaret.edu.tr\/iktisat\/wp-content\/uploads\/sites\/9\/2021\/11\/web_logo-01.jpg","type":"image\/jpeg"}],"twitter_card":"summary_large_image","twitter_site":"@ticaretedutr","twitter_misc":{"Tahmini okuma s\u00fcresi":"1 dakika"},"schema":{"@context":"https:\/\/schema.org","@graph":[{"@type":"WebPage","@id":"https:\/\/ticaret.edu.tr\/iktisat\/onceki-ogrenmenin-tanimlanmasi\/","url":"https:\/\/ticaret.edu.tr\/iktisat\/onceki-ogrenmenin-tanimlanmasi\/","name":"\u00d6nceki \u00d6\u011frenmenin Tan\u0131mlanmas\u0131 - \u0130ktisat","isPartOf":{"@id":"https:\/\/ticaret.edu.tr\/iktisat\/#website"},"datePublished":"2025-01-26T16:28:18+00:00","dateModified":"2025-07-21T11:07:48+00:00","breadcrumb":{"@id":"https:\/\/ticaret.edu.tr\/iktisat\/onceki-ogrenmenin-tanimlanmasi\/#breadcrumb"},"inLanguage":"tr","potentialAction":[{"@type":"ReadAction","target":["https:\/\/ticaret.edu.tr\/iktisat\/onceki-ogrenmenin-tanimlanmasi\/"]}]},{"@type":"BreadcrumbList","@id":"https:\/\/ticaret.edu.tr\/iktisat\/onceki-ogrenmenin-tanimlanmasi\/#breadcrumb","itemListElement":[{"@type":"ListItem","position":1,"name":"Ana sayfa","item":"https:\/\/ticaret.edu.tr\/iktisat\/"},{"@type":"ListItem","position":2,"name":"\u00d6nceki \u00d6\u011frenmenin Tan\u0131mlanmas\u0131"}]},{"@type":"WebSite","@id":"https:\/\/ticaret.edu.tr\/iktisat\/#website","url":"https:\/\/ticaret.edu.tr\/iktisat\/","name":"\u0130ktisat","description":"","potentialAction":[{"@type":"SearchAction","target":{"@type":"EntryPoint","urlTemplate":"https:\/\/ticaret.edu.tr\/iktisat\/?s={search_term_string}"},"query-input":"required name=search_term_string"}],"inLanguage":"tr"}]}},"lang":"tr","translations":{"en":1596,"tr":1594},"pll_sync_post":[],"_links":{"self":[{"href":"http:\/\/ticaret.edu.tr\/iktisat\/wp-json\/wp\/v2\/pages\/1594"}],"collection":[{"href":"http:\/\/ticaret.edu.tr\/iktisat\/wp-json\/wp\/v2\/pages"}],"about":[{"href":"http:\/\/ticaret.edu.tr\/iktisat\/wp-json\/wp\/v2\/types\/page"}],"author":[{"embeddable":true,"href":"http:\/\/ticaret.edu.tr\/iktisat\/wp-json\/wp\/v2\/users\/139"}],"replies":[{"embeddable":true,"href":"http:\/\/ticaret.edu.tr\/iktisat\/wp-json\/wp\/v2\/comments?post=1594"}],"version-history":[{"count":3,"href":"http:\/\/ticaret.edu.tr\/iktisat\/wp-json\/wp\/v2\/pages\/1594\/revisions"}],"predecessor-version":[{"id":2108,"href":"http:\/\/ticaret.edu.tr\/iktisat\/wp-json\/wp\/v2\/pages\/1594\/revisions\/2108"}],"wp:attachment":[{"href":"http:\/\/ticaret.edu.tr\/iktisat\/wp-json\/wp\/v2\/media?parent=1594"}],"curies":[{"name":"wp","href":"https:\/\/api.w.org\/{rel}","templated":true}]}}