{"id":1636,"date":"2025-01-26T19:37:35","date_gmt":"2025-01-26T16:37:35","guid":{"rendered":"https:\/\/ticaret.edu.tr\/iktisat\/?page_id=1636"},"modified":"2026-01-29T14:20:52","modified_gmt":"2026-01-29T11:20:52","slug":"undergraduate-regulations","status":"publish","type":"page","link":"http:\/\/ticaret.edu.tr\/iktisat\/en\/undergraduate-regulations\/","title":{"rendered":"Undergraduate Regulations"},"content":{"rendered":"<ul>\n<li><a href=\"https:\/\/www.mevzuat.gov.tr\/mevzuat?MevzuatNo=15066&amp;MevzuatTur=8&amp;MevzuatTertip=5\"><strong>\u0130stanbul Ticaret \u00dcniversitesi \u00d6n Lisans ve Lisans E\u011fitim, \u00d6\u011fretim ve S\u0131nav Y\u00f6netmeli\u011fi<\/strong><\/a><\/li>\n<li><a href=\"https:\/\/www.mevzuat.gov.tr\/mevzuat?MevzuatNo=7267&amp;MevzuatTur=8&amp;MevzuatTertip=5\"><strong>\u0130stanbul Ticaret \u00dcniversitesi Yaz Okulu Y\u00f6netmeli\u011fi<\/strong><\/a><\/li>\n<li><a href=\"https:\/\/ticaret.edu.tr\/wp-content\/uploads\/2021\/11\/Istanbul-Ticaret-Universitesi-Lisans-Burs-Yonergesi.pdf\"><strong>\u0130stanbul Ticaret \u00dcniversitesi \u00d6n Lisans ve Lisans Burs Y\u00f6nergesi<\/strong><\/a><\/li>\n<\/ul>\n","protected":false},"excerpt":{"rendered":"<p>\u0130stanbul Ticaret \u00dcniversitesi \u00d6n Lisans ve Lisans E\u011fitim, \u00d6\u011fretim ve S\u0131nav Y\u00f6netmeli\u011fi \u0130stanbul Ticaret \u00dcniversitesi Yaz Okulu Y\u00f6netmeli\u011fi \u0130stanbul Ticaret \u00dcniversitesi \u00d6n Lisans ve Lisans Burs Y\u00f6nergesi<\/p>\n","protected":false},"author":139,"featured_media":0,"parent":0,"menu_order":0,"comment_status":"closed","ping_status":"closed","template":"genel_sayfa.php","meta":{"footnotes":""},"yoast_head":"<!-- This site is optimized with the Yoast SEO Premium plugin v22.1 (Yoast SEO v22.1) - https:\/\/yoast.com\/wordpress\/plugins\/seo\/ -->\n<title>Undergraduate Regulations - \u0130ktisat<\/title>\n<meta name=\"robots\" content=\"index, follow, max-snippet:-1, max-image-preview:large, max-video-preview:-1\" \/>\n<link rel=\"canonical\" href=\"http:\/\/ticaret.edu.tr\/iktisat\/en\/undergraduate-regulations\/\" \/>\n<meta property=\"og:locale\" content=\"tr_TR\" \/>\n<meta property=\"og:type\" content=\"article\" \/>\n<meta property=\"og:title\" content=\"Undergraduate Regulations\" \/>\n<meta property=\"og:description\" content=\"\u0130stanbul Ticaret \u00dcniversitesi \u00d6n Lisans ve Lisans E\u011fitim, \u00d6\u011fretim ve S\u0131nav Y\u00f6netmeli\u011fi \u0130stanbul Ticaret \u00dcniversitesi Yaz Okulu Y\u00f6netmeli\u011fi \u0130stanbul Ticaret \u00dcniversitesi \u00d6n Lisans ve Lisans Burs Y\u00f6nergesi\" \/>\n<meta property=\"og:url\" content=\"http:\/\/ticaret.edu.tr\/iktisat\/en\/undergraduate-regulations\/\" \/>\n<meta property=\"og:site_name\" content=\"\u0130ktisat\" \/>\n<meta property=\"article:publisher\" content=\"https:\/\/www.facebook.com\/ticaretedutr\" \/>\n<meta property=\"article:modified_time\" content=\"2026-01-29T11:20:52+00:00\" \/>\n<meta property=\"og:image\" content=\"http:\/\/ticaret.edu.tr\/iktisat\/wp-content\/uploads\/sites\/9\/2021\/11\/web_logo-01.jpg\" \/>\n\t<meta property=\"og:image:width\" content=\"1250\" \/>\n\t<meta property=\"og:image:height\" content=\"833\" \/>\n\t<meta property=\"og:image:type\" content=\"image\/jpeg\" \/>\n<meta name=\"twitter:card\" content=\"summary_large_image\" \/>\n<meta name=\"twitter:site\" content=\"@ticaretedutr\" \/>\n<meta name=\"twitter:label1\" content=\"Tahmini okuma s\u00fcresi\" \/>\n\t<meta name=\"twitter:data1\" content=\"1 dakika\" \/>\n<script type=\"application\/ld+json\" class=\"yoast-schema-graph\">{\"@context\":\"https:\/\/schema.org\",\"@graph\":[{\"@type\":\"WebPage\",\"@id\":\"http:\/\/ticaret.edu.tr\/iktisat\/en\/undergraduate-regulations\/\",\"url\":\"http:\/\/ticaret.edu.tr\/iktisat\/en\/undergraduate-regulations\/\",\"name\":\"Undergraduate Regulations - \u0130ktisat\",\"isPartOf\":{\"@id\":\"https:\/\/ticaret.edu.tr\/iktisat\/#website\"},\"datePublished\":\"2025-01-26T16:37:35+00:00\",\"dateModified\":\"2026-01-29T11:20:52+00:00\",\"breadcrumb\":{\"@id\":\"http:\/\/ticaret.edu.tr\/iktisat\/en\/undergraduate-regulations\/#breadcrumb\"},\"inLanguage\":\"tr\",\"potentialAction\":[{\"@type\":\"ReadAction\",\"target\":[\"http:\/\/ticaret.edu.tr\/iktisat\/en\/undergraduate-regulations\/\"]}]},{\"@type\":\"BreadcrumbList\",\"@id\":\"http:\/\/ticaret.edu.tr\/iktisat\/en\/undergraduate-regulations\/#breadcrumb\",\"itemListElement\":[{\"@type\":\"ListItem\",\"position\":1,\"name\":\"Ana sayfa\",\"item\":\"https:\/\/ticaret.edu.tr\/iktisat\/\"},{\"@type\":\"ListItem\",\"position\":2,\"name\":\"Undergraduate Regulations\"}]},{\"@type\":\"WebSite\",\"@id\":\"https:\/\/ticaret.edu.tr\/iktisat\/#website\",\"url\":\"https:\/\/ticaret.edu.tr\/iktisat\/\",\"name\":\"\u0130ktisat\",\"description\":\"\",\"potentialAction\":[{\"@type\":\"SearchAction\",\"target\":{\"@type\":\"EntryPoint\",\"urlTemplate\":\"https:\/\/ticaret.edu.tr\/iktisat\/?s={search_term_string}\"},\"query-input\":\"required name=search_term_string\"}],\"inLanguage\":\"tr\"}]}<\/script>\n<!-- \/ Yoast SEO Premium plugin. -->","yoast_head_json":{"title":"Undergraduate Regulations - \u0130ktisat","robots":{"index":"index","follow":"follow","max-snippet":"max-snippet:-1","max-image-preview":"max-image-preview:large","max-video-preview":"max-video-preview:-1"},"canonical":"http:\/\/ticaret.edu.tr\/iktisat\/en\/undergraduate-regulations\/","og_locale":"tr_TR","og_type":"article","og_title":"Undergraduate Regulations","og_description":"\u0130stanbul Ticaret \u00dcniversitesi \u00d6n Lisans ve Lisans E\u011fitim, \u00d6\u011fretim ve S\u0131nav Y\u00f6netmeli\u011fi \u0130stanbul Ticaret \u00dcniversitesi Yaz Okulu Y\u00f6netmeli\u011fi \u0130stanbul Ticaret \u00dcniversitesi \u00d6n Lisans ve Lisans Burs Y\u00f6nergesi","og_url":"http:\/\/ticaret.edu.tr\/iktisat\/en\/undergraduate-regulations\/","og_site_name":"\u0130ktisat","article_publisher":"https:\/\/www.facebook.com\/ticaretedutr","article_modified_time":"2026-01-29T11:20:52+00:00","og_image":[{"width":1250,"height":833,"url":"http:\/\/ticaret.edu.tr\/iktisat\/wp-content\/uploads\/sites\/9\/2021\/11\/web_logo-01.jpg","type":"image\/jpeg"}],"twitter_card":"summary_large_image","twitter_site":"@ticaretedutr","twitter_misc":{"Tahmini okuma s\u00fcresi":"1 dakika"},"schema":{"@context":"https:\/\/schema.org","@graph":[{"@type":"WebPage","@id":"http:\/\/ticaret.edu.tr\/iktisat\/en\/undergraduate-regulations\/","url":"http:\/\/ticaret.edu.tr\/iktisat\/en\/undergraduate-regulations\/","name":"Undergraduate Regulations - \u0130ktisat","isPartOf":{"@id":"https:\/\/ticaret.edu.tr\/iktisat\/#website"},"datePublished":"2025-01-26T16:37:35+00:00","dateModified":"2026-01-29T11:20:52+00:00","breadcrumb":{"@id":"http:\/\/ticaret.edu.tr\/iktisat\/en\/undergraduate-regulations\/#breadcrumb"},"inLanguage":"tr","potentialAction":[{"@type":"ReadAction","target":["http:\/\/ticaret.edu.tr\/iktisat\/en\/undergraduate-regulations\/"]}]},{"@type":"BreadcrumbList","@id":"http:\/\/ticaret.edu.tr\/iktisat\/en\/undergraduate-regulations\/#breadcrumb","itemListElement":[{"@type":"ListItem","position":1,"name":"Ana sayfa","item":"https:\/\/ticaret.edu.tr\/iktisat\/"},{"@type":"ListItem","position":2,"name":"Undergraduate Regulations"}]},{"@type":"WebSite","@id":"https:\/\/ticaret.edu.tr\/iktisat\/#website","url":"https:\/\/ticaret.edu.tr\/iktisat\/","name":"\u0130ktisat","description":"","potentialAction":[{"@type":"SearchAction","target":{"@type":"EntryPoint","urlTemplate":"https:\/\/ticaret.edu.tr\/iktisat\/?s={search_term_string}"},"query-input":"required name=search_term_string"}],"inLanguage":"tr"}]}},"lang":"en","translations":{"en":1636,"tr":1634},"pll_sync_post":[],"_links":{"self":[{"href":"http:\/\/ticaret.edu.tr\/iktisat\/wp-json\/wp\/v2\/pages\/1636"}],"collection":[{"href":"http:\/\/ticaret.edu.tr\/iktisat\/wp-json\/wp\/v2\/pages"}],"about":[{"href":"http:\/\/ticaret.edu.tr\/iktisat\/wp-json\/wp\/v2\/types\/page"}],"author":[{"embeddable":true,"href":"http:\/\/ticaret.edu.tr\/iktisat\/wp-json\/wp\/v2\/users\/139"}],"replies":[{"embeddable":true,"href":"http:\/\/ticaret.edu.tr\/iktisat\/wp-json\/wp\/v2\/comments?post=1636"}],"version-history":[{"count":3,"href":"http:\/\/ticaret.edu.tr\/iktisat\/wp-json\/wp\/v2\/pages\/1636\/revisions"}],"predecessor-version":[{"id":2770,"href":"http:\/\/ticaret.edu.tr\/iktisat\/wp-json\/wp\/v2\/pages\/1636\/revisions\/2770"}],"wp:attachment":[{"href":"http:\/\/ticaret.edu.tr\/iktisat\/wp-json\/wp\/v2\/media?parent=1636"}],"curies":[{"name":"wp","href":"https:\/\/api.w.org\/{rel}","templated":true}]}}