{"id":1661,"date":"2025-01-26T19:40:49","date_gmt":"2025-01-26T16:40:49","guid":{"rendered":"https:\/\/ticaret.edu.tr\/iktisat\/?page_id=1661"},"modified":"2025-10-20T20:38:01","modified_gmt":"2025-10-20T17:38:01","slug":"lisansustu-ogrenci-degisim-programlari-erasmus","status":"publish","type":"page","link":"http:\/\/ticaret.edu.tr\/iktisat\/lisansustu-ogrenci-degisim-programlari-erasmus\/","title":{"rendered":"Lisans\u00fcst\u00fc \u00d6\u011frenci De\u011fi\u015fim Programlar\u0131 \/ Erasmus"},"content":{"rendered":"<p>Lisans\u00fcst\u00fc \u00f6\u011frenci de\u011fi\u015fim programlar\u0131na ili\u015fkin ayr\u0131nt\u0131lar, <strong><a href=\"https:\/\/www.mevzuat.gov.tr\/mevzuat?MevzuatNo=23714&amp;MevzuatTur=8&amp;MevzuatTertip=5\">\u0130stanbul Ticaret \u00dcniversitesi Lisans\u00fcst\u00fc E\u011fitim ve \u00d6\u011fretim Y\u00f6netmeli\u011fi<\/a><\/strong>&#8216;nin ilgili maddesinde d\u00fczenlenmi\u015ftir:<\/p>\n<p><strong>Madde 51:<\/strong><\/p>\n<p>(1) \u00dcniversite ile yurt i\u00e7i veya yurt d\u0131\u015f\u0131ndaki di\u011fer \u00fcniversiteler aras\u0131nda yap\u0131lan anla\u015fmalar uyar\u0131nca \u00fcniversiteleraras\u0131 \u00f6\u011frenci de\u011fi\u015fim programlar\u0131 uygulanabilir. Bu Y\u00f6netmelikte ulusal ve uluslararas\u0131 \u00f6\u011frenci de\u011fi\u015fimine ili\u015fkin h\u00fck\u00fcm bulunmayan hallerde ilgili mevzuat h\u00fck\u00fcmleri uygulan\u0131r.<\/p>\n<p>(2) De\u011fi\u015fim programlar\u0131 ile uluslararas\u0131 ortak programlar kapsam\u0131nda yurt i\u00e7i veya yurt d\u0131\u015f\u0131 y\u00fcksek\u00f6\u011fretim kurumlar\u0131nda ge\u00e7irilen s\u00fcreler azami \u00f6\u011fretim s\u00fcresine dahildir.<\/p>\n<p>(3) De\u011fi\u015fim program\u0131 kapsam\u0131nda gelen \u00f6\u011frenciler, \u00dcniversite \u00f6\u011frencisi say\u0131lmazlar, \u00f6\u011frencilik haklar\u0131ndan yararlanamazlar; ancak, \u00dcniversitenin di\u011fer \u00f6\u011frencilerine uygulanan akademik ve idari kurallara tabidirler. Bu \u00f6\u011frencilere diploma veya unvan verilmez; ancak, talep etmeleri durumunda \u00dcniversitede ald\u0131klar\u0131 dersleri ve notlar\u0131 g\u00f6steren bir belge (transcript) verilir.<\/p>\n<hr \/>\n<h4><\/h4>\n<h3>G\u00fcncel Anla\u015fmalar (KION Veritaban\u0131)<\/h3>\n<p>Anla\u015fmal\u0131 oldu\u011fumuz \u00fcniversiteleri g\u00f6r\u00fcnt\u00fclemek i\u00e7in:<br \/>\n<strong><a href=\"https:\/\/erasmus.ticaret.edu.tr\/KION.UI.Web.ExchangeProgram\/Public\/AgreementList.aspx?pId=7317\">G\u00fcncel Anla\u015fmalar Listesi<\/a><\/strong><\/p>\n<p>Sayfadaki filtreden ilgili birimi se\u00e7erek (\u00f6rn. \u0130ktisat Tezli Y\u00fcksek Lisans Program\u0131) anla\u015fmal\u0131 oldu\u011fumuz partner \u00fcniversiteleri, programlar\u0131 ve kontenjan bilgilerini g\u00f6rebilirsiniz.<\/p>\n","protected":false},"excerpt":{"rendered":"<p>Lisans\u00fcst\u00fc \u00f6\u011frenci de\u011fi\u015fim programlar\u0131na ili\u015fkin ayr\u0131nt\u0131lar, \u0130stanbul Ticaret \u00dcniversitesi Lisans\u00fcst\u00fc E\u011fitim ve \u00d6\u011fretim Y\u00f6netmeli\u011fi&#8216;nin ilgili maddesinde d\u00fczenlenmi\u015ftir: Madde 51: (1) \u00dcniversite ile yurt i\u00e7i veya yurt d\u0131\u015f\u0131ndaki di\u011fer \u00fcniversiteler aras\u0131nda yap\u0131lan anla\u015fmalar uyar\u0131nca \u00fcniversiteleraras\u0131 \u00f6\u011frenci de\u011fi\u015fim programlar\u0131 uygulanabilir. Bu Y\u00f6netmelikte ulusal ve uluslararas\u0131 \u00f6\u011frenci de\u011fi\u015fimine ili\u015fkin h\u00fck\u00fcm bulunmayan hallerde ilgili mevzuat h\u00fck\u00fcmleri uygulan\u0131r. (2) De\u011fi\u015fim [&hellip;]<\/p>\n","protected":false},"author":139,"featured_media":0,"parent":0,"menu_order":0,"comment_status":"closed","ping_status":"closed","template":"genel_sayfa.php","meta":{"footnotes":""},"yoast_head":"<!-- This site is optimized with the Yoast SEO Premium plugin v22.1 (Yoast SEO v22.1) - https:\/\/yoast.com\/wordpress\/plugins\/seo\/ -->\n<title>Lisans\u00fcst\u00fc \u00d6\u011frenci De\u011fi\u015fim Programlar\u0131 \/ Erasmus - \u0130ktisat<\/title>\n<meta name=\"robots\" content=\"index, follow, max-snippet:-1, max-image-preview:large, max-video-preview:-1\" \/>\n<link rel=\"canonical\" href=\"https:\/\/ticaret.edu.tr\/iktisat\/lisansustu-ogrenci-degisim-programlari-erasmus\/\" \/>\n<meta property=\"og:locale\" content=\"tr_TR\" \/>\n<meta property=\"og:type\" content=\"article\" \/>\n<meta property=\"og:title\" content=\"Lisans\u00fcst\u00fc \u00d6\u011frenci De\u011fi\u015fim Programlar\u0131 \/ Erasmus\" \/>\n<meta property=\"og:description\" content=\"Lisans\u00fcst\u00fc \u00f6\u011frenci de\u011fi\u015fim programlar\u0131na ili\u015fkin ayr\u0131nt\u0131lar, \u0130stanbul Ticaret \u00dcniversitesi Lisans\u00fcst\u00fc E\u011fitim ve \u00d6\u011fretim Y\u00f6netmeli\u011fi&#8216;nin ilgili maddesinde d\u00fczenlenmi\u015ftir: Madde 51: (1) \u00dcniversite ile yurt i\u00e7i veya yurt d\u0131\u015f\u0131ndaki di\u011fer \u00fcniversiteler aras\u0131nda yap\u0131lan anla\u015fmalar uyar\u0131nca \u00fcniversiteleraras\u0131 \u00f6\u011frenci de\u011fi\u015fim programlar\u0131 uygulanabilir. Bu Y\u00f6netmelikte ulusal ve uluslararas\u0131 \u00f6\u011frenci de\u011fi\u015fimine ili\u015fkin h\u00fck\u00fcm bulunmayan hallerde ilgili mevzuat h\u00fck\u00fcmleri uygulan\u0131r. (2) De\u011fi\u015fim [&hellip;]\" \/>\n<meta property=\"og:url\" content=\"https:\/\/ticaret.edu.tr\/iktisat\/lisansustu-ogrenci-degisim-programlari-erasmus\/\" \/>\n<meta property=\"og:site_name\" content=\"\u0130ktisat\" \/>\n<meta property=\"article:publisher\" content=\"https:\/\/www.facebook.com\/ticaretedutr\" \/>\n<meta property=\"article:modified_time\" content=\"2025-10-20T17:38:01+00:00\" \/>\n<meta property=\"og:image\" content=\"http:\/\/ticaret.edu.tr\/iktisat\/wp-content\/uploads\/sites\/9\/2021\/11\/web_logo-01.jpg\" \/>\n\t<meta property=\"og:image:width\" content=\"1250\" \/>\n\t<meta property=\"og:image:height\" content=\"833\" \/>\n\t<meta property=\"og:image:type\" content=\"image\/jpeg\" \/>\n<meta name=\"twitter:card\" content=\"summary_large_image\" \/>\n<meta name=\"twitter:site\" content=\"@ticaretedutr\" \/>\n<meta name=\"twitter:label1\" content=\"Tahmini okuma s\u00fcresi\" \/>\n\t<meta name=\"twitter:data1\" content=\"1 dakika\" \/>\n<script type=\"application\/ld+json\" class=\"yoast-schema-graph\">{\"@context\":\"https:\/\/schema.org\",\"@graph\":[{\"@type\":\"WebPage\",\"@id\":\"https:\/\/ticaret.edu.tr\/iktisat\/lisansustu-ogrenci-degisim-programlari-erasmus\/\",\"url\":\"https:\/\/ticaret.edu.tr\/iktisat\/lisansustu-ogrenci-degisim-programlari-erasmus\/\",\"name\":\"Lisans\u00fcst\u00fc \u00d6\u011frenci De\u011fi\u015fim Programlar\u0131 \/ Erasmus - \u0130ktisat\",\"isPartOf\":{\"@id\":\"https:\/\/ticaret.edu.tr\/iktisat\/#website\"},\"datePublished\":\"2025-01-26T16:40:49+00:00\",\"dateModified\":\"2025-10-20T17:38:01+00:00\",\"breadcrumb\":{\"@id\":\"https:\/\/ticaret.edu.tr\/iktisat\/lisansustu-ogrenci-degisim-programlari-erasmus\/#breadcrumb\"},\"inLanguage\":\"tr\",\"potentialAction\":[{\"@type\":\"ReadAction\",\"target\":[\"https:\/\/ticaret.edu.tr\/iktisat\/lisansustu-ogrenci-degisim-programlari-erasmus\/\"]}]},{\"@type\":\"BreadcrumbList\",\"@id\":\"https:\/\/ticaret.edu.tr\/iktisat\/lisansustu-ogrenci-degisim-programlari-erasmus\/#breadcrumb\",\"itemListElement\":[{\"@type\":\"ListItem\",\"position\":1,\"name\":\"Ana sayfa\",\"item\":\"https:\/\/ticaret.edu.tr\/iktisat\/\"},{\"@type\":\"ListItem\",\"position\":2,\"name\":\"Lisans\u00fcst\u00fc \u00d6\u011frenci De\u011fi\u015fim Programlar\u0131 \/ Erasmus\"}]},{\"@type\":\"WebSite\",\"@id\":\"https:\/\/ticaret.edu.tr\/iktisat\/#website\",\"url\":\"https:\/\/ticaret.edu.tr\/iktisat\/\",\"name\":\"\u0130ktisat\",\"description\":\"\",\"potentialAction\":[{\"@type\":\"SearchAction\",\"target\":{\"@type\":\"EntryPoint\",\"urlTemplate\":\"https:\/\/ticaret.edu.tr\/iktisat\/?s={search_term_string}\"},\"query-input\":\"required name=search_term_string\"}],\"inLanguage\":\"tr\"}]}<\/script>\n<!-- \/ Yoast SEO Premium plugin. -->","yoast_head_json":{"title":"Lisans\u00fcst\u00fc \u00d6\u011frenci De\u011fi\u015fim Programlar\u0131 \/ Erasmus - \u0130ktisat","robots":{"index":"index","follow":"follow","max-snippet":"max-snippet:-1","max-image-preview":"max-image-preview:large","max-video-preview":"max-video-preview:-1"},"canonical":"https:\/\/ticaret.edu.tr\/iktisat\/lisansustu-ogrenci-degisim-programlari-erasmus\/","og_locale":"tr_TR","og_type":"article","og_title":"Lisans\u00fcst\u00fc \u00d6\u011frenci De\u011fi\u015fim Programlar\u0131 \/ Erasmus","og_description":"Lisans\u00fcst\u00fc \u00f6\u011frenci de\u011fi\u015fim programlar\u0131na ili\u015fkin ayr\u0131nt\u0131lar, \u0130stanbul Ticaret \u00dcniversitesi Lisans\u00fcst\u00fc E\u011fitim ve \u00d6\u011fretim Y\u00f6netmeli\u011fi&#8216;nin ilgili maddesinde d\u00fczenlenmi\u015ftir: Madde 51: (1) \u00dcniversite ile yurt i\u00e7i veya yurt d\u0131\u015f\u0131ndaki di\u011fer \u00fcniversiteler aras\u0131nda yap\u0131lan anla\u015fmalar uyar\u0131nca \u00fcniversiteleraras\u0131 \u00f6\u011frenci de\u011fi\u015fim programlar\u0131 uygulanabilir. Bu Y\u00f6netmelikte ulusal ve uluslararas\u0131 \u00f6\u011frenci de\u011fi\u015fimine ili\u015fkin h\u00fck\u00fcm bulunmayan hallerde ilgili mevzuat h\u00fck\u00fcmleri uygulan\u0131r. (2) De\u011fi\u015fim [&hellip;]","og_url":"https:\/\/ticaret.edu.tr\/iktisat\/lisansustu-ogrenci-degisim-programlari-erasmus\/","og_site_name":"\u0130ktisat","article_publisher":"https:\/\/www.facebook.com\/ticaretedutr","article_modified_time":"2025-10-20T17:38:01+00:00","og_image":[{"width":1250,"height":833,"url":"http:\/\/ticaret.edu.tr\/iktisat\/wp-content\/uploads\/sites\/9\/2021\/11\/web_logo-01.jpg","type":"image\/jpeg"}],"twitter_card":"summary_large_image","twitter_site":"@ticaretedutr","twitter_misc":{"Tahmini okuma s\u00fcresi":"1 dakika"},"schema":{"@context":"https:\/\/schema.org","@graph":[{"@type":"WebPage","@id":"https:\/\/ticaret.edu.tr\/iktisat\/lisansustu-ogrenci-degisim-programlari-erasmus\/","url":"https:\/\/ticaret.edu.tr\/iktisat\/lisansustu-ogrenci-degisim-programlari-erasmus\/","name":"Lisans\u00fcst\u00fc \u00d6\u011frenci De\u011fi\u015fim Programlar\u0131 \/ Erasmus - \u0130ktisat","isPartOf":{"@id":"https:\/\/ticaret.edu.tr\/iktisat\/#website"},"datePublished":"2025-01-26T16:40:49+00:00","dateModified":"2025-10-20T17:38:01+00:00","breadcrumb":{"@id":"https:\/\/ticaret.edu.tr\/iktisat\/lisansustu-ogrenci-degisim-programlari-erasmus\/#breadcrumb"},"inLanguage":"tr","potentialAction":[{"@type":"ReadAction","target":["https:\/\/ticaret.edu.tr\/iktisat\/lisansustu-ogrenci-degisim-programlari-erasmus\/"]}]},{"@type":"BreadcrumbList","@id":"https:\/\/ticaret.edu.tr\/iktisat\/lisansustu-ogrenci-degisim-programlari-erasmus\/#breadcrumb","itemListElement":[{"@type":"ListItem","position":1,"name":"Ana sayfa","item":"https:\/\/ticaret.edu.tr\/iktisat\/"},{"@type":"ListItem","position":2,"name":"Lisans\u00fcst\u00fc \u00d6\u011frenci De\u011fi\u015fim Programlar\u0131 \/ Erasmus"}]},{"@type":"WebSite","@id":"https:\/\/ticaret.edu.tr\/iktisat\/#website","url":"https:\/\/ticaret.edu.tr\/iktisat\/","name":"\u0130ktisat","description":"","potentialAction":[{"@type":"SearchAction","target":{"@type":"EntryPoint","urlTemplate":"https:\/\/ticaret.edu.tr\/iktisat\/?s={search_term_string}"},"query-input":"required name=search_term_string"}],"inLanguage":"tr"}]}},"lang":"tr","translations":{"en":1663,"tr":1661},"pll_sync_post":[],"_links":{"self":[{"href":"http:\/\/ticaret.edu.tr\/iktisat\/wp-json\/wp\/v2\/pages\/1661"}],"collection":[{"href":"http:\/\/ticaret.edu.tr\/iktisat\/wp-json\/wp\/v2\/pages"}],"about":[{"href":"http:\/\/ticaret.edu.tr\/iktisat\/wp-json\/wp\/v2\/types\/page"}],"author":[{"embeddable":true,"href":"http:\/\/ticaret.edu.tr\/iktisat\/wp-json\/wp\/v2\/users\/139"}],"replies":[{"embeddable":true,"href":"http:\/\/ticaret.edu.tr\/iktisat\/wp-json\/wp\/v2\/comments?post=1661"}],"version-history":[{"count":8,"href":"http:\/\/ticaret.edu.tr\/iktisat\/wp-json\/wp\/v2\/pages\/1661\/revisions"}],"predecessor-version":[{"id":2201,"href":"http:\/\/ticaret.edu.tr\/iktisat\/wp-json\/wp\/v2\/pages\/1661\/revisions\/2201"}],"wp:attachment":[{"href":"http:\/\/ticaret.edu.tr\/iktisat\/wp-json\/wp\/v2\/media?parent=1661"}],"curies":[{"name":"wp","href":"https:\/\/api.w.org\/{rel}","templated":true}]}}