{"id":1675,"date":"2025-01-26T19:42:34","date_gmt":"2025-01-26T16:42:34","guid":{"rendered":"https:\/\/ticaret.edu.tr\/iktisat\/?page_id=1675"},"modified":"2025-07-23T15:59:47","modified_gmt":"2025-07-23T12:59:47","slug":"laboratuvarlar","status":"publish","type":"page","link":"http:\/\/ticaret.edu.tr\/iktisat\/laboratuvarlar\/","title":{"rendered":"Laboratuvarlar"},"content":{"rendered":"<h2><strong data-start=\"96\" data-end=\"130\">\u0130ktisat B\u00f6l\u00fcm\u00fc Laboratuvar Kullan\u0131m\u0131<\/strong><\/h2>\n<p>\u0130stanbul Ticaret \u00dcniversitesi\u00a0 S\u00fctl\u00fcce Yerle\u015fkesinde yer alan 3 adet bilgisayar laboratuvar\u0131, \u00f6\u011frencilere\u00a0istatistiksel ve ekonometrik analiz ile uygulamal\u0131 makroekonomik ve mikroekonomik analiz konular\u0131nda e\u011fitim ve ara\u015ft\u0131rma imk\u00e2n\u0131 sunmaktad\u0131r.<\/p>\n<hr \/>\n<p data-start=\"1177\" data-end=\"1222\">\n<h3 data-start=\"1177\" data-end=\"1222\"><strong data-start=\"1183\" data-end=\"1220\">Laboratuvar Olanaklar\u0131 ve Donan\u0131m<\/strong><\/h3>\n<ul>\n<li data-start=\"1224\" data-end=\"1612\">R, Python, E-Views, SPSS, MATLAB vb. analiz yaz\u0131l\u0131mlar\u0131n\u0131n bulundu\u011fu g\u00fcncel teknolojiye sahip bilgisayarlar<\/li>\n<li data-start=\"1224\" data-end=\"1612\">Y\u00fcksek h\u0131zl\u0131 internet ba\u011flant\u0131s\u0131 ve bulut tabanl\u0131 analiz ara\u00e7lar\u0131na eri\u015fim olanaklar\u0131<\/li>\n<li data-start=\"1224\" data-end=\"1612\">Akademik ara\u015ft\u0131rmalar ve projeler i\u00e7in veri setleri ve analiz kaynaklar\u0131<\/li>\n<li data-start=\"1224\" data-end=\"1612\">\u00d6\u011frenciler ve ara\u015ft\u0131rmac\u0131lar i\u00e7in interaktif at\u00f6lyeler ve uygulamal\u0131 dersler<\/li>\n<\/ul>\n","protected":false},"excerpt":{"rendered":"<p>\u0130ktisat B\u00f6l\u00fcm\u00fc Laboratuvar Kullan\u0131m\u0131 \u0130stanbul Ticaret \u00dcniversitesi\u00a0 S\u00fctl\u00fcce Yerle\u015fkesinde yer alan 3 adet bilgisayar laboratuvar\u0131, \u00f6\u011frencilere\u00a0istatistiksel ve ekonometrik analiz ile uygulamal\u0131 makroekonomik ve mikroekonomik analiz konular\u0131nda e\u011fitim ve ara\u015ft\u0131rma imk\u00e2n\u0131 sunmaktad\u0131r. Laboratuvar Olanaklar\u0131 ve Donan\u0131m R, Python, E-Views, SPSS, MATLAB vb. analiz yaz\u0131l\u0131mlar\u0131n\u0131n bulundu\u011fu g\u00fcncel teknolojiye sahip bilgisayarlar Y\u00fcksek h\u0131zl\u0131 internet ba\u011flant\u0131s\u0131 ve bulut tabanl\u0131 [&hellip;]<\/p>\n","protected":false},"author":139,"featured_media":0,"parent":0,"menu_order":0,"comment_status":"closed","ping_status":"closed","template":"genel_sayfa.php","meta":{"footnotes":""},"yoast_head":"<!-- This site is optimized with the Yoast SEO Premium plugin v22.1 (Yoast SEO v22.1) - https:\/\/yoast.com\/wordpress\/plugins\/seo\/ -->\n<title>Laboratuvarlar - \u0130ktisat<\/title>\n<meta name=\"robots\" content=\"index, follow, max-snippet:-1, max-image-preview:large, max-video-preview:-1\" \/>\n<link rel=\"canonical\" href=\"https:\/\/ticaret.edu.tr\/iktisat\/laboratuvarlar\/\" \/>\n<meta property=\"og:locale\" content=\"tr_TR\" \/>\n<meta property=\"og:type\" content=\"article\" \/>\n<meta property=\"og:title\" content=\"Laboratuvarlar\" \/>\n<meta property=\"og:description\" content=\"\u0130ktisat B\u00f6l\u00fcm\u00fc Laboratuvar Kullan\u0131m\u0131 \u0130stanbul Ticaret \u00dcniversitesi\u00a0 S\u00fctl\u00fcce Yerle\u015fkesinde yer alan 3 adet bilgisayar laboratuvar\u0131, \u00f6\u011frencilere\u00a0istatistiksel ve ekonometrik analiz ile uygulamal\u0131 makroekonomik ve mikroekonomik analiz konular\u0131nda e\u011fitim ve ara\u015ft\u0131rma imk\u00e2n\u0131 sunmaktad\u0131r. Laboratuvar Olanaklar\u0131 ve Donan\u0131m R, Python, E-Views, SPSS, MATLAB vb. analiz yaz\u0131l\u0131mlar\u0131n\u0131n bulundu\u011fu g\u00fcncel teknolojiye sahip bilgisayarlar Y\u00fcksek h\u0131zl\u0131 internet ba\u011flant\u0131s\u0131 ve bulut tabanl\u0131 [&hellip;]\" \/>\n<meta property=\"og:url\" content=\"https:\/\/ticaret.edu.tr\/iktisat\/laboratuvarlar\/\" \/>\n<meta property=\"og:site_name\" content=\"\u0130ktisat\" \/>\n<meta property=\"article:publisher\" content=\"https:\/\/www.facebook.com\/ticaretedutr\" \/>\n<meta property=\"article:modified_time\" content=\"2025-07-23T12:59:47+00:00\" \/>\n<meta property=\"og:image\" content=\"http:\/\/ticaret.edu.tr\/iktisat\/wp-content\/uploads\/sites\/9\/2021\/11\/web_logo-01.jpg\" \/>\n\t<meta property=\"og:image:width\" content=\"1250\" \/>\n\t<meta property=\"og:image:height\" content=\"833\" \/>\n\t<meta property=\"og:image:type\" content=\"image\/jpeg\" \/>\n<meta name=\"twitter:card\" content=\"summary_large_image\" \/>\n<meta name=\"twitter:site\" content=\"@ticaretedutr\" \/>\n<meta name=\"twitter:label1\" content=\"Tahmini okuma s\u00fcresi\" \/>\n\t<meta name=\"twitter:data1\" content=\"1 dakika\" \/>\n<script type=\"application\/ld+json\" class=\"yoast-schema-graph\">{\"@context\":\"https:\/\/schema.org\",\"@graph\":[{\"@type\":\"WebPage\",\"@id\":\"https:\/\/ticaret.edu.tr\/iktisat\/laboratuvarlar\/\",\"url\":\"https:\/\/ticaret.edu.tr\/iktisat\/laboratuvarlar\/\",\"name\":\"Laboratuvarlar - \u0130ktisat\",\"isPartOf\":{\"@id\":\"https:\/\/ticaret.edu.tr\/iktisat\/#website\"},\"datePublished\":\"2025-01-26T16:42:34+00:00\",\"dateModified\":\"2025-07-23T12:59:47+00:00\",\"breadcrumb\":{\"@id\":\"https:\/\/ticaret.edu.tr\/iktisat\/laboratuvarlar\/#breadcrumb\"},\"inLanguage\":\"tr\",\"potentialAction\":[{\"@type\":\"ReadAction\",\"target\":[\"https:\/\/ticaret.edu.tr\/iktisat\/laboratuvarlar\/\"]}]},{\"@type\":\"BreadcrumbList\",\"@id\":\"https:\/\/ticaret.edu.tr\/iktisat\/laboratuvarlar\/#breadcrumb\",\"itemListElement\":[{\"@type\":\"ListItem\",\"position\":1,\"name\":\"Ana sayfa\",\"item\":\"https:\/\/ticaret.edu.tr\/iktisat\/\"},{\"@type\":\"ListItem\",\"position\":2,\"name\":\"Laboratuvarlar\"}]},{\"@type\":\"WebSite\",\"@id\":\"https:\/\/ticaret.edu.tr\/iktisat\/#website\",\"url\":\"https:\/\/ticaret.edu.tr\/iktisat\/\",\"name\":\"\u0130ktisat\",\"description\":\"\",\"potentialAction\":[{\"@type\":\"SearchAction\",\"target\":{\"@type\":\"EntryPoint\",\"urlTemplate\":\"https:\/\/ticaret.edu.tr\/iktisat\/?s={search_term_string}\"},\"query-input\":\"required name=search_term_string\"}],\"inLanguage\":\"tr\"}]}<\/script>\n<!-- \/ Yoast SEO Premium plugin. -->","yoast_head_json":{"title":"Laboratuvarlar - \u0130ktisat","robots":{"index":"index","follow":"follow","max-snippet":"max-snippet:-1","max-image-preview":"max-image-preview:large","max-video-preview":"max-video-preview:-1"},"canonical":"https:\/\/ticaret.edu.tr\/iktisat\/laboratuvarlar\/","og_locale":"tr_TR","og_type":"article","og_title":"Laboratuvarlar","og_description":"\u0130ktisat B\u00f6l\u00fcm\u00fc Laboratuvar Kullan\u0131m\u0131 \u0130stanbul Ticaret \u00dcniversitesi\u00a0 S\u00fctl\u00fcce Yerle\u015fkesinde yer alan 3 adet bilgisayar laboratuvar\u0131, \u00f6\u011frencilere\u00a0istatistiksel ve ekonometrik analiz ile uygulamal\u0131 makroekonomik ve mikroekonomik analiz konular\u0131nda e\u011fitim ve ara\u015ft\u0131rma imk\u00e2n\u0131 sunmaktad\u0131r. Laboratuvar Olanaklar\u0131 ve Donan\u0131m R, Python, E-Views, SPSS, MATLAB vb. analiz yaz\u0131l\u0131mlar\u0131n\u0131n bulundu\u011fu g\u00fcncel teknolojiye sahip bilgisayarlar Y\u00fcksek h\u0131zl\u0131 internet ba\u011flant\u0131s\u0131 ve bulut tabanl\u0131 [&hellip;]","og_url":"https:\/\/ticaret.edu.tr\/iktisat\/laboratuvarlar\/","og_site_name":"\u0130ktisat","article_publisher":"https:\/\/www.facebook.com\/ticaretedutr","article_modified_time":"2025-07-23T12:59:47+00:00","og_image":[{"width":1250,"height":833,"url":"http:\/\/ticaret.edu.tr\/iktisat\/wp-content\/uploads\/sites\/9\/2021\/11\/web_logo-01.jpg","type":"image\/jpeg"}],"twitter_card":"summary_large_image","twitter_site":"@ticaretedutr","twitter_misc":{"Tahmini okuma s\u00fcresi":"1 dakika"},"schema":{"@context":"https:\/\/schema.org","@graph":[{"@type":"WebPage","@id":"https:\/\/ticaret.edu.tr\/iktisat\/laboratuvarlar\/","url":"https:\/\/ticaret.edu.tr\/iktisat\/laboratuvarlar\/","name":"Laboratuvarlar - \u0130ktisat","isPartOf":{"@id":"https:\/\/ticaret.edu.tr\/iktisat\/#website"},"datePublished":"2025-01-26T16:42:34+00:00","dateModified":"2025-07-23T12:59:47+00:00","breadcrumb":{"@id":"https:\/\/ticaret.edu.tr\/iktisat\/laboratuvarlar\/#breadcrumb"},"inLanguage":"tr","potentialAction":[{"@type":"ReadAction","target":["https:\/\/ticaret.edu.tr\/iktisat\/laboratuvarlar\/"]}]},{"@type":"BreadcrumbList","@id":"https:\/\/ticaret.edu.tr\/iktisat\/laboratuvarlar\/#breadcrumb","itemListElement":[{"@type":"ListItem","position":1,"name":"Ana sayfa","item":"https:\/\/ticaret.edu.tr\/iktisat\/"},{"@type":"ListItem","position":2,"name":"Laboratuvarlar"}]},{"@type":"WebSite","@id":"https:\/\/ticaret.edu.tr\/iktisat\/#website","url":"https:\/\/ticaret.edu.tr\/iktisat\/","name":"\u0130ktisat","description":"","potentialAction":[{"@type":"SearchAction","target":{"@type":"EntryPoint","urlTemplate":"https:\/\/ticaret.edu.tr\/iktisat\/?s={search_term_string}"},"query-input":"required name=search_term_string"}],"inLanguage":"tr"}]}},"lang":"tr","translations":{"en":1677,"tr":1675},"pll_sync_post":[],"_links":{"self":[{"href":"http:\/\/ticaret.edu.tr\/iktisat\/wp-json\/wp\/v2\/pages\/1675"}],"collection":[{"href":"http:\/\/ticaret.edu.tr\/iktisat\/wp-json\/wp\/v2\/pages"}],"about":[{"href":"http:\/\/ticaret.edu.tr\/iktisat\/wp-json\/wp\/v2\/types\/page"}],"author":[{"embeddable":true,"href":"http:\/\/ticaret.edu.tr\/iktisat\/wp-json\/wp\/v2\/users\/139"}],"replies":[{"embeddable":true,"href":"http:\/\/ticaret.edu.tr\/iktisat\/wp-json\/wp\/v2\/comments?post=1675"}],"version-history":[{"count":3,"href":"http:\/\/ticaret.edu.tr\/iktisat\/wp-json\/wp\/v2\/pages\/1675\/revisions"}],"predecessor-version":[{"id":2121,"href":"http:\/\/ticaret.edu.tr\/iktisat\/wp-json\/wp\/v2\/pages\/1675\/revisions\/2121"}],"wp:attachment":[{"href":"http:\/\/ticaret.edu.tr\/iktisat\/wp-json\/wp\/v2\/media?parent=1675"}],"curies":[{"name":"wp","href":"https:\/\/api.w.org\/{rel}","templated":true}]}}