{"id":356,"date":"2022-04-05T10:27:46","date_gmt":"2022-04-05T07:27:46","guid":{"rendered":"https:\/\/ticaret.edu.tr\/ingilizce-hazirlik\/?page_id=356"},"modified":"2026-01-22T14:20:52","modified_gmt":"2026-01-22T11:20:52","slug":"sikca-sorulan-sorular","status":"publish","type":"page","link":"http:\/\/ticaret.edu.tr\/ingilizce-hazirlik\/sikca-sorulan-sorular\/","title":{"rendered":"S\u0131k\u00e7a Sorulan Sorular"},"content":{"rendered":"<p>&nbsp;<\/p>\n<ol>\n<li>\u0130ngilizce Haz\u0131rl\u0131k Program\u0131\u2019n\u0131n t\u00fcm detaylar\u0131n\u0131 nas\u0131l \u00f6\u011frenebilirim?<\/li>\n<\/ol>\n<p>\u0130ngilizce Haz\u0131rl\u0131k Program\u0131 ile alakal\u0131 merak etti\u011finiz t\u00fcm konular i\u00e7in linke t\u0131klayarak sizler i\u00e7in haz\u0131rlanan \u00d6\u011frenci El Kitab\u0131m\u0131z\u0131 inceleyiniz.<\/p>\n<p><a href=\"https:\/\/ticaret.edu.tr\/ingilizce-hazirlik\/wp-content\/uploads\/sites\/41\/2021\/11\/2021-2022-Ogrenci-El-Kitabi.pdf\">https:\/\/ticaret.edu.tr\/ingilizce-hazirlik\/wp-content\/uploads\/sites\/41\/2021\/11\/2021-2022-Ogrenci-El-Kitabi.pdf<\/a><\/p>\n<p>&nbsp;<\/p>\n<ol start=\"2\">\n<li>\u0130ngilizce Haz\u0131rl\u0131k Program\u0131 ka\u00e7 kurdan olu\u015fur?<\/li>\n<\/ol>\n<p>\u0130ngilizce Dil Haz\u0131rl\u0131k Program\u0131 toplam d\u00f6rt kurdan olu\u015fur: \u00d6\u011frenciler akademik y\u0131l\u0131n ba\u015f\u0131nda Yerle\u015ftirme (Seviye Belirleme) S\u0131nav\u0131\u2019n\u0131n sonu\u00e7lar\u0131na g\u00f6re d\u00f6rt d\u00fczeyden birine yerle\u015ftirilirler. \u0130ngilizce Haz\u0131rl\u0131k Program\u0131\u2019n\u0131 tamamlamak ve lisans program\u0131na ba\u015flayabilmek i\u00e7in \u00f6\u011frencinin 4. D\u00fczeyi ba\u015far\u0131yla bitirmesi ya da yeterlilik s\u0131nav\u0131n\u0131 ge\u00e7mesi gerekmektedir. \u0130ngilizce Haz\u0131rl\u0131k Program\u0131 taraf\u0131ndan haz\u0131rlanan \u0130ngilizce Yeterlilik s\u0131nav\u0131n\u0131 ge\u00e7en ya da Y\u00d6K\u2019\u00fcn kabul etmi\u015f oldu\u011fu uluslararas\u0131 ge\u00e7erlili\u011fi olan s\u0131nav sonu\u00e7lar\u0131n\u0131 bize ileten \u00f6\u011frencilerimiz Haz\u0131rl\u0131ktan muaf olmaktad\u0131r. Kurlar ile ilgili bilgiler a\u015fa\u011f\u0131daki gibidir;<\/p>\n<p><strong>A1+ A2<\/strong> \/ 16 HAFTA Genel + Genel Akademik \u0130ngilizce<\/p>\n<p><strong>A2<\/strong> \/ 8 HAFTA \/ Genel + Genel Akademik \u0130ngilizce<\/p>\n<p><strong>B1<\/strong> \/ 8 HAFTA \/ Akademik \u0130ngilizce<\/p>\n<p><strong>B2<\/strong> \/ 8 HAFTA \/ Akademik \u0130ngilizce + ESP Mesleki<\/p>\n<p>&nbsp;<\/p>\n<ol start=\"3\">\n<li>\u0130ngilizce Haz\u0131rl\u0131k Program\u0131ndan Muaf olmak i\u00e7in (Haz\u0131rl\u0131k Okumadan Fak\u00fclteye ge\u00e7ebilmek i\u00e7in) ne yapmak gerekir?<\/li>\n<\/ol>\n<ul>\n<li>TOEFL IBT s\u0131nav\u0131ndan minimum 72 puan almak (Ge\u00e7erlilik S\u00fcresi; 2 Y\u0131l)<\/li>\n<li>YDS s\u0131nav\u0131ndan minimum 60 puan almak (Ge\u00e7erlilik S\u00fcresi; 5 Y\u0131l)<\/li>\n<li>PTE ACADEMIC s\u0131nav\u0131ndan minimum 55 puan almak (Ge\u00e7erlilik S\u00fcresi; 2 Y\u0131l)<\/li>\n<li>FCE s\u0131nav\u0131ndan minimum C almak ((Ge\u00e7erlilik S\u00fcresi; S\u00fcresiz)<\/li>\n<li>\u0130ngilizce Yeterlilik (Proficiency) s\u0131nav\u0131ndan 65 ve \u00fcst\u00fc not almak. Yeterlilik s\u0131nav\u0131 y\u0131lda 3 kere yap\u0131l\u0131r. Sene Ba\u015f\u0131nda, D\u00f6nem ortas\u0131nda ve 2nci d\u00f6nem sonunda. Yeterlilik s\u0131nav\u0131n\u0131n mazereti yoktur.<\/li>\n<li>Ba\u015fka bir \u00dcniversitede \u0130ngilizce Haz\u0131rl\u0131k E\u011fitimi alm\u0131\u015f, \u00fczerinden 3 y\u0131l ge\u00e7memi\u015f ve B2 seviyesinde Ba\u015far\u0131l\u0131 olarak ( 65 ve \u00fczeri puan) Haz\u0131rl\u0131k program\u0131ndan mezun olmu\u015f olan \u00f6\u011frencilerimiz, belgelerini \u00d6\u011frenci \u0130\u015fleri Daire Ba\u015fkanl\u0131\u011f\u0131 ve \u0130ngilizce Haz\u0131rl\u0131k Koordinat\u00f6rl\u00fc\u011f\u00fc\u2019ne bildirerek belgenin ge\u00e7erlili\u011fi konusunda bilgi alabilirler.<\/li>\n<\/ul>\n<p><img loading=\"lazy\" decoding=\"async\" class=\"alignnone  wp-image-623\" src=\"http:\/\/ticaret.edu.tr\/ingilizce-hazirlik\/wp-content\/uploads\/sites\/41\/2026\/01\/Hazirlik-Muafiyet-Icin-Kabul-Edilen-Sinavlar-ve-Puanlar-1-300x157.jpg\" alt=\"\" width=\"343\" height=\"180\" srcset=\"http:\/\/ticaret.edu.tr\/ingilizce-hazirlik\/wp-content\/uploads\/sites\/41\/2026\/01\/Hazirlik-Muafiyet-Icin-Kabul-Edilen-Sinavlar-ve-Puanlar-1-300x157.jpg 300w, http:\/\/ticaret.edu.tr\/ingilizce-hazirlik\/wp-content\/uploads\/sites\/41\/2026\/01\/Hazirlik-Muafiyet-Icin-Kabul-Edilen-Sinavlar-ve-Puanlar-1.jpg 484w\" sizes=\"(max-width: 343px) 100vw, 343px\" \/><\/p>\n<ol start=\"4\">\n<li>\u0130ngilizce Haz\u0131rl\u0131k Program\u0131 Yeterlilik (Proficiency) S\u0131nav \u00d6rne\u011fine Nereden Ula\u015fabilirim?<\/li>\n<\/ol>\n<p>S\u0131nav \u00f6rne\u011fi i\u00e7in l\u00fctfen linke t\u0131klay\u0131n\u0131z.<\/p>\n<p><a href=\"https:\/\/ticaret.edu.tr\/ingilizce-hazirlik\/yeterlilik-ve-yerlestirme-sinavlari\/\">https:\/\/ticaret.edu.tr\/ingilizce-hazirlik\/yeterlilik-ve-yerlestirme-sinavlari\/<\/a><\/p>\n<p>&nbsp;<\/p>\n<ol start=\"5\">\n<li>E\u011fitim s\u00fcrecinde kullan\u0131lan LMS ve \u00d6BS sisteminde bir sorun ya\u015famam halinde \u00e7\u00f6z\u00fcm i\u00e7in ne yapmal\u0131y\u0131m?<\/li>\n<\/ol>\n<p>\u00dcniversitemizin kulland\u0131\u011f\u0131 bili\u015fim sistemleriyle alakal\u0131 (\u00d6BS, LMS vb.) herhangi bir sorun ya\u015faman\u0131z halinde \u00fcniversitemizin web sayfas\u0131nda bulunan \u201cB\u0130M Destek\u201d b\u00f6l\u00fcm\u00fcnden ya\u015fad\u0131\u011f\u0131n\u0131z sorunla ilgili olarak yeni destek talebi olu\u015fturabilirsiniz. \u00dcniversitemizin IT departman\u0131 taraf\u0131ndan sorununuz en k\u0131sa s\u00fcrede \u00e7\u00f6z\u00fclecektir.<\/p>\n<p>&nbsp;<\/p>\n<ol start=\"6\">\n<li>S\u0131nav sonu\u00e7lar\u0131na itiraz s\u00fcresi ka\u00e7 g\u00fcnd\u00fcr?<\/li>\n<\/ol>\n<p>S\u0131nav sonu\u00e7lar\u0131na itiraz i\u00e7in, sonu\u00e7lar\u0131n ilan\u0131ndan itibaren 3 i\u015f g\u00fcn\u00fc i\u00e7inde <a href=\"https:\/\/cozummerkezi.ticaret.edu.tr\/\">cozummerkezi.ticaret.edu.tr<\/a> adresinden ticket a\u00e7man\u0131z gerekmektedir.<\/p>\n<p>&nbsp;<\/p>\n<ol start=\"7\">\n<li>Mazeret S\u0131navlar\u0131 kimler i\u00e7in yap\u0131l\u0131r?<\/li>\n<\/ol>\n<p>Mazeret s\u0131navlar\u0131, hakl\u0131 ve ge\u00e7erli mazeretleri olan \u00f6\u011frenciler i\u00e7in yap\u0131lan s\u0131navd\u0131r. Mazeret sebebi kabul edilen \u00f6\u011frenciler, \u0130ngilizce Haz\u0131rl\u0131k Program\u0131 Koordinat\u00f6rl\u00fc\u011f\u00fc\u2019n\u00fcn belirlemi\u015f oldu\u011fu tarihte Mazeret s\u0131nav\u0131na girmeye hak kazan\u0131r.<\/p>\n<p>&nbsp;<\/p>\n<ol start=\"8\">\n<li>Burs, Burs kesilme, \u00d6deme ve Bor\u00e7 bilgilerini nereden \u00f6\u011frenebilirim?<\/li>\n<\/ol>\n<p>Burs ve Burs kesilme durumunuz i\u00e7in \u00d6\u011eRENC\u0130 \u0130\u015eLER\u0130 DA\u0130RE BA\u015eKANLI\u011eI ile, \u00d6deme ve bor\u00e7 bilgileriniz i\u00e7in MAL\u0130 \u0130\u015eLER DA\u0130RE BA\u015eKANLI\u011eI ile g\u00f6r\u00fc\u015fmeniz gerekmektedir.<\/p>\n<p>&nbsp;<\/p>\n<ol start=\"9\">\n<li>Kay\u0131t sildirme nas\u0131l yap\u0131l\u0131r?<\/li>\n<\/ol>\n<p>\u00dcniversitemizden ayr\u0131lmak isteyen \u00f6\u011frencilerin, \u0130ngilizce Haz\u0131rl\u0131k Program\u0131 ile de\u011fil ilgili fak\u00fclte sekreterli\u011fi ile g\u00f6r\u00fc\u015ferek, kay\u0131t sildirme ba\u015fvuru formu, sebebine ait belgeler ve kimlik fotokopisi ile kay\u0131tl\u0131 oldu\u011fu FAK\u00dcLTEYE ba\u015fvurmalar\u0131 gerekmektedir. Ba\u015fvurusu kabul edilen \u00f6\u011frenci Dekanl\u0131k taraf\u0131ndan \u00f6\u011frenci i\u015fleri daire ba\u015fkanl\u0131\u011f\u0131na bildirilir. Kay\u0131t silme i\u015flemi \u00d6\u011eRENC\u0130 \u0130\u015eLER\u0130 DA\u0130RE BA\u015eKANLI\u011eI taraf\u0131ndan yap\u0131l\u0131r.<\/p>\n<p>&nbsp;<\/p>\n<ol start=\"10\">\n<li>Kay\u0131t dondurma i\u015flemi ne zaman yap\u0131labilir?<\/li>\n<\/ol>\n<p>Kay\u0131t dondurma i\u015flemi 1. ve 2. D\u00f6nem ba\u015flang\u0131c\u0131nda yap\u0131labilir. D\u00f6nem ortas\u0131nda kay\u0131t dondurma i\u015flemi yap\u0131lamaz.<\/p>\n<p>&nbsp;<\/p>\n<ol start=\"11\">\n<li>Kay\u0131t dondurma nas\u0131l yap\u0131l\u0131r?<\/li>\n<\/ol>\n<p>Kay\u0131t dondurmak isteyen \u00f6\u011frenciler ilgili d\u00f6nem ba\u015flang\u0131c\u0131nda Fak\u00fclte Sekreterli\u011fine, kay\u0131t dondurma ba\u015fvuru formu, kay\u0131t dondurma sebebine ait belgeler ve kimlik fotokopisi ile ba\u015fvurmalar\u0131 gerekmektedir. Dilek\u00e7e ilgili Y\u00f6netim kurulunca incelenerek karara ba\u011flan\u0131r. Ba\u015fvurusu kabul edilen \u00f6\u011frenci Dekanl\u0131k taraf\u0131ndan \u00f6\u011frenci i\u015fleri daire ba\u015fkanl\u0131\u011f\u0131na bildirilir. Kay\u0131t dondurma i\u015flemi \u00d6\u011eRENC\u0130 \u0130\u015eLER\u0130 DA\u0130RE BA\u015eKANLI\u011eI taraf\u0131ndan yap\u0131l\u0131r. Tek bir ba\u015fvuru ile en fazla iki yar\u0131y\u0131l kay\u0131t dondurulabilir. Kay\u0131t dondurulan d\u00f6nem i\u00e7in \u00fccret \u00f6denmez.<\/p>\n<p>&nbsp;<\/p>\n<ol start=\"12\">\n<li>Yaz Okulunda ka\u00e7 kur e\u011fitimi alabilirim?<\/li>\n<\/ol>\n<p>Yaz okulunda 1 kur e\u011fitimi al\u0131nabilir. Yaz okulu sadece B1 ve B2 kurunda kalan \u00f6\u011frencilerimiz i\u00e7in a\u00e7\u0131l\u0131r ve toplam 1 kur e\u011fitimi 7 haftadan olu\u015fur. Yaz okulu \u00fccretleri Mali \u0130\u015fler Daire Ba\u015fkanl\u0131\u011f\u0131 taraf\u0131ndan belirlenir.<\/p>\n<p>&nbsp;<\/p>\n<ol start=\"13\">\n<li>\u0130ngilizce Haz\u0131rl\u0131k Program\u0131n\u0131 bitirdi\u011fime dair belgeyi nas\u0131l alabilirim?<\/li>\n<\/ol>\n<p>Belgenizi almak i\u00e7in l\u00fctfen <a href=\"https:\/\/cozummerkezi.ticaret.edu.tr\/\">cozummerkezi.ticaret.edu.tr<\/a> adresinden haz\u0131rl\u0131k Program\u0131n\u0131 se\u00e7erek ba\u015fvuruda bulunun.<\/p>\n<p>&nbsp;<\/p>\n<ol start=\"14\">\n<li>Pearson Assured Sertifikas\u0131n\u0131 kimler nas\u0131l alabilir?<\/li>\n<\/ol>\n<ul>\n<li>\u0130stanbul Ticaret \u00dcniversitesi \u0130ngilizce Haz\u0131rl\u0131k Program\u0131, d\u00fcnyan\u0131n en sayg\u0131n kalite akreditasyon kurumlar\u0131ndan biri olan \u0130ngiliz \u2018Pearson Assured\u2019 Uluslararas\u0131 Kalite Akreditasyonuna sahiptir ve \u0130ngilizce Haz\u0131rl\u0131k Program\u0131n\u0131 ba\u015far\u0131yla bitiren t\u00fcm \u00f6\u011frenciler \u2018Pearson Assured\u2019 sertifikas\u0131 almaya hak kazan\u0131rlar.<\/li>\n<li>Ba\u015fvurunuzdan belirli bir s\u00fcre sonras\u0131nda belgeniz \u0130ngilizce Haz\u0131rl\u0131k Program\u0131\u2019na teslim edilir. Belgeniz bizlere ula\u015ft\u0131\u011f\u0131 zaman SMS ile bilgilendirilirsiniz. SMS gelmez ise <a href=\"https:\/\/cozummerkezi.ticaret.edu.tr\/\">ticaret.edu.tr<\/a> ye girerek ticket a\u00e7arak belgenizin durumunu \u00f6\u011frenebilirsiniz.<\/li>\n<\/ul>\n","protected":false},"excerpt":{"rendered":"<p>&nbsp; \u0130ngilizce Haz\u0131rl\u0131k Program\u0131\u2019n\u0131n t\u00fcm detaylar\u0131n\u0131 nas\u0131l \u00f6\u011frenebilirim? \u0130ngilizce Haz\u0131rl\u0131k Program\u0131 ile alakal\u0131 merak etti\u011finiz t\u00fcm konular i\u00e7in linke t\u0131klayarak sizler i\u00e7in haz\u0131rlanan \u00d6\u011frenci El Kitab\u0131m\u0131z\u0131 inceleyiniz. https:\/\/ticaret.edu.tr\/ingilizce-hazirlik\/wp-content\/uploads\/sites\/41\/2021\/11\/2021-2022-Ogrenci-El-Kitabi.pdf &nbsp; \u0130ngilizce Haz\u0131rl\u0131k Program\u0131 ka\u00e7 kurdan olu\u015fur? \u0130ngilizce Dil Haz\u0131rl\u0131k Program\u0131 toplam d\u00f6rt kurdan olu\u015fur: \u00d6\u011frenciler akademik y\u0131l\u0131n ba\u015f\u0131nda Yerle\u015ftirme (Seviye Belirleme) S\u0131nav\u0131\u2019n\u0131n sonu\u00e7lar\u0131na g\u00f6re d\u00f6rt d\u00fczeyden [&hellip;]<\/p>\n","protected":false},"author":84,"featured_media":0,"parent":0,"menu_order":0,"comment_status":"closed","ping_status":"closed","template":"genel_sayfa.php","meta":{"footnotes":""},"yoast_head":"<!-- This site is optimized with the Yoast SEO Premium plugin v22.1 (Yoast SEO v22.1) - https:\/\/yoast.com\/wordpress\/plugins\/seo\/ -->\n<title>S\u0131k\u00e7a Sorulan Sorular - \u0130ngilizce Haz\u0131rl\u0131k<\/title>\n<meta name=\"robots\" content=\"index, follow, max-snippet:-1, max-image-preview:large, max-video-preview:-1\" \/>\n<link rel=\"canonical\" href=\"https:\/\/ticaret.edu.tr\/ingilizce-hazirlik\/sikca-sorulan-sorular\/\" \/>\n<meta property=\"og:locale\" content=\"tr_TR\" \/>\n<meta property=\"og:type\" content=\"article\" \/>\n<meta property=\"og:title\" content=\"S\u0131k\u00e7a Sorulan Sorular\" \/>\n<meta property=\"og:description\" content=\"&nbsp; \u0130ngilizce Haz\u0131rl\u0131k Program\u0131\u2019n\u0131n t\u00fcm detaylar\u0131n\u0131 nas\u0131l \u00f6\u011frenebilirim? \u0130ngilizce Haz\u0131rl\u0131k Program\u0131 ile alakal\u0131 merak etti\u011finiz t\u00fcm konular i\u00e7in linke t\u0131klayarak sizler i\u00e7in haz\u0131rlanan \u00d6\u011frenci El Kitab\u0131m\u0131z\u0131 inceleyiniz. https:\/\/ticaret.edu.tr\/ingilizce-hazirlik\/wp-content\/uploads\/sites\/41\/2021\/11\/2021-2022-Ogrenci-El-Kitabi.pdf &nbsp; \u0130ngilizce Haz\u0131rl\u0131k Program\u0131 ka\u00e7 kurdan olu\u015fur? \u0130ngilizce Dil Haz\u0131rl\u0131k Program\u0131 toplam d\u00f6rt kurdan olu\u015fur: \u00d6\u011frenciler akademik y\u0131l\u0131n ba\u015f\u0131nda Yerle\u015ftirme (Seviye Belirleme) S\u0131nav\u0131\u2019n\u0131n sonu\u00e7lar\u0131na g\u00f6re d\u00f6rt d\u00fczeyden [&hellip;]\" \/>\n<meta property=\"og:url\" content=\"https:\/\/ticaret.edu.tr\/ingilizce-hazirlik\/sikca-sorulan-sorular\/\" \/>\n<meta property=\"og:site_name\" content=\"\u0130ngilizce Haz\u0131rl\u0131k\" \/>\n<meta property=\"article:publisher\" content=\"https:\/\/www.facebook.com\/ticaretedutr\" \/>\n<meta property=\"article:modified_time\" content=\"2026-01-22T11:20:52+00:00\" \/>\n<meta property=\"og:image\" content=\"http:\/\/ticaret.edu.tr\/ingilizce-hazirlik\/wp-content\/uploads\/sites\/41\/2026\/01\/Hazirlik-Muafiyet-Icin-Kabul-Edilen-Sinavlar-ve-Puanlar-1-300x157.jpg\" \/>\n<meta name=\"twitter:card\" content=\"summary_large_image\" \/>\n<meta name=\"twitter:site\" content=\"@ticaretedutr\" \/>\n<meta name=\"twitter:label1\" content=\"Tahmini okuma s\u00fcresi\" \/>\n\t<meta name=\"twitter:data1\" content=\"5 dakika\" \/>\n<script type=\"application\/ld+json\" class=\"yoast-schema-graph\">{\"@context\":\"https:\/\/schema.org\",\"@graph\":[{\"@type\":\"WebPage\",\"@id\":\"https:\/\/ticaret.edu.tr\/ingilizce-hazirlik\/sikca-sorulan-sorular\/\",\"url\":\"https:\/\/ticaret.edu.tr\/ingilizce-hazirlik\/sikca-sorulan-sorular\/\",\"name\":\"S\u0131k\u00e7a Sorulan Sorular - \u0130ngilizce Haz\u0131rl\u0131k\",\"isPartOf\":{\"@id\":\"https:\/\/ticaret.edu.tr\/ingilizce-hazirlik\/#website\"},\"datePublished\":\"2022-04-05T07:27:46+00:00\",\"dateModified\":\"2026-01-22T11:20:52+00:00\",\"breadcrumb\":{\"@id\":\"https:\/\/ticaret.edu.tr\/ingilizce-hazirlik\/sikca-sorulan-sorular\/#breadcrumb\"},\"inLanguage\":\"tr\",\"potentialAction\":[{\"@type\":\"ReadAction\",\"target\":[\"https:\/\/ticaret.edu.tr\/ingilizce-hazirlik\/sikca-sorulan-sorular\/\"]}]},{\"@type\":\"BreadcrumbList\",\"@id\":\"https:\/\/ticaret.edu.tr\/ingilizce-hazirlik\/sikca-sorulan-sorular\/#breadcrumb\",\"itemListElement\":[{\"@type\":\"ListItem\",\"position\":1,\"name\":\"Ana sayfa\",\"item\":\"https:\/\/ticaret.edu.tr\/ingilizce-hazirlik\/\"},{\"@type\":\"ListItem\",\"position\":2,\"name\":\"S\u0131k\u00e7a Sorulan Sorular\"}]},{\"@type\":\"WebSite\",\"@id\":\"https:\/\/ticaret.edu.tr\/ingilizce-hazirlik\/#website\",\"url\":\"https:\/\/ticaret.edu.tr\/ingilizce-hazirlik\/\",\"name\":\"\u0130ngilizce Haz\u0131rl\u0131k\",\"description\":\"Bir ba\u015fka \u0130stanbul Ticaret \u00dcniversitesi site sitesi\",\"potentialAction\":[{\"@type\":\"SearchAction\",\"target\":{\"@type\":\"EntryPoint\",\"urlTemplate\":\"https:\/\/ticaret.edu.tr\/ingilizce-hazirlik\/?s={search_term_string}\"},\"query-input\":\"required name=search_term_string\"}],\"inLanguage\":\"tr\"}]}<\/script>\n<!-- \/ Yoast SEO Premium plugin. -->","yoast_head_json":{"title":"S\u0131k\u00e7a Sorulan Sorular - \u0130ngilizce Haz\u0131rl\u0131k","robots":{"index":"index","follow":"follow","max-snippet":"max-snippet:-1","max-image-preview":"max-image-preview:large","max-video-preview":"max-video-preview:-1"},"canonical":"https:\/\/ticaret.edu.tr\/ingilizce-hazirlik\/sikca-sorulan-sorular\/","og_locale":"tr_TR","og_type":"article","og_title":"S\u0131k\u00e7a Sorulan Sorular","og_description":"&nbsp; \u0130ngilizce Haz\u0131rl\u0131k Program\u0131\u2019n\u0131n t\u00fcm detaylar\u0131n\u0131 nas\u0131l \u00f6\u011frenebilirim? \u0130ngilizce Haz\u0131rl\u0131k Program\u0131 ile alakal\u0131 merak etti\u011finiz t\u00fcm konular i\u00e7in linke t\u0131klayarak sizler i\u00e7in haz\u0131rlanan \u00d6\u011frenci El Kitab\u0131m\u0131z\u0131 inceleyiniz. https:\/\/ticaret.edu.tr\/ingilizce-hazirlik\/wp-content\/uploads\/sites\/41\/2021\/11\/2021-2022-Ogrenci-El-Kitabi.pdf &nbsp; \u0130ngilizce Haz\u0131rl\u0131k Program\u0131 ka\u00e7 kurdan olu\u015fur? \u0130ngilizce Dil Haz\u0131rl\u0131k Program\u0131 toplam d\u00f6rt kurdan olu\u015fur: \u00d6\u011frenciler akademik y\u0131l\u0131n ba\u015f\u0131nda Yerle\u015ftirme (Seviye Belirleme) S\u0131nav\u0131\u2019n\u0131n sonu\u00e7lar\u0131na g\u00f6re d\u00f6rt d\u00fczeyden [&hellip;]","og_url":"https:\/\/ticaret.edu.tr\/ingilizce-hazirlik\/sikca-sorulan-sorular\/","og_site_name":"\u0130ngilizce Haz\u0131rl\u0131k","article_publisher":"https:\/\/www.facebook.com\/ticaretedutr","article_modified_time":"2026-01-22T11:20:52+00:00","og_image":[{"url":"http:\/\/ticaret.edu.tr\/ingilizce-hazirlik\/wp-content\/uploads\/sites\/41\/2026\/01\/Hazirlik-Muafiyet-Icin-Kabul-Edilen-Sinavlar-ve-Puanlar-1-300x157.jpg"}],"twitter_card":"summary_large_image","twitter_site":"@ticaretedutr","twitter_misc":{"Tahmini okuma s\u00fcresi":"5 dakika"},"schema":{"@context":"https:\/\/schema.org","@graph":[{"@type":"WebPage","@id":"https:\/\/ticaret.edu.tr\/ingilizce-hazirlik\/sikca-sorulan-sorular\/","url":"https:\/\/ticaret.edu.tr\/ingilizce-hazirlik\/sikca-sorulan-sorular\/","name":"S\u0131k\u00e7a Sorulan Sorular - \u0130ngilizce Haz\u0131rl\u0131k","isPartOf":{"@id":"https:\/\/ticaret.edu.tr\/ingilizce-hazirlik\/#website"},"datePublished":"2022-04-05T07:27:46+00:00","dateModified":"2026-01-22T11:20:52+00:00","breadcrumb":{"@id":"https:\/\/ticaret.edu.tr\/ingilizce-hazirlik\/sikca-sorulan-sorular\/#breadcrumb"},"inLanguage":"tr","potentialAction":[{"@type":"ReadAction","target":["https:\/\/ticaret.edu.tr\/ingilizce-hazirlik\/sikca-sorulan-sorular\/"]}]},{"@type":"BreadcrumbList","@id":"https:\/\/ticaret.edu.tr\/ingilizce-hazirlik\/sikca-sorulan-sorular\/#breadcrumb","itemListElement":[{"@type":"ListItem","position":1,"name":"Ana sayfa","item":"https:\/\/ticaret.edu.tr\/ingilizce-hazirlik\/"},{"@type":"ListItem","position":2,"name":"S\u0131k\u00e7a Sorulan Sorular"}]},{"@type":"WebSite","@id":"https:\/\/ticaret.edu.tr\/ingilizce-hazirlik\/#website","url":"https:\/\/ticaret.edu.tr\/ingilizce-hazirlik\/","name":"\u0130ngilizce Haz\u0131rl\u0131k","description":"Bir ba\u015fka \u0130stanbul Ticaret \u00dcniversitesi site sitesi","potentialAction":[{"@type":"SearchAction","target":{"@type":"EntryPoint","urlTemplate":"https:\/\/ticaret.edu.tr\/ingilizce-hazirlik\/?s={search_term_string}"},"query-input":"required name=search_term_string"}],"inLanguage":"tr"}]}},"lang":"tr","translations":{"en":358,"tr":356},"pll_sync_post":[],"_links":{"self":[{"href":"http:\/\/ticaret.edu.tr\/ingilizce-hazirlik\/wp-json\/wp\/v2\/pages\/356"}],"collection":[{"href":"http:\/\/ticaret.edu.tr\/ingilizce-hazirlik\/wp-json\/wp\/v2\/pages"}],"about":[{"href":"http:\/\/ticaret.edu.tr\/ingilizce-hazirlik\/wp-json\/wp\/v2\/types\/page"}],"author":[{"embeddable":true,"href":"http:\/\/ticaret.edu.tr\/ingilizce-hazirlik\/wp-json\/wp\/v2\/users\/84"}],"replies":[{"embeddable":true,"href":"http:\/\/ticaret.edu.tr\/ingilizce-hazirlik\/wp-json\/wp\/v2\/comments?post=356"}],"version-history":[{"count":3,"href":"http:\/\/ticaret.edu.tr\/ingilizce-hazirlik\/wp-json\/wp\/v2\/pages\/356\/revisions"}],"predecessor-version":[{"id":625,"href":"http:\/\/ticaret.edu.tr\/ingilizce-hazirlik\/wp-json\/wp\/v2\/pages\/356\/revisions\/625"}],"wp:attachment":[{"href":"http:\/\/ticaret.edu.tr\/ingilizce-hazirlik\/wp-json\/wp\/v2\/media?parent=356"}],"curies":[{"name":"wp","href":"https:\/\/api.w.org\/{rel}","templated":true}]}}