{"id":784,"date":"2026-05-05T15:19:48","date_gmt":"2026-05-05T12:19:48","guid":{"rendered":"https:\/\/ticaret.edu.tr\/ingilizce-hazirlik\/?page_id=784"},"modified":"2026-05-05T15:55:32","modified_gmt":"2026-05-05T12:55:32","slug":"kalite-guvence-sistemi","status":"publish","type":"page","link":"http:\/\/ticaret.edu.tr\/ingilizce-hazirlik\/kalite-guvence-sistemi\/","title":{"rendered":"Kalite G\u00fcvence Sistemi"},"content":{"rendered":"<p><strong>\u0130ngilizce Haz\u0131rl\u0131k Okulu Koordinat\u00f6rl\u00fc\u011f\u00fc <\/strong><\/p>\n<p><strong>Birim Kalite Komisyonu<\/strong><\/p>\n<p>\u00d6\u011fr. G\u00f6r. Serap I\u015eIKLAR \u2013 Ba\u015fkan<\/p>\n<p>\u00d6\u011fr. G\u00f6r. Ahu DEREL\u0130\u2013 Ba\u015fkan Yard\u0131mc\u0131s\u0131<\/p>\n<p>\u00d6\u011fr. G\u00f6r. Lale ERDEM \u2013 \u00dcye<\/p>\n<p>\u00d6\u011fr. G\u00f6r. Tu\u011fba \u00d6ZBEK \u2013 \u00dcye<\/p>\n<p>Zhuldyz SAKHI \u2013 Raport\u00f6r \u00dcye<\/p>\n<p>Batuhan \u015eAH\u0130N \u2013 Raport\u00f6r \u00dcye<\/p>\n<p>&nbsp;<\/p>\n","protected":false},"excerpt":{"rendered":"<p>\u0130ngilizce Haz\u0131rl\u0131k Okulu Koordinat\u00f6rl\u00fc\u011f\u00fc Birim Kalite Komisyonu \u00d6\u011fr. G\u00f6r. Serap I\u015eIKLAR \u2013 Ba\u015fkan \u00d6\u011fr. G\u00f6r. Ahu DEREL\u0130\u2013 Ba\u015fkan Yard\u0131mc\u0131s\u0131 \u00d6\u011fr. G\u00f6r. Lale ERDEM \u2013 \u00dcye \u00d6\u011fr. G\u00f6r. Tu\u011fba \u00d6ZBEK \u2013 \u00dcye Zhuldyz SAKHI \u2013 Raport\u00f6r \u00dcye Batuhan \u015eAH\u0130N \u2013 Raport\u00f6r \u00dcye &nbsp;<\/p>\n","protected":false},"author":255,"featured_media":0,"parent":0,"menu_order":0,"comment_status":"closed","ping_status":"closed","template":"genel_sayfa.php","meta":{"footnotes":""},"yoast_head":"<!-- This site is optimized with the Yoast SEO Premium plugin v22.1 (Yoast SEO v22.1) - https:\/\/yoast.com\/wordpress\/plugins\/seo\/ -->\n<title>Kalite G\u00fcvence Sistemi - \u0130ngilizce Haz\u0131rl\u0131k<\/title>\n<meta name=\"robots\" content=\"index, follow, max-snippet:-1, max-image-preview:large, max-video-preview:-1\" \/>\n<link rel=\"canonical\" href=\"http:\/\/ticaret.edu.tr\/ingilizce-hazirlik\/kalite-guvence-sistemi\/\" \/>\n<meta property=\"og:locale\" content=\"tr_TR\" \/>\n<meta property=\"og:type\" content=\"article\" \/>\n<meta property=\"og:title\" content=\"Kalite G\u00fcvence Sistemi\" \/>\n<meta property=\"og:description\" content=\"\u0130ngilizce Haz\u0131rl\u0131k Okulu Koordinat\u00f6rl\u00fc\u011f\u00fc Birim Kalite Komisyonu \u00d6\u011fr. G\u00f6r. Serap I\u015eIKLAR \u2013 Ba\u015fkan \u00d6\u011fr. G\u00f6r. Ahu DEREL\u0130\u2013 Ba\u015fkan Yard\u0131mc\u0131s\u0131 \u00d6\u011fr. G\u00f6r. Lale ERDEM \u2013 \u00dcye \u00d6\u011fr. G\u00f6r. Tu\u011fba \u00d6ZBEK \u2013 \u00dcye Zhuldyz SAKHI \u2013 Raport\u00f6r \u00dcye Batuhan \u015eAH\u0130N \u2013 Raport\u00f6r \u00dcye &nbsp;\" \/>\n<meta property=\"og:url\" content=\"http:\/\/ticaret.edu.tr\/ingilizce-hazirlik\/kalite-guvence-sistemi\/\" \/>\n<meta property=\"og:site_name\" content=\"\u0130ngilizce Haz\u0131rl\u0131k\" \/>\n<meta property=\"article:publisher\" content=\"https:\/\/www.facebook.com\/ticaretedutr\" \/>\n<meta property=\"article:modified_time\" content=\"2026-05-05T12:55:32+00:00\" \/>\n<meta property=\"og:image\" content=\"http:\/\/ticaret.edu.tr\/ingilizce-hazirlik\/wp-content\/uploads\/sites\/41\/2021\/11\/web_logo-01.jpg\" \/>\n\t<meta property=\"og:image:width\" content=\"1250\" \/>\n\t<meta property=\"og:image:height\" content=\"833\" \/>\n\t<meta property=\"og:image:type\" content=\"image\/jpeg\" \/>\n<meta name=\"twitter:card\" content=\"summary_large_image\" \/>\n<meta name=\"twitter:site\" content=\"@ticaretedutr\" \/>\n<meta name=\"twitter:label1\" content=\"Tahmini okuma s\u00fcresi\" \/>\n\t<meta name=\"twitter:data1\" content=\"1 dakika\" \/>\n<script type=\"application\/ld+json\" class=\"yoast-schema-graph\">{\"@context\":\"https:\/\/schema.org\",\"@graph\":[{\"@type\":\"WebPage\",\"@id\":\"http:\/\/ticaret.edu.tr\/ingilizce-hazirlik\/kalite-guvence-sistemi\/\",\"url\":\"http:\/\/ticaret.edu.tr\/ingilizce-hazirlik\/kalite-guvence-sistemi\/\",\"name\":\"Kalite G\u00fcvence Sistemi - \u0130ngilizce Haz\u0131rl\u0131k\",\"isPartOf\":{\"@id\":\"https:\/\/ticaret.edu.tr\/ingilizce-hazirlik\/#website\"},\"datePublished\":\"2026-05-05T12:19:48+00:00\",\"dateModified\":\"2026-05-05T12:55:32+00:00\",\"breadcrumb\":{\"@id\":\"http:\/\/ticaret.edu.tr\/ingilizce-hazirlik\/kalite-guvence-sistemi\/#breadcrumb\"},\"inLanguage\":\"tr\",\"potentialAction\":[{\"@type\":\"ReadAction\",\"target\":[\"http:\/\/ticaret.edu.tr\/ingilizce-hazirlik\/kalite-guvence-sistemi\/\"]}]},{\"@type\":\"BreadcrumbList\",\"@id\":\"http:\/\/ticaret.edu.tr\/ingilizce-hazirlik\/kalite-guvence-sistemi\/#breadcrumb\",\"itemListElement\":[{\"@type\":\"ListItem\",\"position\":1,\"name\":\"Ana sayfa\",\"item\":\"https:\/\/ticaret.edu.tr\/ingilizce-hazirlik\/\"},{\"@type\":\"ListItem\",\"position\":2,\"name\":\"Kalite G\u00fcvence Sistemi\"}]},{\"@type\":\"WebSite\",\"@id\":\"https:\/\/ticaret.edu.tr\/ingilizce-hazirlik\/#website\",\"url\":\"https:\/\/ticaret.edu.tr\/ingilizce-hazirlik\/\",\"name\":\"\u0130ngilizce Haz\u0131rl\u0131k\",\"description\":\"Bir ba\u015fka \u0130stanbul Ticaret \u00dcniversitesi site sitesi\",\"potentialAction\":[{\"@type\":\"SearchAction\",\"target\":{\"@type\":\"EntryPoint\",\"urlTemplate\":\"https:\/\/ticaret.edu.tr\/ingilizce-hazirlik\/?s={search_term_string}\"},\"query-input\":\"required name=search_term_string\"}],\"inLanguage\":\"tr\"}]}<\/script>\n<!-- \/ Yoast SEO Premium plugin. -->","yoast_head_json":{"title":"Kalite G\u00fcvence Sistemi - \u0130ngilizce Haz\u0131rl\u0131k","robots":{"index":"index","follow":"follow","max-snippet":"max-snippet:-1","max-image-preview":"max-image-preview:large","max-video-preview":"max-video-preview:-1"},"canonical":"http:\/\/ticaret.edu.tr\/ingilizce-hazirlik\/kalite-guvence-sistemi\/","og_locale":"tr_TR","og_type":"article","og_title":"Kalite G\u00fcvence Sistemi","og_description":"\u0130ngilizce Haz\u0131rl\u0131k Okulu Koordinat\u00f6rl\u00fc\u011f\u00fc Birim Kalite Komisyonu \u00d6\u011fr. G\u00f6r. Serap I\u015eIKLAR \u2013 Ba\u015fkan \u00d6\u011fr. G\u00f6r. Ahu DEREL\u0130\u2013 Ba\u015fkan Yard\u0131mc\u0131s\u0131 \u00d6\u011fr. G\u00f6r. Lale ERDEM \u2013 \u00dcye \u00d6\u011fr. G\u00f6r. Tu\u011fba \u00d6ZBEK \u2013 \u00dcye Zhuldyz SAKHI \u2013 Raport\u00f6r \u00dcye Batuhan \u015eAH\u0130N \u2013 Raport\u00f6r \u00dcye &nbsp;","og_url":"http:\/\/ticaret.edu.tr\/ingilizce-hazirlik\/kalite-guvence-sistemi\/","og_site_name":"\u0130ngilizce Haz\u0131rl\u0131k","article_publisher":"https:\/\/www.facebook.com\/ticaretedutr","article_modified_time":"2026-05-05T12:55:32+00:00","og_image":[{"width":1250,"height":833,"url":"http:\/\/ticaret.edu.tr\/ingilizce-hazirlik\/wp-content\/uploads\/sites\/41\/2021\/11\/web_logo-01.jpg","type":"image\/jpeg"}],"twitter_card":"summary_large_image","twitter_site":"@ticaretedutr","twitter_misc":{"Tahmini okuma s\u00fcresi":"1 dakika"},"schema":{"@context":"https:\/\/schema.org","@graph":[{"@type":"WebPage","@id":"http:\/\/ticaret.edu.tr\/ingilizce-hazirlik\/kalite-guvence-sistemi\/","url":"http:\/\/ticaret.edu.tr\/ingilizce-hazirlik\/kalite-guvence-sistemi\/","name":"Kalite G\u00fcvence Sistemi - \u0130ngilizce Haz\u0131rl\u0131k","isPartOf":{"@id":"https:\/\/ticaret.edu.tr\/ingilizce-hazirlik\/#website"},"datePublished":"2026-05-05T12:19:48+00:00","dateModified":"2026-05-05T12:55:32+00:00","breadcrumb":{"@id":"http:\/\/ticaret.edu.tr\/ingilizce-hazirlik\/kalite-guvence-sistemi\/#breadcrumb"},"inLanguage":"tr","potentialAction":[{"@type":"ReadAction","target":["http:\/\/ticaret.edu.tr\/ingilizce-hazirlik\/kalite-guvence-sistemi\/"]}]},{"@type":"BreadcrumbList","@id":"http:\/\/ticaret.edu.tr\/ingilizce-hazirlik\/kalite-guvence-sistemi\/#breadcrumb","itemListElement":[{"@type":"ListItem","position":1,"name":"Ana sayfa","item":"https:\/\/ticaret.edu.tr\/ingilizce-hazirlik\/"},{"@type":"ListItem","position":2,"name":"Kalite G\u00fcvence Sistemi"}]},{"@type":"WebSite","@id":"https:\/\/ticaret.edu.tr\/ingilizce-hazirlik\/#website","url":"https:\/\/ticaret.edu.tr\/ingilizce-hazirlik\/","name":"\u0130ngilizce Haz\u0131rl\u0131k","description":"Bir ba\u015fka \u0130stanbul Ticaret \u00dcniversitesi site sitesi","potentialAction":[{"@type":"SearchAction","target":{"@type":"EntryPoint","urlTemplate":"https:\/\/ticaret.edu.tr\/ingilizce-hazirlik\/?s={search_term_string}"},"query-input":"required name=search_term_string"}],"inLanguage":"tr"}]}},"lang":"tr","translations":{"tr":784},"pll_sync_post":[],"_links":{"self":[{"href":"http:\/\/ticaret.edu.tr\/ingilizce-hazirlik\/wp-json\/wp\/v2\/pages\/784"}],"collection":[{"href":"http:\/\/ticaret.edu.tr\/ingilizce-hazirlik\/wp-json\/wp\/v2\/pages"}],"about":[{"href":"http:\/\/ticaret.edu.tr\/ingilizce-hazirlik\/wp-json\/wp\/v2\/types\/page"}],"author":[{"embeddable":true,"href":"http:\/\/ticaret.edu.tr\/ingilizce-hazirlik\/wp-json\/wp\/v2\/users\/255"}],"replies":[{"embeddable":true,"href":"http:\/\/ticaret.edu.tr\/ingilizce-hazirlik\/wp-json\/wp\/v2\/comments?post=784"}],"version-history":[{"count":4,"href":"http:\/\/ticaret.edu.tr\/ingilizce-hazirlik\/wp-json\/wp\/v2\/pages\/784\/revisions"}],"predecessor-version":[{"id":789,"href":"http:\/\/ticaret.edu.tr\/ingilizce-hazirlik\/wp-json\/wp\/v2\/pages\/784\/revisions\/789"}],"wp:attachment":[{"href":"http:\/\/ticaret.edu.tr\/ingilizce-hazirlik\/wp-json\/wp\/v2\/media?parent=784"}],"curies":[{"name":"wp","href":"https:\/\/api.w.org\/{rel}","templated":true}]}}