{"id":29,"date":"2021-04-28T14:19:53","date_gmt":"2021-04-28T11:19:53","guid":{"rendered":"http:\/\/ticaret.edu.tr\/ikdb\/?page_id=29"},"modified":"2026-01-16T09:39:48","modified_gmt":"2026-01-16T06:39:48","slug":"uygulamalarimiz","status":"publish","type":"page","link":"http:\/\/ticaret.edu.tr\/insan-kaynaklari-daire-baskanligi\/uygulamalarimiz\/","title":{"rendered":"Uygulamalar\u0131m\u0131z"},"content":{"rendered":"<div class=\"BABaslik\">\n<p><span style=\"text-decoration: underline;\"><strong style=\"font-size: 16px;\">\u00dcCRET Y\u00d6NET\u0130M\u0130<\/strong><\/span><\/p>\n<\/div>\n<div class=\"BAIcerik\">\n<p><strong><u>Amac\u0131m\u0131z,<\/u><\/strong><\/p>\n<ul>\n<li>Uygun \u00fccret sistem ve uygulamalar\u0131yla \u00e7al\u0131\u015fanlar\u0131n daha verimli olma konusunda motive edilmesi,<\/li>\n<li>\u00dcniversitemize uygun yetkinlikte \u00e7al\u0131\u015fanlar\u0131n kazan\u0131lmas\u0131 ve var olan \u00e7al\u0131\u015fanlar\u0131n devaml\u0131l\u0131\u011f\u0131n\u0131n sa\u011flanmas\u0131d\u0131r.<\/li>\n<\/ul>\n<div align=\"center\">\n<hr align=\"center\" size=\"3\" width=\"100%\" \/>\n<\/div>\n<p><strong><u>\u00c7al\u0131\u015fanlar\u0131m\u0131za Sa\u011flanan Ek Faydalar,<\/u><\/strong><\/p>\n<ul>\n<li>Yabanc\u0131 dil sertifikas\u0131 ibraz\u0131na istinaden ek \u00fccret(Sadece \u0130dari Personel),<\/li>\n<li>\u00dcniversitemiz sa\u011fl\u0131k ofisleri,<\/li>\n<li>Anla\u015fmal\u0131 kurumlar da indirim olana\u011f\u0131<\/li>\n<li>\u00dcniversitemiz de e\u011fitim i\u00e7in personel indirimi, \u00fcniversitenin kadrolu akademik ve idari personeli ile e\u015f ve \u00e7ocuklar\u0131na indirim sa\u011flanmaktad\u0131r.<\/li>\n<\/ul>\n<div align=\"center\"><\/div>\n<\/div>\n","protected":false},"excerpt":{"rendered":"<p>\u00dcCRET Y\u00d6NET\u0130M\u0130 Amac\u0131m\u0131z, Uygun \u00fccret sistem ve uygulamalar\u0131yla \u00e7al\u0131\u015fanlar\u0131n daha verimli olma konusunda motive edilmesi, \u00dcniversitemize uygun yetkinlikte \u00e7al\u0131\u015fanlar\u0131n kazan\u0131lmas\u0131 ve var olan \u00e7al\u0131\u015fanlar\u0131n devaml\u0131l\u0131\u011f\u0131n\u0131n sa\u011flanmas\u0131d\u0131r. \u00c7al\u0131\u015fanlar\u0131m\u0131za Sa\u011flanan Ek Faydalar, Yabanc\u0131 dil sertifikas\u0131 ibraz\u0131na istinaden ek \u00fccret(Sadece \u0130dari Personel), \u00dcniversitemiz sa\u011fl\u0131k ofisleri, Anla\u015fmal\u0131 kurumlar da indirim olana\u011f\u0131 \u00dcniversitemiz de e\u011fitim i\u00e7in personel indirimi, \u00fcniversitenin kadrolu [&hellip;]<\/p>\n","protected":false},"author":149,"featured_media":0,"parent":0,"menu_order":0,"comment_status":"closed","ping_status":"closed","template":"genel_sayfa.php","meta":{"footnotes":""},"yoast_head":"<!-- This site is optimized with the Yoast SEO Premium plugin v22.1 (Yoast SEO v22.1) - https:\/\/yoast.com\/wordpress\/plugins\/seo\/ -->\n<title>Uygulamalar\u0131m\u0131z - \u0130nsan Kaynaklar\u0131 Daire Ba\u015fkanl\u0131\u011f\u0131<\/title>\n<meta name=\"robots\" content=\"index, follow, max-snippet:-1, max-image-preview:large, max-video-preview:-1\" \/>\n<link rel=\"canonical\" href=\"https:\/\/ticaret.edu.tr\/insan-kaynaklari-daire-baskanligi\/uygulamalarimiz\/\" \/>\n<meta property=\"og:locale\" content=\"tr_TR\" \/>\n<meta property=\"og:type\" content=\"article\" \/>\n<meta property=\"og:title\" content=\"Uygulamalar\u0131m\u0131z\" \/>\n<meta property=\"og:description\" content=\"\u00dcCRET Y\u00d6NET\u0130M\u0130 Amac\u0131m\u0131z, Uygun \u00fccret sistem ve uygulamalar\u0131yla \u00e7al\u0131\u015fanlar\u0131n daha verimli olma konusunda motive edilmesi, \u00dcniversitemize uygun yetkinlikte \u00e7al\u0131\u015fanlar\u0131n kazan\u0131lmas\u0131 ve var olan \u00e7al\u0131\u015fanlar\u0131n devaml\u0131l\u0131\u011f\u0131n\u0131n sa\u011flanmas\u0131d\u0131r. \u00c7al\u0131\u015fanlar\u0131m\u0131za Sa\u011flanan Ek Faydalar, Yabanc\u0131 dil sertifikas\u0131 ibraz\u0131na istinaden ek \u00fccret(Sadece \u0130dari Personel), \u00dcniversitemiz sa\u011fl\u0131k ofisleri, Anla\u015fmal\u0131 kurumlar da indirim olana\u011f\u0131 \u00dcniversitemiz de e\u011fitim i\u00e7in personel indirimi, \u00fcniversitenin kadrolu [&hellip;]\" \/>\n<meta property=\"og:url\" content=\"https:\/\/ticaret.edu.tr\/insan-kaynaklari-daire-baskanligi\/uygulamalarimiz\/\" \/>\n<meta property=\"og:site_name\" content=\"\u0130nsan Kaynaklar\u0131 Daire Ba\u015fkanl\u0131\u011f\u0131\" \/>\n<meta property=\"article:publisher\" content=\"https:\/\/www.facebook.com\/ticaretedutr\" \/>\n<meta property=\"article:modified_time\" content=\"2026-01-16T06:39:48+00:00\" \/>\n<meta property=\"og:image\" content=\"http:\/\/ticaret.edu.tr\/insan-kaynaklari-daire-baskanligi\/wp-content\/uploads\/sites\/64\/2021\/11\/web_logo-01.jpg\" \/>\n\t<meta property=\"og:image:width\" content=\"1250\" \/>\n\t<meta property=\"og:image:height\" content=\"833\" \/>\n\t<meta property=\"og:image:type\" content=\"image\/jpeg\" \/>\n<meta name=\"twitter:card\" content=\"summary_large_image\" \/>\n<meta name=\"twitter:site\" content=\"@ticaretedutr\" \/>\n<meta name=\"twitter:label1\" content=\"Tahmini okuma s\u00fcresi\" \/>\n\t<meta name=\"twitter:data1\" content=\"1 dakika\" \/>\n<script type=\"application\/ld+json\" class=\"yoast-schema-graph\">{\"@context\":\"https:\/\/schema.org\",\"@graph\":[{\"@type\":\"WebPage\",\"@id\":\"https:\/\/ticaret.edu.tr\/insan-kaynaklari-daire-baskanligi\/uygulamalarimiz\/\",\"url\":\"https:\/\/ticaret.edu.tr\/insan-kaynaklari-daire-baskanligi\/uygulamalarimiz\/\",\"name\":\"Uygulamalar\u0131m\u0131z - \u0130nsan Kaynaklar\u0131 Daire Ba\u015fkanl\u0131\u011f\u0131\",\"isPartOf\":{\"@id\":\"http:\/\/ticaret.edu.tr\/insan-kaynaklari-daire-baskanligi\/#website\"},\"datePublished\":\"2021-04-28T11:19:53+00:00\",\"dateModified\":\"2026-01-16T06:39:48+00:00\",\"breadcrumb\":{\"@id\":\"https:\/\/ticaret.edu.tr\/insan-kaynaklari-daire-baskanligi\/uygulamalarimiz\/#breadcrumb\"},\"inLanguage\":\"tr\",\"potentialAction\":[{\"@type\":\"ReadAction\",\"target\":[\"https:\/\/ticaret.edu.tr\/insan-kaynaklari-daire-baskanligi\/uygulamalarimiz\/\"]}]},{\"@type\":\"BreadcrumbList\",\"@id\":\"https:\/\/ticaret.edu.tr\/insan-kaynaklari-daire-baskanligi\/uygulamalarimiz\/#breadcrumb\",\"itemListElement\":[{\"@type\":\"ListItem\",\"position\":1,\"name\":\"Ana sayfa\",\"item\":\"http:\/\/ticaret.edu.tr\/insan-kaynaklari-daire-baskanligi\/\"},{\"@type\":\"ListItem\",\"position\":2,\"name\":\"Uygulamalar\u0131m\u0131z\"}]},{\"@type\":\"WebSite\",\"@id\":\"http:\/\/ticaret.edu.tr\/insan-kaynaklari-daire-baskanligi\/#website\",\"url\":\"http:\/\/ticaret.edu.tr\/insan-kaynaklari-daire-baskanligi\/\",\"name\":\"\u0130nsan Kaynaklar\u0131 Daire Ba\u015fkanl\u0131\u011f\u0131\",\"description\":\"Bir ba\u015fka \u0130stanbul Ticaret \u00dcniversitesi site sitesi\",\"potentialAction\":[{\"@type\":\"SearchAction\",\"target\":{\"@type\":\"EntryPoint\",\"urlTemplate\":\"http:\/\/ticaret.edu.tr\/insan-kaynaklari-daire-baskanligi\/?s={search_term_string}\"},\"query-input\":\"required name=search_term_string\"}],\"inLanguage\":\"tr\"}]}<\/script>\n<!-- \/ Yoast SEO Premium plugin. -->","yoast_head_json":{"title":"Uygulamalar\u0131m\u0131z - \u0130nsan Kaynaklar\u0131 Daire Ba\u015fkanl\u0131\u011f\u0131","robots":{"index":"index","follow":"follow","max-snippet":"max-snippet:-1","max-image-preview":"max-image-preview:large","max-video-preview":"max-video-preview:-1"},"canonical":"https:\/\/ticaret.edu.tr\/insan-kaynaklari-daire-baskanligi\/uygulamalarimiz\/","og_locale":"tr_TR","og_type":"article","og_title":"Uygulamalar\u0131m\u0131z","og_description":"\u00dcCRET Y\u00d6NET\u0130M\u0130 Amac\u0131m\u0131z, Uygun \u00fccret sistem ve uygulamalar\u0131yla \u00e7al\u0131\u015fanlar\u0131n daha verimli olma konusunda motive edilmesi, \u00dcniversitemize uygun yetkinlikte \u00e7al\u0131\u015fanlar\u0131n kazan\u0131lmas\u0131 ve var olan \u00e7al\u0131\u015fanlar\u0131n devaml\u0131l\u0131\u011f\u0131n\u0131n sa\u011flanmas\u0131d\u0131r. \u00c7al\u0131\u015fanlar\u0131m\u0131za Sa\u011flanan Ek Faydalar, Yabanc\u0131 dil sertifikas\u0131 ibraz\u0131na istinaden ek \u00fccret(Sadece \u0130dari Personel), \u00dcniversitemiz sa\u011fl\u0131k ofisleri, Anla\u015fmal\u0131 kurumlar da indirim olana\u011f\u0131 \u00dcniversitemiz de e\u011fitim i\u00e7in personel indirimi, \u00fcniversitenin kadrolu [&hellip;]","og_url":"https:\/\/ticaret.edu.tr\/insan-kaynaklari-daire-baskanligi\/uygulamalarimiz\/","og_site_name":"\u0130nsan Kaynaklar\u0131 Daire Ba\u015fkanl\u0131\u011f\u0131","article_publisher":"https:\/\/www.facebook.com\/ticaretedutr","article_modified_time":"2026-01-16T06:39:48+00:00","og_image":[{"width":1250,"height":833,"url":"http:\/\/ticaret.edu.tr\/insan-kaynaklari-daire-baskanligi\/wp-content\/uploads\/sites\/64\/2021\/11\/web_logo-01.jpg","type":"image\/jpeg"}],"twitter_card":"summary_large_image","twitter_site":"@ticaretedutr","twitter_misc":{"Tahmini okuma s\u00fcresi":"1 dakika"},"schema":{"@context":"https:\/\/schema.org","@graph":[{"@type":"WebPage","@id":"https:\/\/ticaret.edu.tr\/insan-kaynaklari-daire-baskanligi\/uygulamalarimiz\/","url":"https:\/\/ticaret.edu.tr\/insan-kaynaklari-daire-baskanligi\/uygulamalarimiz\/","name":"Uygulamalar\u0131m\u0131z - \u0130nsan Kaynaklar\u0131 Daire Ba\u015fkanl\u0131\u011f\u0131","isPartOf":{"@id":"http:\/\/ticaret.edu.tr\/insan-kaynaklari-daire-baskanligi\/#website"},"datePublished":"2021-04-28T11:19:53+00:00","dateModified":"2026-01-16T06:39:48+00:00","breadcrumb":{"@id":"https:\/\/ticaret.edu.tr\/insan-kaynaklari-daire-baskanligi\/uygulamalarimiz\/#breadcrumb"},"inLanguage":"tr","potentialAction":[{"@type":"ReadAction","target":["https:\/\/ticaret.edu.tr\/insan-kaynaklari-daire-baskanligi\/uygulamalarimiz\/"]}]},{"@type":"BreadcrumbList","@id":"https:\/\/ticaret.edu.tr\/insan-kaynaklari-daire-baskanligi\/uygulamalarimiz\/#breadcrumb","itemListElement":[{"@type":"ListItem","position":1,"name":"Ana sayfa","item":"http:\/\/ticaret.edu.tr\/insan-kaynaklari-daire-baskanligi\/"},{"@type":"ListItem","position":2,"name":"Uygulamalar\u0131m\u0131z"}]},{"@type":"WebSite","@id":"http:\/\/ticaret.edu.tr\/insan-kaynaklari-daire-baskanligi\/#website","url":"http:\/\/ticaret.edu.tr\/insan-kaynaklari-daire-baskanligi\/","name":"\u0130nsan Kaynaklar\u0131 Daire Ba\u015fkanl\u0131\u011f\u0131","description":"Bir ba\u015fka \u0130stanbul Ticaret \u00dcniversitesi site sitesi","potentialAction":[{"@type":"SearchAction","target":{"@type":"EntryPoint","urlTemplate":"http:\/\/ticaret.edu.tr\/insan-kaynaklari-daire-baskanligi\/?s={search_term_string}"},"query-input":"required name=search_term_string"}],"inLanguage":"tr"}]}},"lang":"tr","translations":{"en":70,"tr":29},"pll_sync_post":[],"_links":{"self":[{"href":"http:\/\/ticaret.edu.tr\/insan-kaynaklari-daire-baskanligi\/wp-json\/wp\/v2\/pages\/29"}],"collection":[{"href":"http:\/\/ticaret.edu.tr\/insan-kaynaklari-daire-baskanligi\/wp-json\/wp\/v2\/pages"}],"about":[{"href":"http:\/\/ticaret.edu.tr\/insan-kaynaklari-daire-baskanligi\/wp-json\/wp\/v2\/types\/page"}],"author":[{"embeddable":true,"href":"http:\/\/ticaret.edu.tr\/insan-kaynaklari-daire-baskanligi\/wp-json\/wp\/v2\/users\/149"}],"replies":[{"embeddable":true,"href":"http:\/\/ticaret.edu.tr\/insan-kaynaklari-daire-baskanligi\/wp-json\/wp\/v2\/comments?post=29"}],"version-history":[{"count":6,"href":"http:\/\/ticaret.edu.tr\/insan-kaynaklari-daire-baskanligi\/wp-json\/wp\/v2\/pages\/29\/revisions"}],"predecessor-version":[{"id":236,"href":"http:\/\/ticaret.edu.tr\/insan-kaynaklari-daire-baskanligi\/wp-json\/wp\/v2\/pages\/29\/revisions\/236"}],"wp:attachment":[{"href":"http:\/\/ticaret.edu.tr\/insan-kaynaklari-daire-baskanligi\/wp-json\/wp\/v2\/media?parent=29"}],"curies":[{"name":"wp","href":"https:\/\/api.w.org\/{rel}","templated":true}]}}