{"id":1024,"date":"2024-05-29T12:03:56","date_gmt":"2024-05-29T09:03:56","guid":{"rendered":"https:\/\/ticaret.edu.tr\/insan-ve-toplum-bilimleri-fakultesi\/?page_id=1024"},"modified":"2025-12-11T09:45:05","modified_gmt":"2025-12-11T06:45:05","slug":"birim-kalite-elcileri","status":"publish","type":"page","link":"http:\/\/ticaret.edu.tr\/insan-ve-toplum-bilimleri-fakultesi\/birim-kalite-elcileri\/","title":{"rendered":"Birim Kalite El\u00e7ileri"},"content":{"rendered":"<table class=\"x_MsoNormalTable\" border=\"0\" width=\"604\" cellspacing=\"0\" cellpadding=\"0\">\n<tbody>\n<tr>\n<td valign=\"bottom\" nowrap=\"nowrap\" width=\"466\">Ar\u015f. G\u00f6r. Dilara \u015eENS\u0130VAS<\/td>\n<td valign=\"bottom\" nowrap=\"nowrap\" width=\"138\">\n<p class=\"x_MsoNormal\">Fak\u00fclte Kalite El\u00e7isi<\/p>\n<\/td>\n<\/tr>\n<tr>\n<td valign=\"bottom\" nowrap=\"nowrap\" width=\"466\">\n<p class=\"x_MsoNormal\">Ar\u015f. G\u00f6r. Merve \u015eAH\u0130N<\/p>\n<\/td>\n<td valign=\"bottom\" nowrap=\"nowrap\" width=\"138\">\n<p class=\"x_MsoNormal\">Sosyoloji B\u00f6l\u00fcm\u00fc Kalite El\u00e7isi<\/p>\n<\/td>\n<\/tr>\n<tr>\n<td valign=\"bottom\" nowrap=\"nowrap\" width=\"466\">\n<p class=\"x_MsoNormal\">Ar\u015f. G\u00f6r. Senanur D\u0130LEK<\/p>\n<\/td>\n<td valign=\"bottom\" nowrap=\"nowrap\" width=\"138\">\n<p class=\"x_MsoNormal\">Psikoloji B\u00f6l\u00fcm\u00fc Kalite El\u00e7isi<\/p>\n<\/td>\n<\/tr>\n<tr>\n<td valign=\"bottom\" nowrap=\"nowrap\" width=\"466\">\n<p class=\"x_MsoNormal\">Ar\u015f. G\u00f6r. Deniz GER\u00c7EKER<\/p>\n<\/td>\n<td valign=\"bottom\" nowrap=\"nowrap\" width=\"138\">\n<p class=\"x_MsoNormal\">\u0130statistik B\u00f6l\u00fcm\u00fc Kalite El\u00e7isi<\/p>\n<\/td>\n<\/tr>\n<tr>\n<td valign=\"bottom\" nowrap=\"nowrap\" width=\"466\">\n<p class=\"x_MsoNormal\">Ar\u015f. G\u00f6r. Pelin DURSUN<\/p>\n<\/td>\n<td valign=\"bottom\" nowrap=\"nowrap\" width=\"138\">\n<p class=\"x_MsoNormal\">Matematik B\u00f6l\u00fcm\u00fc Kalite El\u00e7isi<\/p>\n<\/td>\n<\/tr>\n<tr>\n<td valign=\"bottom\" nowrap=\"nowrap\" width=\"466\">\n<p class=\"x_MsoNormal\">Ar\u015f. G\u00f6r. B\u00fc\u015fra Y\u0130\u011e\u0130T<\/p>\n<\/td>\n<td valign=\"bottom\" nowrap=\"nowrap\" width=\"138\">\n<p class=\"x_MsoNormal\">E\u011fitim Bilimleri B\u00f6l\u00fcm\u00fc Kalite El\u00e7isi<\/p>\n<\/td>\n<\/tr>\n<tr>\n<td valign=\"bottom\" nowrap=\"nowrap\" width=\"466\">\n<p class=\"x_MsoNormal\">Ar\u015f. G\u00f6r. Dilara \u015eENS\u0130VAS<\/p>\n<\/td>\n<td valign=\"bottom\" nowrap=\"nowrap\" width=\"138\">\n<p class=\"x_MsoNormal\">Siyaset Bilimi ve Uluslararas\u0131 \u0130li\u015fkiler (T\u00fcrk\u00e7e) B\u00f6l\u00fcm\u00fc Kalite El\u00e7isi<\/p>\n<\/td>\n<\/tr>\n<tr>\n<td valign=\"bottom\" nowrap=\"nowrap\" width=\"466\">\n<p class=\"x_MsoNormal\"><span data-olk-copy-source=\"MessageBody\">Dr. \u00d6\u011fr. \u00dcyesi Ba\u015fak \u00d6zoral<\/span><\/p>\n<\/td>\n<td valign=\"bottom\" nowrap=\"nowrap\" width=\"138\">\n<p class=\"x_MsoNormal\">Siyaset Bilimi ve Uluslararas\u0131 \u0130li\u015fkiler (\u0130ngilizce) B\u00f6l\u00fcm\u00fc Kalite El\u00e7isi<\/p>\n<\/td>\n<\/tr>\n<\/tbody>\n<\/table>\n<p>&nbsp;<\/p>\n","protected":false},"excerpt":{"rendered":"<p>Ar\u015f. G\u00f6r. Dilara \u015eENS\u0130VAS Fak\u00fclte Kalite El\u00e7isi Ar\u015f. G\u00f6r. Merve \u015eAH\u0130N Sosyoloji B\u00f6l\u00fcm\u00fc Kalite El\u00e7isi Ar\u015f. G\u00f6r. Senanur D\u0130LEK Psikoloji B\u00f6l\u00fcm\u00fc Kalite El\u00e7isi Ar\u015f. G\u00f6r. Deniz GER\u00c7EKER \u0130statistik B\u00f6l\u00fcm\u00fc Kalite El\u00e7isi Ar\u015f. G\u00f6r. Pelin DURSUN Matematik B\u00f6l\u00fcm\u00fc Kalite El\u00e7isi Ar\u015f. G\u00f6r. B\u00fc\u015fra Y\u0130\u011e\u0130T E\u011fitim Bilimleri B\u00f6l\u00fcm\u00fc Kalite El\u00e7isi Ar\u015f. G\u00f6r. Dilara \u015eENS\u0130VAS Siyaset Bilimi ve [&hellip;]<\/p>\n","protected":false},"author":187,"featured_media":0,"parent":0,"menu_order":0,"comment_status":"closed","ping_status":"closed","template":"genel_sayfa.php","meta":{"footnotes":""},"yoast_head":"<!-- This site is optimized with the Yoast SEO Premium plugin v22.1 (Yoast SEO v22.1) - https:\/\/yoast.com\/wordpress\/plugins\/seo\/ -->\n<title>Birim Kalite El\u00e7ileri - \u0130nsan ve Toplum Bilimleri Fak\u00fcltesi<\/title>\n<meta name=\"robots\" content=\"index, follow, max-snippet:-1, max-image-preview:large, max-video-preview:-1\" \/>\n<link rel=\"canonical\" href=\"https:\/\/ticaret.edu.tr\/insan-ve-toplum-bilimleri-fakultesi\/birim-kalite-elcileri\/\" \/>\n<meta property=\"og:locale\" content=\"tr_TR\" \/>\n<meta property=\"og:type\" content=\"article\" \/>\n<meta property=\"og:title\" content=\"Birim Kalite El\u00e7ileri\" \/>\n<meta property=\"og:description\" content=\"Ar\u015f. G\u00f6r. Dilara \u015eENS\u0130VAS Fak\u00fclte Kalite El\u00e7isi Ar\u015f. G\u00f6r. Merve \u015eAH\u0130N Sosyoloji B\u00f6l\u00fcm\u00fc Kalite El\u00e7isi Ar\u015f. G\u00f6r. Senanur D\u0130LEK Psikoloji B\u00f6l\u00fcm\u00fc Kalite El\u00e7isi Ar\u015f. G\u00f6r. Deniz GER\u00c7EKER \u0130statistik B\u00f6l\u00fcm\u00fc Kalite El\u00e7isi Ar\u015f. G\u00f6r. Pelin DURSUN Matematik B\u00f6l\u00fcm\u00fc Kalite El\u00e7isi Ar\u015f. G\u00f6r. B\u00fc\u015fra Y\u0130\u011e\u0130T E\u011fitim Bilimleri B\u00f6l\u00fcm\u00fc Kalite El\u00e7isi Ar\u015f. G\u00f6r. Dilara \u015eENS\u0130VAS Siyaset Bilimi ve [&hellip;]\" \/>\n<meta property=\"og:url\" content=\"https:\/\/ticaret.edu.tr\/insan-ve-toplum-bilimleri-fakultesi\/birim-kalite-elcileri\/\" \/>\n<meta property=\"og:site_name\" content=\"\u0130nsan ve Toplum Bilimleri Fak\u00fcltesi\" \/>\n<meta property=\"article:publisher\" content=\"https:\/\/www.facebook.com\/ticaretedutr\" \/>\n<meta property=\"article:modified_time\" content=\"2025-12-11T06:45:05+00:00\" \/>\n<meta property=\"og:image\" content=\"http:\/\/ticaret.edu.tr\/insan-ve-toplum-bilimleri-fakultesi\/wp-content\/uploads\/sites\/3\/2021\/11\/web_logo-01.jpg\" \/>\n\t<meta property=\"og:image:width\" content=\"1250\" \/>\n\t<meta property=\"og:image:height\" content=\"833\" \/>\n\t<meta property=\"og:image:type\" content=\"image\/jpeg\" \/>\n<meta name=\"twitter:card\" content=\"summary_large_image\" \/>\n<meta name=\"twitter:site\" content=\"@ticaretedutr\" \/>\n<meta name=\"twitter:label1\" content=\"Tahmini okuma s\u00fcresi\" \/>\n\t<meta name=\"twitter:data1\" content=\"1 dakika\" \/>\n<script type=\"application\/ld+json\" class=\"yoast-schema-graph\">{\"@context\":\"https:\/\/schema.org\",\"@graph\":[{\"@type\":\"WebPage\",\"@id\":\"https:\/\/ticaret.edu.tr\/insan-ve-toplum-bilimleri-fakultesi\/birim-kalite-elcileri\/\",\"url\":\"https:\/\/ticaret.edu.tr\/insan-ve-toplum-bilimleri-fakultesi\/birim-kalite-elcileri\/\",\"name\":\"Birim Kalite El\u00e7ileri - \u0130nsan ve Toplum Bilimleri Fak\u00fcltesi\",\"isPartOf\":{\"@id\":\"https:\/\/ticaret.edu.tr\/insan-ve-toplum-bilimleri-fakultesi\/#website\"},\"datePublished\":\"2024-05-29T09:03:56+00:00\",\"dateModified\":\"2025-12-11T06:45:05+00:00\",\"breadcrumb\":{\"@id\":\"https:\/\/ticaret.edu.tr\/insan-ve-toplum-bilimleri-fakultesi\/birim-kalite-elcileri\/#breadcrumb\"},\"inLanguage\":\"tr\",\"potentialAction\":[{\"@type\":\"ReadAction\",\"target\":[\"https:\/\/ticaret.edu.tr\/insan-ve-toplum-bilimleri-fakultesi\/birim-kalite-elcileri\/\"]}]},{\"@type\":\"BreadcrumbList\",\"@id\":\"https:\/\/ticaret.edu.tr\/insan-ve-toplum-bilimleri-fakultesi\/birim-kalite-elcileri\/#breadcrumb\",\"itemListElement\":[{\"@type\":\"ListItem\",\"position\":1,\"name\":\"Ana sayfa\",\"item\":\"https:\/\/ticaret.edu.tr\/insan-ve-toplum-bilimleri-fakultesi\/\"},{\"@type\":\"ListItem\",\"position\":2,\"name\":\"Birim Kalite El\u00e7ileri\"}]},{\"@type\":\"WebSite\",\"@id\":\"https:\/\/ticaret.edu.tr\/insan-ve-toplum-bilimleri-fakultesi\/#website\",\"url\":\"https:\/\/ticaret.edu.tr\/insan-ve-toplum-bilimleri-fakultesi\/\",\"name\":\"\u0130nsan ve Toplum Bilimleri Fak\u00fcltesi\",\"description\":\"\",\"potentialAction\":[{\"@type\":\"SearchAction\",\"target\":{\"@type\":\"EntryPoint\",\"urlTemplate\":\"https:\/\/ticaret.edu.tr\/insan-ve-toplum-bilimleri-fakultesi\/?s={search_term_string}\"},\"query-input\":\"required name=search_term_string\"}],\"inLanguage\":\"tr\"}]}<\/script>\n<!-- \/ Yoast SEO Premium plugin. -->","yoast_head_json":{"title":"Birim Kalite El\u00e7ileri - \u0130nsan ve Toplum Bilimleri Fak\u00fcltesi","robots":{"index":"index","follow":"follow","max-snippet":"max-snippet:-1","max-image-preview":"max-image-preview:large","max-video-preview":"max-video-preview:-1"},"canonical":"https:\/\/ticaret.edu.tr\/insan-ve-toplum-bilimleri-fakultesi\/birim-kalite-elcileri\/","og_locale":"tr_TR","og_type":"article","og_title":"Birim Kalite El\u00e7ileri","og_description":"Ar\u015f. G\u00f6r. Dilara \u015eENS\u0130VAS Fak\u00fclte Kalite El\u00e7isi Ar\u015f. G\u00f6r. Merve \u015eAH\u0130N Sosyoloji B\u00f6l\u00fcm\u00fc Kalite El\u00e7isi Ar\u015f. G\u00f6r. Senanur D\u0130LEK Psikoloji B\u00f6l\u00fcm\u00fc Kalite El\u00e7isi Ar\u015f. G\u00f6r. Deniz GER\u00c7EKER \u0130statistik B\u00f6l\u00fcm\u00fc Kalite El\u00e7isi Ar\u015f. G\u00f6r. Pelin DURSUN Matematik B\u00f6l\u00fcm\u00fc Kalite El\u00e7isi Ar\u015f. G\u00f6r. B\u00fc\u015fra Y\u0130\u011e\u0130T E\u011fitim Bilimleri B\u00f6l\u00fcm\u00fc Kalite El\u00e7isi Ar\u015f. G\u00f6r. Dilara \u015eENS\u0130VAS Siyaset Bilimi ve [&hellip;]","og_url":"https:\/\/ticaret.edu.tr\/insan-ve-toplum-bilimleri-fakultesi\/birim-kalite-elcileri\/","og_site_name":"\u0130nsan ve Toplum Bilimleri Fak\u00fcltesi","article_publisher":"https:\/\/www.facebook.com\/ticaretedutr","article_modified_time":"2025-12-11T06:45:05+00:00","og_image":[{"width":1250,"height":833,"url":"http:\/\/ticaret.edu.tr\/insan-ve-toplum-bilimleri-fakultesi\/wp-content\/uploads\/sites\/3\/2021\/11\/web_logo-01.jpg","type":"image\/jpeg"}],"twitter_card":"summary_large_image","twitter_site":"@ticaretedutr","twitter_misc":{"Tahmini okuma s\u00fcresi":"1 dakika"},"schema":{"@context":"https:\/\/schema.org","@graph":[{"@type":"WebPage","@id":"https:\/\/ticaret.edu.tr\/insan-ve-toplum-bilimleri-fakultesi\/birim-kalite-elcileri\/","url":"https:\/\/ticaret.edu.tr\/insan-ve-toplum-bilimleri-fakultesi\/birim-kalite-elcileri\/","name":"Birim Kalite El\u00e7ileri - \u0130nsan ve Toplum Bilimleri Fak\u00fcltesi","isPartOf":{"@id":"https:\/\/ticaret.edu.tr\/insan-ve-toplum-bilimleri-fakultesi\/#website"},"datePublished":"2024-05-29T09:03:56+00:00","dateModified":"2025-12-11T06:45:05+00:00","breadcrumb":{"@id":"https:\/\/ticaret.edu.tr\/insan-ve-toplum-bilimleri-fakultesi\/birim-kalite-elcileri\/#breadcrumb"},"inLanguage":"tr","potentialAction":[{"@type":"ReadAction","target":["https:\/\/ticaret.edu.tr\/insan-ve-toplum-bilimleri-fakultesi\/birim-kalite-elcileri\/"]}]},{"@type":"BreadcrumbList","@id":"https:\/\/ticaret.edu.tr\/insan-ve-toplum-bilimleri-fakultesi\/birim-kalite-elcileri\/#breadcrumb","itemListElement":[{"@type":"ListItem","position":1,"name":"Ana sayfa","item":"https:\/\/ticaret.edu.tr\/insan-ve-toplum-bilimleri-fakultesi\/"},{"@type":"ListItem","position":2,"name":"Birim Kalite El\u00e7ileri"}]},{"@type":"WebSite","@id":"https:\/\/ticaret.edu.tr\/insan-ve-toplum-bilimleri-fakultesi\/#website","url":"https:\/\/ticaret.edu.tr\/insan-ve-toplum-bilimleri-fakultesi\/","name":"\u0130nsan ve Toplum Bilimleri Fak\u00fcltesi","description":"","potentialAction":[{"@type":"SearchAction","target":{"@type":"EntryPoint","urlTemplate":"https:\/\/ticaret.edu.tr\/insan-ve-toplum-bilimleri-fakultesi\/?s={search_term_string}"},"query-input":"required name=search_term_string"}],"inLanguage":"tr"}]}},"lang":"tr","translations":{"en":1026,"tr":1024},"pll_sync_post":[],"_links":{"self":[{"href":"http:\/\/ticaret.edu.tr\/insan-ve-toplum-bilimleri-fakultesi\/wp-json\/wp\/v2\/pages\/1024"}],"collection":[{"href":"http:\/\/ticaret.edu.tr\/insan-ve-toplum-bilimleri-fakultesi\/wp-json\/wp\/v2\/pages"}],"about":[{"href":"http:\/\/ticaret.edu.tr\/insan-ve-toplum-bilimleri-fakultesi\/wp-json\/wp\/v2\/types\/page"}],"author":[{"embeddable":true,"href":"http:\/\/ticaret.edu.tr\/insan-ve-toplum-bilimleri-fakultesi\/wp-json\/wp\/v2\/users\/187"}],"replies":[{"embeddable":true,"href":"http:\/\/ticaret.edu.tr\/insan-ve-toplum-bilimleri-fakultesi\/wp-json\/wp\/v2\/comments?post=1024"}],"version-history":[{"count":7,"href":"http:\/\/ticaret.edu.tr\/insan-ve-toplum-bilimleri-fakultesi\/wp-json\/wp\/v2\/pages\/1024\/revisions"}],"predecessor-version":[{"id":1699,"href":"http:\/\/ticaret.edu.tr\/insan-ve-toplum-bilimleri-fakultesi\/wp-json\/wp\/v2\/pages\/1024\/revisions\/1699"}],"wp:attachment":[{"href":"http:\/\/ticaret.edu.tr\/insan-ve-toplum-bilimleri-fakultesi\/wp-json\/wp\/v2\/media?parent=1024"}],"curies":[{"name":"wp","href":"https:\/\/api.w.org\/{rel}","templated":true}]}}