{"id":489,"date":"2022-03-09T11:50:33","date_gmt":"2022-03-09T08:50:33","guid":{"rendered":"https:\/\/ticaret.edu.tr\/insan-ve-toplum-bilimleri-fakultesi\/?page_id=489"},"modified":"2025-04-14T11:00:49","modified_gmt":"2025-04-14T08:00:49","slug":"formlar","status":"publish","type":"page","link":"http:\/\/ticaret.edu.tr\/insan-ve-toplum-bilimleri-fakultesi\/formlar\/","title":{"rendered":"FORMLAR"},"content":{"rendered":"<ul>\n<li><a href=\"http:\/\/ticaret.edu.tr\/insan-ve-toplum-bilimleri-fakultesi\/wp-content\/uploads\/sites\/3\/2025\/03\/FKL.FR_.04.docx\">Mazeret S\u0131nav\u0131 Hakk\u0131 Tan\u0131nmas\u0131 Talebine \u0130li\u015fkin Dilek\u00e7e<\/a><\/li>\n<li><a href=\"http:\/\/ticaret.edu.tr\/insan-ve-toplum-bilimleri-fakultesi\/wp-content\/uploads\/sites\/3\/2025\/03\/FKL.FR_.05.docx\">Muafiyet Dilek\u00e7esi<\/a><\/li>\n<li><a href=\"http:\/\/ticaret.edu.tr\/insan-ve-toplum-bilimleri-fakultesi\/wp-content\/uploads\/sites\/3\/2025\/03\/FKL.FR_.06.doc\">Kay\u0131t Dondurma Dilek\u00e7esi<\/a><\/li>\n<li><a href=\"http:\/\/ticaret.edu.tr\/insan-ve-toplum-bilimleri-fakultesi\/wp-content\/uploads\/sites\/3\/2025\/03\/FKL.FR_.07.doc\">Kay\u0131t Sildirme Formu<\/a><\/li>\n<li><a href=\"http:\/\/ticaret.edu.tr\/insan-ve-toplum-bilimleri-fakultesi\/wp-content\/uploads\/sites\/3\/2025\/03\/FKL.FR_.11.doc\">Ders Notu \u0130tiraz Dilek\u00e7esi<\/a><\/li>\n<li><a href=\"http:\/\/ticaret.edu.tr\/insan-ve-toplum-bilimleri-fakultesi\/wp-content\/uploads\/sites\/3\/2025\/03\/FKL.FR_.12.doc\">Ortalama Y\u00fckseltme S\u0131nav\u0131 Ba\u015fvuru Dilek\u00e7esi<\/a><\/li>\n<li><a href=\"http:\/\/ticaret.edu.tr\/insan-ve-toplum-bilimleri-fakultesi\/wp-content\/uploads\/sites\/3\/2025\/03\/FKL.FR_.13.docx\">\u00d6BS Akademik Dan\u0131\u015fman Bilgisi Formu<\/a><\/li>\n<li><a href=\"http:\/\/ticaret.edu.tr\/insan-ve-toplum-bilimleri-fakultesi\/wp-content\/uploads\/sites\/3\/2025\/03\/FKL.FR_.15.xlsx\">Yaz Okulunda A\u00e7\u0131lacak Dersler Formu<\/a><\/li>\n<li><a href=\"http:\/\/ticaret.edu.tr\/insan-ve-toplum-bilimleri-fakultesi\/wp-content\/uploads\/sites\/3\/2025\/03\/FKL.FR_.14.docx\">Di\u011fer \u00dcniversitelerde Yaz Okulu Ba\u015fvuru Formu<\/a><\/li>\n<li><a href=\"http:\/\/ticaret.edu.tr\/insan-ve-toplum-bilimleri-fakultesi\/wp-content\/uploads\/sites\/3\/2025\/03\/FKL.FR_.16.doc\">\u00d6\u011frenci Konseyi B\u00f6l\u00fcm Temsilcisi Se\u00e7imi Ba\u015fvuru Formu<\/a><\/li>\n<li><a href=\"http:\/\/ticaret.edu.tr\/insan-ve-toplum-bilimleri-fakultesi\/wp-content\/uploads\/sites\/3\/2025\/03\/FKL.FR_.18-Disiplin-Cezasi-Formu.xlsx\">Disiplin Cezas\u0131 Formu<\/a><\/li>\n<li><a href=\"http:\/\/ticaret.edu.tr\/insan-ve-toplum-bilimleri-fakultesi\/wp-content\/uploads\/sites\/3\/2025\/03\/FKL.FR_.03.doc\">Ders Telafi Formu<\/a><\/li>\n<li><a href=\"http:\/\/ticaret.edu.tr\/insan-ve-toplum-bilimleri-fakultesi\/wp-content\/uploads\/sites\/3\/2025\/03\/FKL.FR_.08.doc\">B\u00f6l\u00fcm Temsilcisi Se\u00e7imi Ba\u015fvurusu<\/a><\/li>\n<li><a href=\"http:\/\/ticaret.edu.tr\/insan-ve-toplum-bilimleri-fakultesi\/wp-content\/uploads\/sites\/3\/2025\/04\/FKL.FR_.19-Arastirma-Gorevlisi-Faaliyet-Raporu-Degerlendirme-Formu.docx\">Aras\u0327t\u0131rma Go\u0308revlisi Faaliyet Raporu Deg\u0306erlendirme Formu<\/a><\/li>\n<li><a href=\"http:\/\/ticaret.edu.tr\/insan-ve-toplum-bilimleri-fakultesi\/wp-content\/uploads\/sites\/3\/2025\/04\/FKL.FR_.20-Ogretim-Gorevlisi-Faaliyet-Raporu-Degerlendirme-Formu.docx\">\u00d6\u011fretim G\u00f6revlisi Faaliyet Raporu De\u011ferlendirme Formu<\/a><\/li>\n<li><a href=\"http:\/\/ticaret.edu.tr\/insan-ve-toplum-bilimleri-fakultesi\/wp-content\/uploads\/sites\/3\/2025\/03\/FKL.FR_.09.docx\"> Misafir \u00d6\u011fretim \u00dcyesi G\u00f6revlendirme Talepleri Ek Misafir \u00d6\u011fretim Eleman\u0131 Talep Formu<\/a><\/li>\n<li><a href=\"http:\/\/ticaret.edu.tr\/insan-ve-toplum-bilimleri-fakultesi\/wp-content\/uploads\/sites\/3\/2025\/03\/FKL.FR_.10.xlsx\">Misafir \u00d6\u011fretim \u00dcyesi G\u00f6revlendirme Talepleri Ek G\u00f6revlendirme Talep Edilen Akademisyenler Formu<\/a><\/li>\n<li><a href=\"http:\/\/ticaret.edu.tr\/insan-ve-toplum-bilimleri-fakultesi\/wp-content\/uploads\/sites\/3\/2025\/03\/FKL.FR_.17.docx\">Misafir \u00d6\u011fretim Eleman\u0131 Talep Formu &#8211; Rekt\u00f6rl\u00fck Kodlu<\/a><\/li>\n<li><a href=\"http:\/\/ticaret.edu.tr\/insan-ve-toplum-bilimleri-fakultesi\/wp-content\/uploads\/sites\/3\/2025\/03\/FKL.FR_.02.docx\">Laboratuvar- Deney Alan\u0131-At\u00f6lye \u00d6\u011frenci Kullan\u0131m Beyan Formu<\/a><\/li>\n<li><a href=\"http:\/\/ticaret.edu.tr\/insan-ve-toplum-bilimleri-fakultesi\/wp-content\/uploads\/sites\/3\/2025\/03\/FKL.FR_.01.docx\">Laboratuvar-Deney Alan\u0131 \u00c7al\u0131\u015fma \u0130zni Formu<\/a><\/li>\n<li><a href=\"http:\/\/ticaret.edu.tr\/insan-ve-toplum-bilimleri-fakultesi\/wp-content\/uploads\/sites\/3\/2025\/03\/ITBF_etkinliklere_katilim_dilekce_ornegi.doc\">Etkinliklere Kat\u0131l\u0131m Dilek\u00e7esi \u00d6rne\u011fi<\/a><\/li>\n<li><a href=\"http:\/\/ticaret.edu.tr\/insan-ve-toplum-bilimleri-fakultesi\/wp-content\/uploads\/sites\/3\/2025\/03\/ITBF_vize_basvuru_dilekce_ornegi.doc\">Vize Ba\u015fvuru Dilek\u00e7esi \u00d6rne\u011fi<\/a><\/li>\n<li><a href=\"http:\/\/ticaret.edu.tr\/insan-ve-toplum-bilimleri-fakultesi\/wp-content\/uploads\/sites\/3\/2025\/03\/ITBF_calisma_belgesi_dilekce_ornegi.doc\">\u00c7al\u0131\u015fma Belgesi Dilek\u00e7esi<\/a><\/li>\n<\/ul>\n<p>&nbsp;<\/p>\n<p>&nbsp;<\/p>\n<p>&nbsp;<\/p>\n<p>&nbsp;<\/p>\n<p>&nbsp;<\/p>\n<p>&nbsp;<\/p>\n","protected":false},"excerpt":{"rendered":"<p>Mazeret S\u0131nav\u0131 Hakk\u0131 Tan\u0131nmas\u0131 Talebine \u0130li\u015fkin Dilek\u00e7e Muafiyet Dilek\u00e7esi Kay\u0131t Dondurma Dilek\u00e7esi Kay\u0131t Sildirme Formu Ders Notu \u0130tiraz Dilek\u00e7esi Ortalama Y\u00fckseltme S\u0131nav\u0131 Ba\u015fvuru Dilek\u00e7esi \u00d6BS Akademik Dan\u0131\u015fman Bilgisi Formu Yaz Okulunda A\u00e7\u0131lacak Dersler Formu Di\u011fer \u00dcniversitelerde Yaz Okulu Ba\u015fvuru Formu \u00d6\u011frenci Konseyi B\u00f6l\u00fcm Temsilcisi Se\u00e7imi Ba\u015fvuru Formu Disiplin Cezas\u0131 Formu Ders Telafi Formu B\u00f6l\u00fcm Temsilcisi [&hellip;]<\/p>\n","protected":false},"author":187,"featured_media":0,"parent":0,"menu_order":0,"comment_status":"closed","ping_status":"closed","template":"genel_sayfa.php","meta":{"footnotes":""},"yoast_head":"<!-- This site is optimized with the Yoast SEO Premium plugin v22.1 (Yoast SEO v22.1) - https:\/\/yoast.com\/wordpress\/plugins\/seo\/ -->\n<title>FORMLAR - \u0130nsan ve Toplum Bilimleri Fak\u00fcltesi<\/title>\n<meta name=\"robots\" content=\"index, follow, max-snippet:-1, max-image-preview:large, max-video-preview:-1\" \/>\n<link rel=\"canonical\" href=\"https:\/\/ticaret.edu.tr\/insan-ve-toplum-bilimleri-fakultesi\/formlar\/\" \/>\n<meta property=\"og:locale\" content=\"tr_TR\" \/>\n<meta property=\"og:type\" content=\"article\" \/>\n<meta property=\"og:title\" content=\"FORMLAR\" \/>\n<meta property=\"og:description\" content=\"Mazeret S\u0131nav\u0131 Hakk\u0131 Tan\u0131nmas\u0131 Talebine \u0130li\u015fkin Dilek\u00e7e Muafiyet Dilek\u00e7esi Kay\u0131t Dondurma Dilek\u00e7esi Kay\u0131t Sildirme Formu Ders Notu \u0130tiraz Dilek\u00e7esi Ortalama Y\u00fckseltme S\u0131nav\u0131 Ba\u015fvuru Dilek\u00e7esi \u00d6BS Akademik Dan\u0131\u015fman Bilgisi Formu Yaz Okulunda A\u00e7\u0131lacak Dersler Formu Di\u011fer \u00dcniversitelerde Yaz Okulu Ba\u015fvuru Formu \u00d6\u011frenci Konseyi B\u00f6l\u00fcm Temsilcisi Se\u00e7imi Ba\u015fvuru Formu Disiplin Cezas\u0131 Formu Ders Telafi Formu B\u00f6l\u00fcm Temsilcisi [&hellip;]\" \/>\n<meta property=\"og:url\" content=\"https:\/\/ticaret.edu.tr\/insan-ve-toplum-bilimleri-fakultesi\/formlar\/\" \/>\n<meta property=\"og:site_name\" content=\"\u0130nsan ve Toplum Bilimleri Fak\u00fcltesi\" \/>\n<meta property=\"article:publisher\" content=\"https:\/\/www.facebook.com\/ticaretedutr\" \/>\n<meta property=\"article:modified_time\" content=\"2025-04-14T08:00:49+00:00\" \/>\n<meta property=\"og:image\" content=\"http:\/\/ticaret.edu.tr\/insan-ve-toplum-bilimleri-fakultesi\/wp-content\/uploads\/sites\/3\/2021\/11\/web_logo-01.jpg\" \/>\n\t<meta property=\"og:image:width\" content=\"1250\" \/>\n\t<meta property=\"og:image:height\" content=\"833\" \/>\n\t<meta property=\"og:image:type\" content=\"image\/jpeg\" \/>\n<meta name=\"twitter:card\" content=\"summary_large_image\" \/>\n<meta name=\"twitter:site\" content=\"@ticaretedutr\" \/>\n<meta name=\"twitter:label1\" content=\"Tahmini okuma s\u00fcresi\" \/>\n\t<meta name=\"twitter:data1\" content=\"1 dakika\" \/>\n<script type=\"application\/ld+json\" class=\"yoast-schema-graph\">{\"@context\":\"https:\/\/schema.org\",\"@graph\":[{\"@type\":\"WebPage\",\"@id\":\"https:\/\/ticaret.edu.tr\/insan-ve-toplum-bilimleri-fakultesi\/formlar\/\",\"url\":\"https:\/\/ticaret.edu.tr\/insan-ve-toplum-bilimleri-fakultesi\/formlar\/\",\"name\":\"FORMLAR - \u0130nsan ve Toplum Bilimleri Fak\u00fcltesi\",\"isPartOf\":{\"@id\":\"http:\/\/ticaret.edu.tr\/insan-ve-toplum-bilimleri-fakultesi\/en\/#website\"},\"datePublished\":\"2022-03-09T08:50:33+00:00\",\"dateModified\":\"2025-04-14T08:00:49+00:00\",\"breadcrumb\":{\"@id\":\"https:\/\/ticaret.edu.tr\/insan-ve-toplum-bilimleri-fakultesi\/formlar\/#breadcrumb\"},\"inLanguage\":\"tr\",\"potentialAction\":[{\"@type\":\"ReadAction\",\"target\":[\"https:\/\/ticaret.edu.tr\/insan-ve-toplum-bilimleri-fakultesi\/formlar\/\"]}]},{\"@type\":\"BreadcrumbList\",\"@id\":\"https:\/\/ticaret.edu.tr\/insan-ve-toplum-bilimleri-fakultesi\/formlar\/#breadcrumb\",\"itemListElement\":[{\"@type\":\"ListItem\",\"position\":1,\"name\":\"Ana sayfa\",\"item\":\"https:\/\/ticaret.edu.tr\/insan-ve-toplum-bilimleri-fakultesi\/\"},{\"@type\":\"ListItem\",\"position\":2,\"name\":\"FORMLAR\"}]},{\"@type\":\"WebSite\",\"@id\":\"http:\/\/ticaret.edu.tr\/insan-ve-toplum-bilimleri-fakultesi\/en\/#website\",\"url\":\"http:\/\/ticaret.edu.tr\/insan-ve-toplum-bilimleri-fakultesi\/en\/\",\"name\":\"\u0130nsan ve Toplum Bilimleri Fak\u00fcltesi\",\"description\":\"\",\"potentialAction\":[{\"@type\":\"SearchAction\",\"target\":{\"@type\":\"EntryPoint\",\"urlTemplate\":\"http:\/\/ticaret.edu.tr\/insan-ve-toplum-bilimleri-fakultesi\/en\/?s={search_term_string}\"},\"query-input\":\"required name=search_term_string\"}],\"inLanguage\":\"tr\"}]}<\/script>\n<!-- \/ Yoast SEO Premium plugin. -->","yoast_head_json":{"title":"FORMLAR - \u0130nsan ve Toplum Bilimleri Fak\u00fcltesi","robots":{"index":"index","follow":"follow","max-snippet":"max-snippet:-1","max-image-preview":"max-image-preview:large","max-video-preview":"max-video-preview:-1"},"canonical":"https:\/\/ticaret.edu.tr\/insan-ve-toplum-bilimleri-fakultesi\/formlar\/","og_locale":"tr_TR","og_type":"article","og_title":"FORMLAR","og_description":"Mazeret S\u0131nav\u0131 Hakk\u0131 Tan\u0131nmas\u0131 Talebine \u0130li\u015fkin Dilek\u00e7e Muafiyet Dilek\u00e7esi Kay\u0131t Dondurma Dilek\u00e7esi Kay\u0131t Sildirme Formu Ders Notu \u0130tiraz Dilek\u00e7esi Ortalama Y\u00fckseltme S\u0131nav\u0131 Ba\u015fvuru Dilek\u00e7esi \u00d6BS Akademik Dan\u0131\u015fman Bilgisi Formu Yaz Okulunda A\u00e7\u0131lacak Dersler Formu Di\u011fer \u00dcniversitelerde Yaz Okulu Ba\u015fvuru Formu \u00d6\u011frenci Konseyi B\u00f6l\u00fcm Temsilcisi Se\u00e7imi Ba\u015fvuru Formu Disiplin Cezas\u0131 Formu Ders Telafi Formu B\u00f6l\u00fcm Temsilcisi [&hellip;]","og_url":"https:\/\/ticaret.edu.tr\/insan-ve-toplum-bilimleri-fakultesi\/formlar\/","og_site_name":"\u0130nsan ve Toplum Bilimleri Fak\u00fcltesi","article_publisher":"https:\/\/www.facebook.com\/ticaretedutr","article_modified_time":"2025-04-14T08:00:49+00:00","og_image":[{"width":1250,"height":833,"url":"http:\/\/ticaret.edu.tr\/insan-ve-toplum-bilimleri-fakultesi\/wp-content\/uploads\/sites\/3\/2021\/11\/web_logo-01.jpg","type":"image\/jpeg"}],"twitter_card":"summary_large_image","twitter_site":"@ticaretedutr","twitter_misc":{"Tahmini okuma s\u00fcresi":"1 dakika"},"schema":{"@context":"https:\/\/schema.org","@graph":[{"@type":"WebPage","@id":"https:\/\/ticaret.edu.tr\/insan-ve-toplum-bilimleri-fakultesi\/formlar\/","url":"https:\/\/ticaret.edu.tr\/insan-ve-toplum-bilimleri-fakultesi\/formlar\/","name":"FORMLAR - \u0130nsan ve Toplum Bilimleri Fak\u00fcltesi","isPartOf":{"@id":"http:\/\/ticaret.edu.tr\/insan-ve-toplum-bilimleri-fakultesi\/en\/#website"},"datePublished":"2022-03-09T08:50:33+00:00","dateModified":"2025-04-14T08:00:49+00:00","breadcrumb":{"@id":"https:\/\/ticaret.edu.tr\/insan-ve-toplum-bilimleri-fakultesi\/formlar\/#breadcrumb"},"inLanguage":"tr","potentialAction":[{"@type":"ReadAction","target":["https:\/\/ticaret.edu.tr\/insan-ve-toplum-bilimleri-fakultesi\/formlar\/"]}]},{"@type":"BreadcrumbList","@id":"https:\/\/ticaret.edu.tr\/insan-ve-toplum-bilimleri-fakultesi\/formlar\/#breadcrumb","itemListElement":[{"@type":"ListItem","position":1,"name":"Ana sayfa","item":"https:\/\/ticaret.edu.tr\/insan-ve-toplum-bilimleri-fakultesi\/"},{"@type":"ListItem","position":2,"name":"FORMLAR"}]},{"@type":"WebSite","@id":"http:\/\/ticaret.edu.tr\/insan-ve-toplum-bilimleri-fakultesi\/en\/#website","url":"http:\/\/ticaret.edu.tr\/insan-ve-toplum-bilimleri-fakultesi\/en\/","name":"\u0130nsan ve Toplum Bilimleri Fak\u00fcltesi","description":"","potentialAction":[{"@type":"SearchAction","target":{"@type":"EntryPoint","urlTemplate":"http:\/\/ticaret.edu.tr\/insan-ve-toplum-bilimleri-fakultesi\/en\/?s={search_term_string}"},"query-input":"required name=search_term_string"}],"inLanguage":"tr"}]}},"lang":"tr","translations":{"en":1297,"tr":489},"pll_sync_post":[],"_links":{"self":[{"href":"http:\/\/ticaret.edu.tr\/insan-ve-toplum-bilimleri-fakultesi\/wp-json\/wp\/v2\/pages\/489"}],"collection":[{"href":"http:\/\/ticaret.edu.tr\/insan-ve-toplum-bilimleri-fakultesi\/wp-json\/wp\/v2\/pages"}],"about":[{"href":"http:\/\/ticaret.edu.tr\/insan-ve-toplum-bilimleri-fakultesi\/wp-json\/wp\/v2\/types\/page"}],"author":[{"embeddable":true,"href":"http:\/\/ticaret.edu.tr\/insan-ve-toplum-bilimleri-fakultesi\/wp-json\/wp\/v2\/users\/187"}],"replies":[{"embeddable":true,"href":"http:\/\/ticaret.edu.tr\/insan-ve-toplum-bilimleri-fakultesi\/wp-json\/wp\/v2\/comments?post=489"}],"version-history":[{"count":17,"href":"http:\/\/ticaret.edu.tr\/insan-ve-toplum-bilimleri-fakultesi\/wp-json\/wp\/v2\/pages\/489\/revisions"}],"predecessor-version":[{"id":1453,"href":"http:\/\/ticaret.edu.tr\/insan-ve-toplum-bilimleri-fakultesi\/wp-json\/wp\/v2\/pages\/489\/revisions\/1453"}],"wp:attachment":[{"href":"http:\/\/ticaret.edu.tr\/insan-ve-toplum-bilimleri-fakultesi\/wp-json\/wp\/v2\/media?parent=489"}],"curies":[{"name":"wp","href":"https:\/\/api.w.org\/{rel}","templated":true}]}}