{"id":6,"date":"2020-07-20T06:57:48","date_gmt":"2020-07-20T03:57:48","guid":{"rendered":"http:\/\/ticaret.edu.tr\/ieesuam\/?page_id=6"},"modified":"2025-12-23T16:01:29","modified_gmt":"2025-12-23T13:01:29","slug":"hakkimizda","status":"publish","type":"page","link":"http:\/\/ticaret.edu.tr\/islam-ekonomisi-ve-ekonomik-sistemler-uygulama-ve-arastirma-merkezi\/hakkimizda\/","title":{"rendered":"Hakk\u0131m\u0131zda"},"content":{"rendered":"<header class=\"entry-header\">\n<header class=\"entry-header\">\n<header class=\"entry-header\">\n<header class=\"entry-header\">\n<pre class=\"entry-title\"><strong>Y\u00f6netim Kurulu<\/strong><\/pre>\n<\/header>\n<div class=\"entry-content\">\n<p>1- Necdet \u015eensoy, Prof. Dr.,\u0130stanbul Ticaret \u00dcniversitesi, \u0130\u015fletme Fak\u00fcltesi \u00d6\u011fretim \u00dcyesi<br \/>\n2- Said Yaz\u0131c\u0131o\u011flu, Prof. Dr., \u0130stanbul Ticaret \u00dcniversitesi, \u0130nsan ve Toplum Bilimleri Fak\u00fcltesi Dekan\u0131<br \/>\n3- Ahmet Kara, Prof. Dr., \u0130stanbul Ticaret \u00dcniversitesi, \u0130\u015fletme Fak\u00fcltesi, \u0130ktisat B\u00f6l\u00fcm Ba\u015fkan\u0131<br \/>\n4- Osman Bayraktar, Do\u00e7. Dr., \u0130stanbul Ticaret \u00dcniversitesi, \u0130\u015fletme Fak\u00fcltesi \u00d6\u011fretim \u00dcyesi<br \/>\n5- H\u00fcseyin Aslan, Do\u00e7. Dr., \u0130stanbul Ticaret \u00dcniversitesi, \u0130\u015fletme Fak\u00fcltesi \u00d6\u011fretim \u00dcyesi<\/p>\n<\/div>\n<header class=\"entry-header\">\n<pre class=\"entry-title\"><strong>Dan\u0131\u015fma Kurulu<\/strong><\/pre>\n<\/header>\n<div class=\"entry-content\">\n<p>Prof. Dr. Necdet \u015eENSOY, \u0130stanbul Ticaret \u00dcniversitesi<br \/>\nProf. Dr. Hasan HACAK, Marmara \u00dcniversitesi<br \/>\nDo\u00e7. Dr. H\u00fcseyin ASLAN, \u0130stanbul Ticaret \u00dcniversitesi<br \/>\nProf. Dr. Mehmet ERSOY, Artvin \u00c7oruh \u00dcniversitesi<br \/>\nProf. Dr. Necmettin KIZILKAYA, \u0130stanbul \u00dcniversitesi<br \/>\nProf. Dr. Cengiz KALLEK, Marmara \u00dcniversitesi<br \/>\nProf. Dr. \u015eakir G\u00d6RM\u00dc\u015e, Marmara \u00dcniversitesi<br \/>\nDr. Mehmet \u00c7a\u011fr\u0131 KIZILTA\u015e, Beykent \u00dcniversitesi<\/p>\n<\/div>\n<\/header>\n<h1><\/h1>\n<p><strong>\u0130slam Ekonomisi ve Ekonomik Sistemler Uygulama ve Ara\u015ft\u0131rma Merkezi<\/strong><\/p>\n<p>\u0130stanbul Ticaret \u00dcniversitesi &#8211; \u0130slam Ekonomisi ve Ekonomik Sistemler Uygulama ve Ara\u015ft\u0131rma Merkezi, ilgili konularda Uluslararas\u0131 ve Ulusal toplant\u0131lara ev sahipli\u011fi yapmakta, web sayfas\u0131nda konuyla ilgili g\u00fcncel raporlar\u0131 ve bilgileri payla\u015fmakta ve \u00dcniversite se\u00e7imlik dersi olarak tek d\u00f6nemlik <strong><em>GNL 327 Kat\u0131l\u0131m Bankac\u0131l\u0131\u011f\u0131 ve \u0130slami Finans <\/em><\/strong>dersini \u00f6\u011frencilerimize sunmaktad\u0131r. Ders \u00f6\u011frencilerimiz taraf\u0131ndan ilgi g\u00f6rmekte, \u00e7ok \u00e7e\u015fitli fak\u00fclte ve b\u00f6l\u00fcmlerden \u00f6nemli \u00f6l\u00e7\u00fcde kat\u0131l\u0131m olmaktad\u0131r. Bahar d\u00f6nemlerinde GNL 327 dersimiz \u0130ngilizce olarak da verilmektedir.<\/p>\n<p>\u0130slam \u0130ktisad\u0131 bir d\u00fcnya g\u00f6r\u00fc\u015f\u00fc olarak insan davran\u0131\u015flar\u0131na dayanmaktad\u0131r. Son yar\u0131m y\u00fczy\u0131lda t\u00fcm d\u00fcnyada belirli hassasiyetleri olan tasarruf sahipleri ve yat\u0131r\u0131mc\u0131lar\u0131n ihtiyac\u0131na uygun olarak, \u0130slami ilkelere uygun finansal kurumlar ve ara\u00e7lar, hem ulusal hem de uluslararas\u0131 d\u00fczeyde fark edilir bir hacme ula\u015fm\u0131\u015ft\u0131r. \u00dclkemizde de 1980 li y\u0131llardan beri <strong><em>Kat\u0131l\u0131m Finans \u0130lkelerine uygun<\/em><\/strong> faaliyet g\u00f6steren Kat\u0131l\u0131m Bankalar\u0131 ve Sigorta \u015eirketleri bulunmaktad\u0131r.<\/p>\n<p>Son y\u0131llarda akademik \u00e7evrelerde \u0130slami Finans veya Kat\u0131l\u0131m Finans\u0131 konular\u0131na ilgi artmakta ve bu konuda literat\u00fcr geli\u015fmektedir. \u0130slam Ekonomisi ve Ekonomik Sistemler Uygulama ve Ara\u015ft\u0131rma Merkezimiz, de\u011fi\u015fen ve geli\u015fen ekonomik sistem s\u00fcrecini izleyip de\u011ferlendirmekte ve \u00f6\u011frencilerimizin bu konuda g\u00fcncel bilgilere sahip olmas\u0131 i\u00e7in gereken altyap\u0131y\u0131 haz\u0131rlamaktad\u0131r.<\/p>\n<p><strong><em><u>Etkinliklerimiz:<\/u><\/em><\/strong><\/p>\n<p>27-28 Ekim 2022 \u00a0Uluslararas\u0131 Ahilik Anlay\u0131\u015f\u0131 \u0130le Hayata Dokunu\u015f Sempozyumu<\/p>\n<p>8 Ekim 2022 tarihinde 12. Foundations of Islamic Finance &#8211; FIFC (\u0130slam Finans\u0131n\u0131n Temelleri Konferans\u0131)\u2019na ev sahipli\u011fi yap\u0131lm\u0131\u015ft\u0131r.<\/p>\n<p>16 Nisan 2022 Ye\u015fil Ekonomi ve \u00c7evre \u00c7al\u0131\u015ftay\u0131 (IKAM etkinli\u011fine ev sahipli\u011fi)<\/p>\n<p>20-22 Mart 2021 tarihlerinde 12. Foundations of Islamic Finance &#8211; FIFC (\u0130slam Finans\u0131n\u0131n Temelleri Konferans\u0131)\u2019na\u00a0 d\u00fcnyadan di\u011fer 6 \u00fcniversite ile birlikte online olarak ortak \u00fcniversite olarak kat\u0131l\u0131m sa\u011flanm\u0131\u015ft\u0131r.<\/p>\n<p><strong><em><u>Web adresimiz<\/u><\/em><\/strong> : ww4.ticaret.edu.tr\/islamekonomisi<\/p>\n<h1><\/h1>\n<\/header>\n<\/header>\n<p>&nbsp;<\/p>\n<p>&nbsp;<\/p>\n","protected":false},"excerpt":{"rendered":"<p>Y\u00f6netim Kurulu 1- Necdet \u015eensoy, Prof. Dr.,\u0130stanbul Ticaret \u00dcniversitesi, \u0130\u015fletme Fak\u00fcltesi \u00d6\u011fretim \u00dcyesi 2- Said Yaz\u0131c\u0131o\u011flu, Prof. Dr., \u0130stanbul Ticaret \u00dcniversitesi, \u0130nsan ve Toplum Bilimleri Fak\u00fcltesi Dekan\u0131 3- Ahmet Kara, Prof. Dr., \u0130stanbul Ticaret \u00dcniversitesi, \u0130\u015fletme Fak\u00fcltesi, \u0130ktisat B\u00f6l\u00fcm Ba\u015fkan\u0131 4- Osman Bayraktar, Do\u00e7. Dr., \u0130stanbul Ticaret \u00dcniversitesi, \u0130\u015fletme Fak\u00fcltesi \u00d6\u011fretim \u00dcyesi 5- H\u00fcseyin Aslan, [&hellip;]<\/p>\n","protected":false},"author":142,"featured_media":0,"parent":0,"menu_order":0,"comment_status":"closed","ping_status":"closed","template":"genel_sayfa.php","meta":{"footnotes":""},"yoast_head":"<!-- This site is optimized with the Yoast SEO Premium plugin v22.1 (Yoast SEO v22.1) - https:\/\/yoast.com\/wordpress\/plugins\/seo\/ -->\n<title>Hakk\u0131m\u0131zda - \u0130slam Ekonomisi ve Ekonomik Sistemler Uygulama ve Ara\u015ft\u0131rma Merkezi<\/title>\n<meta name=\"robots\" content=\"index, follow, max-snippet:-1, max-image-preview:large, max-video-preview:-1\" \/>\n<link rel=\"canonical\" href=\"https:\/\/ticaret.edu.tr\/islam-ekonomisi-ve-ekonomik-sistemler-uygulama-ve-arastirma-merkezi\/hakkimizda\/\" \/>\n<meta property=\"og:locale\" content=\"tr_TR\" \/>\n<meta property=\"og:type\" content=\"article\" \/>\n<meta property=\"og:title\" content=\"Hakk\u0131m\u0131zda\" \/>\n<meta property=\"og:description\" content=\"Y\u00f6netim Kurulu 1- Necdet \u015eensoy, Prof. Dr.,\u0130stanbul Ticaret \u00dcniversitesi, \u0130\u015fletme Fak\u00fcltesi \u00d6\u011fretim \u00dcyesi 2- Said Yaz\u0131c\u0131o\u011flu, Prof. Dr., \u0130stanbul Ticaret \u00dcniversitesi, \u0130nsan ve Toplum Bilimleri Fak\u00fcltesi Dekan\u0131 3- Ahmet Kara, Prof. Dr., \u0130stanbul Ticaret \u00dcniversitesi, \u0130\u015fletme Fak\u00fcltesi, \u0130ktisat B\u00f6l\u00fcm Ba\u015fkan\u0131 4- Osman Bayraktar, Do\u00e7. Dr., \u0130stanbul Ticaret \u00dcniversitesi, \u0130\u015fletme Fak\u00fcltesi \u00d6\u011fretim \u00dcyesi 5- H\u00fcseyin Aslan, [&hellip;]\" \/>\n<meta property=\"og:url\" content=\"https:\/\/ticaret.edu.tr\/islam-ekonomisi-ve-ekonomik-sistemler-uygulama-ve-arastirma-merkezi\/hakkimizda\/\" \/>\n<meta property=\"og:site_name\" content=\"\u0130slam Ekonomisi ve Ekonomik Sistemler Uygulama ve Ara\u015ft\u0131rma Merkezi\" \/>\n<meta property=\"article:publisher\" content=\"https:\/\/www.facebook.com\/ticaretedutr\" \/>\n<meta property=\"article:modified_time\" content=\"2025-12-23T13:01:29+00:00\" \/>\n<meta property=\"og:image\" content=\"http:\/\/ticaret.edu.tr\/islam-ekonomisi-ve-ekonomik-sistemler-uygulama-ve-arastirma-merkezi\/wp-content\/uploads\/sites\/48\/2021\/11\/web_logo-01.jpg\" \/>\n\t<meta property=\"og:image:width\" content=\"1250\" \/>\n\t<meta property=\"og:image:height\" content=\"833\" \/>\n\t<meta property=\"og:image:type\" content=\"image\/jpeg\" \/>\n<meta name=\"twitter:card\" content=\"summary_large_image\" \/>\n<meta name=\"twitter:site\" content=\"@ticaretedutr\" \/>\n<meta name=\"twitter:label1\" content=\"Tahmini okuma s\u00fcresi\" \/>\n\t<meta name=\"twitter:data1\" content=\"3 dakika\" \/>\n<script type=\"application\/ld+json\" class=\"yoast-schema-graph\">{\"@context\":\"https:\/\/schema.org\",\"@graph\":[{\"@type\":\"WebPage\",\"@id\":\"https:\/\/ticaret.edu.tr\/islam-ekonomisi-ve-ekonomik-sistemler-uygulama-ve-arastirma-merkezi\/hakkimizda\/\",\"url\":\"https:\/\/ticaret.edu.tr\/islam-ekonomisi-ve-ekonomik-sistemler-uygulama-ve-arastirma-merkezi\/hakkimizda\/\",\"name\":\"Hakk\u0131m\u0131zda - \u0130slam Ekonomisi ve Ekonomik Sistemler Uygulama ve Ara\u015ft\u0131rma Merkezi\",\"isPartOf\":{\"@id\":\"https:\/\/ticaret.edu.tr\/islam-ekonomisi-ve-ekonomik-sistemler-uygulama-ve-arastirma-merkezi\/#website\"},\"datePublished\":\"2020-07-20T03:57:48+00:00\",\"dateModified\":\"2025-12-23T13:01:29+00:00\",\"breadcrumb\":{\"@id\":\"https:\/\/ticaret.edu.tr\/islam-ekonomisi-ve-ekonomik-sistemler-uygulama-ve-arastirma-merkezi\/hakkimizda\/#breadcrumb\"},\"inLanguage\":\"tr\",\"potentialAction\":[{\"@type\":\"ReadAction\",\"target\":[\"https:\/\/ticaret.edu.tr\/islam-ekonomisi-ve-ekonomik-sistemler-uygulama-ve-arastirma-merkezi\/hakkimizda\/\"]}]},{\"@type\":\"BreadcrumbList\",\"@id\":\"https:\/\/ticaret.edu.tr\/islam-ekonomisi-ve-ekonomik-sistemler-uygulama-ve-arastirma-merkezi\/hakkimizda\/#breadcrumb\",\"itemListElement\":[{\"@type\":\"ListItem\",\"position\":1,\"name\":\"Ana sayfa\",\"item\":\"https:\/\/ticaret.edu.tr\/islam-ekonomisi-ve-ekonomik-sistemler-uygulama-ve-arastirma-merkezi\/\"},{\"@type\":\"ListItem\",\"position\":2,\"name\":\"Hakk\u0131m\u0131zda\"}]},{\"@type\":\"WebSite\",\"@id\":\"https:\/\/ticaret.edu.tr\/islam-ekonomisi-ve-ekonomik-sistemler-uygulama-ve-arastirma-merkezi\/#website\",\"url\":\"https:\/\/ticaret.edu.tr\/islam-ekonomisi-ve-ekonomik-sistemler-uygulama-ve-arastirma-merkezi\/\",\"name\":\"\u0130slam Ekonomisi ve Ekonomik Sistemler Uygulama ve Ara\u015ft\u0131rma Merkezi\",\"description\":\"Bir ba\u015fka \u0130stanbul Ticaret \u00dcniversitesi site sitesi\",\"potentialAction\":[{\"@type\":\"SearchAction\",\"target\":{\"@type\":\"EntryPoint\",\"urlTemplate\":\"https:\/\/ticaret.edu.tr\/islam-ekonomisi-ve-ekonomik-sistemler-uygulama-ve-arastirma-merkezi\/?s={search_term_string}\"},\"query-input\":\"required name=search_term_string\"}],\"inLanguage\":\"tr\"}]}<\/script>\n<!-- \/ Yoast SEO Premium plugin. -->","yoast_head_json":{"title":"Hakk\u0131m\u0131zda - \u0130slam Ekonomisi ve Ekonomik Sistemler Uygulama ve Ara\u015ft\u0131rma Merkezi","robots":{"index":"index","follow":"follow","max-snippet":"max-snippet:-1","max-image-preview":"max-image-preview:large","max-video-preview":"max-video-preview:-1"},"canonical":"https:\/\/ticaret.edu.tr\/islam-ekonomisi-ve-ekonomik-sistemler-uygulama-ve-arastirma-merkezi\/hakkimizda\/","og_locale":"tr_TR","og_type":"article","og_title":"Hakk\u0131m\u0131zda","og_description":"Y\u00f6netim Kurulu 1- Necdet \u015eensoy, Prof. Dr.,\u0130stanbul Ticaret \u00dcniversitesi, \u0130\u015fletme Fak\u00fcltesi \u00d6\u011fretim \u00dcyesi 2- Said Yaz\u0131c\u0131o\u011flu, Prof. Dr., \u0130stanbul Ticaret \u00dcniversitesi, \u0130nsan ve Toplum Bilimleri Fak\u00fcltesi Dekan\u0131 3- Ahmet Kara, Prof. Dr., \u0130stanbul Ticaret \u00dcniversitesi, \u0130\u015fletme Fak\u00fcltesi, \u0130ktisat B\u00f6l\u00fcm Ba\u015fkan\u0131 4- Osman Bayraktar, Do\u00e7. Dr., \u0130stanbul Ticaret \u00dcniversitesi, \u0130\u015fletme Fak\u00fcltesi \u00d6\u011fretim \u00dcyesi 5- H\u00fcseyin Aslan, [&hellip;]","og_url":"https:\/\/ticaret.edu.tr\/islam-ekonomisi-ve-ekonomik-sistemler-uygulama-ve-arastirma-merkezi\/hakkimizda\/","og_site_name":"\u0130slam Ekonomisi ve Ekonomik Sistemler Uygulama ve Ara\u015ft\u0131rma Merkezi","article_publisher":"https:\/\/www.facebook.com\/ticaretedutr","article_modified_time":"2025-12-23T13:01:29+00:00","og_image":[{"width":1250,"height":833,"url":"http:\/\/ticaret.edu.tr\/islam-ekonomisi-ve-ekonomik-sistemler-uygulama-ve-arastirma-merkezi\/wp-content\/uploads\/sites\/48\/2021\/11\/web_logo-01.jpg","type":"image\/jpeg"}],"twitter_card":"summary_large_image","twitter_site":"@ticaretedutr","twitter_misc":{"Tahmini okuma s\u00fcresi":"3 dakika"},"schema":{"@context":"https:\/\/schema.org","@graph":[{"@type":"WebPage","@id":"https:\/\/ticaret.edu.tr\/islam-ekonomisi-ve-ekonomik-sistemler-uygulama-ve-arastirma-merkezi\/hakkimizda\/","url":"https:\/\/ticaret.edu.tr\/islam-ekonomisi-ve-ekonomik-sistemler-uygulama-ve-arastirma-merkezi\/hakkimizda\/","name":"Hakk\u0131m\u0131zda - \u0130slam Ekonomisi ve Ekonomik Sistemler Uygulama ve Ara\u015ft\u0131rma Merkezi","isPartOf":{"@id":"https:\/\/ticaret.edu.tr\/islam-ekonomisi-ve-ekonomik-sistemler-uygulama-ve-arastirma-merkezi\/#website"},"datePublished":"2020-07-20T03:57:48+00:00","dateModified":"2025-12-23T13:01:29+00:00","breadcrumb":{"@id":"https:\/\/ticaret.edu.tr\/islam-ekonomisi-ve-ekonomik-sistemler-uygulama-ve-arastirma-merkezi\/hakkimizda\/#breadcrumb"},"inLanguage":"tr","potentialAction":[{"@type":"ReadAction","target":["https:\/\/ticaret.edu.tr\/islam-ekonomisi-ve-ekonomik-sistemler-uygulama-ve-arastirma-merkezi\/hakkimizda\/"]}]},{"@type":"BreadcrumbList","@id":"https:\/\/ticaret.edu.tr\/islam-ekonomisi-ve-ekonomik-sistemler-uygulama-ve-arastirma-merkezi\/hakkimizda\/#breadcrumb","itemListElement":[{"@type":"ListItem","position":1,"name":"Ana sayfa","item":"https:\/\/ticaret.edu.tr\/islam-ekonomisi-ve-ekonomik-sistemler-uygulama-ve-arastirma-merkezi\/"},{"@type":"ListItem","position":2,"name":"Hakk\u0131m\u0131zda"}]},{"@type":"WebSite","@id":"https:\/\/ticaret.edu.tr\/islam-ekonomisi-ve-ekonomik-sistemler-uygulama-ve-arastirma-merkezi\/#website","url":"https:\/\/ticaret.edu.tr\/islam-ekonomisi-ve-ekonomik-sistemler-uygulama-ve-arastirma-merkezi\/","name":"\u0130slam Ekonomisi ve Ekonomik Sistemler Uygulama ve Ara\u015ft\u0131rma Merkezi","description":"Bir ba\u015fka \u0130stanbul Ticaret \u00dcniversitesi site sitesi","potentialAction":[{"@type":"SearchAction","target":{"@type":"EntryPoint","urlTemplate":"https:\/\/ticaret.edu.tr\/islam-ekonomisi-ve-ekonomik-sistemler-uygulama-ve-arastirma-merkezi\/?s={search_term_string}"},"query-input":"required name=search_term_string"}],"inLanguage":"tr"}]}},"lang":"tr","translations":{"en":178,"tr":6},"pll_sync_post":[],"_links":{"self":[{"href":"http:\/\/ticaret.edu.tr\/islam-ekonomisi-ve-ekonomik-sistemler-uygulama-ve-arastirma-merkezi\/wp-json\/wp\/v2\/pages\/6"}],"collection":[{"href":"http:\/\/ticaret.edu.tr\/islam-ekonomisi-ve-ekonomik-sistemler-uygulama-ve-arastirma-merkezi\/wp-json\/wp\/v2\/pages"}],"about":[{"href":"http:\/\/ticaret.edu.tr\/islam-ekonomisi-ve-ekonomik-sistemler-uygulama-ve-arastirma-merkezi\/wp-json\/wp\/v2\/types\/page"}],"author":[{"embeddable":true,"href":"http:\/\/ticaret.edu.tr\/islam-ekonomisi-ve-ekonomik-sistemler-uygulama-ve-arastirma-merkezi\/wp-json\/wp\/v2\/users\/142"}],"replies":[{"embeddable":true,"href":"http:\/\/ticaret.edu.tr\/islam-ekonomisi-ve-ekonomik-sistemler-uygulama-ve-arastirma-merkezi\/wp-json\/wp\/v2\/comments?post=6"}],"version-history":[{"count":13,"href":"http:\/\/ticaret.edu.tr\/islam-ekonomisi-ve-ekonomik-sistemler-uygulama-ve-arastirma-merkezi\/wp-json\/wp\/v2\/pages\/6\/revisions"}],"predecessor-version":[{"id":578,"href":"http:\/\/ticaret.edu.tr\/islam-ekonomisi-ve-ekonomik-sistemler-uygulama-ve-arastirma-merkezi\/wp-json\/wp\/v2\/pages\/6\/revisions\/578"}],"wp:attachment":[{"href":"http:\/\/ticaret.edu.tr\/islam-ekonomisi-ve-ekonomik-sistemler-uygulama-ve-arastirma-merkezi\/wp-json\/wp\/v2\/media?parent=6"}],"curies":[{"name":"wp","href":"https:\/\/api.w.org\/{rel}","templated":true}]}}