{"id":1278,"date":"2022-12-27T14:37:06","date_gmt":"2022-12-27T11:37:06","guid":{"rendered":"https:\/\/ticaret.edu.tr\/isletme-bolumu\/?page_id=1278"},"modified":"2025-02-11T15:34:31","modified_gmt":"2025-02-11T12:34:31","slug":"komisyonlar","status":"publish","type":"page","link":"http:\/\/ticaret.edu.tr\/isletme-bolumu\/komisyonlar\/","title":{"rendered":"Komisyonlar"},"content":{"rendered":"<p><strong>T\u00fcrk\u00e7e \u0130\u015fletme B\u00f6l\u00fcm\u00fc Komisyonlar\u0131<\/strong><\/p>\n<p><strong><em>Yatay ve Dikey Ge\u00e7i\u015f Komisyonu<\/em><\/strong><\/p>\n<p>Prof. Dr. Murat Kas\u0131mo\u011flu<\/p>\n<p>Ar\u015f. G\u00f6r. Merdan U\u00e7um<\/p>\n<p><a href=\"https:\/\/lisansaday.ticaret.edu.tr\/yatay-gecis-ve-dgs\/\">https:\/\/lisansaday.ticaret.edu.tr\/yatay-gecis-ve-dgs\/<\/a><\/p>\n<p><strong><em>\u00c7ift Anadal\/Yandal Komisyonu<\/em><\/strong><\/p>\n<p>Prof. Dr. Ali G\u00f6rener<\/p>\n<p>Do\u00e7. Dr. Recep Ali K\u00fc\u00e7\u00fck\u00e7olak<\/p>\n<p><a href=\"https:\/\/ticaret.edu.tr\/wp-content\/uploads\/2023\/08\/2023-2024-CAP-YANDAL-DUYURUSU.pdf\">https:\/\/ticaret.edu.tr\/wp-content\/uploads\/2023\/08\/2023-2024-CAP-YANDAL-DUYURUSU.pdf<\/a><\/p>\n<p><strong><em>Mezuniyet Komisyonu<\/em><\/strong><\/p>\n<p>Dr. \u00d6\u011fr. \u00dcyesi Mehmet Sa\u011flam<\/p>\n<p>Ar\u015f. G\u00f6r. H\u00fcmeyra Nur Hatipo\u011flu<\/p>\n<p><strong><em>M\u00fcfredat Komisyonu<\/em><\/strong><\/p>\n<p>Prof. Dr. \u00d6mer Torlak<\/p>\n<p>Prof. Dr. Ali G\u00f6rener<\/p>\n<p>Prof. Dr. Feyzullah Yetgin<\/p>\n<p>Prof. Dr. Murat Kas\u0131mo\u011flu<\/p>\n<p>Do\u00e7. Dr. Osman Bayraktar<\/p>\n<p>Do\u00e7. Dr. Recep Ali K\u00fc\u00e7\u00fck\u00e7olak<\/p>\n<p>Dr. \u00d6\u011fr. \u00dcyesi Mehmet Sa\u011flam<\/p>\n<p>Dr. \u00d6\u011fr. \u00dcyesi Nihan Yavuz Aksakal<\/p>\n<p>Ar\u015f. G\u00f6r. H\u00fcmeyra Nur Hatipo\u011flu<\/p>\n<p>Ar\u015f. G\u00f6r. Merdan U\u00e7um<\/p>\n<p><strong><em>\u00d6\u011fretim Eleman\u0131 De\u011ferlendirme Komisyonu<\/em><\/strong><\/p>\n<p>Prof. Dr. Ali G\u00f6rener<\/p>\n<p>Dr. \u00d6\u011fr. \u00dcyesi Mehmet Sa\u011flam<\/p>\n<p><strong><em>Staj Komisyonu\u00a0 <\/em><\/strong><\/p>\n<p>Dr. \u00d6\u011fr. \u00dcyesi Nihan Yavuz Aksakal<\/p>\n<p>Ar\u015f. G\u00f6r. Merdan U\u00e7um<\/p>\n<p><em><b>\u0130\u015fletme B\u00f6l\u00fcm\u00fc Kalite Komisyonu<\/b><\/em><\/p>\n<p>Dr. \u00d6\u011fr. \u00dcyesi Mehmet SA\u011eLAM &#8211; B\u00f6l\u00fcm Ba\u015fkan\u0131<\/p>\n<p>Do\u00e7. Dr. Recep Ali K\u00dc\u00c7\u00dcK\u00c7OLAK &#8211; Se\u00e7ilmi\u015f \u00dcye<\/p>\n<p>Ar\u015f. G\u00f6r. Merdan U\u00c7UM &#8211; Kalite El\u00e7isi<\/p>\n<p>Meral A\u00c7AR &#8211; \u00d6\u011frenci Temsilcisi<\/p>\n<p>&nbsp;<\/p>\n","protected":false},"excerpt":{"rendered":"<p>T\u00fcrk\u00e7e \u0130\u015fletme B\u00f6l\u00fcm\u00fc Komisyonlar\u0131 Yatay ve Dikey Ge\u00e7i\u015f Komisyonu Prof. Dr. Murat Kas\u0131mo\u011flu Ar\u015f. G\u00f6r. Merdan U\u00e7um https:\/\/lisansaday.ticaret.edu.tr\/yatay-gecis-ve-dgs\/ \u00c7ift Anadal\/Yandal Komisyonu Prof. Dr. Ali G\u00f6rener Do\u00e7. Dr. Recep Ali K\u00fc\u00e7\u00fck\u00e7olak https:\/\/ticaret.edu.tr\/wp-content\/uploads\/2023\/08\/2023-2024-CAP-YANDAL-DUYURUSU.pdf Mezuniyet Komisyonu Dr. \u00d6\u011fr. \u00dcyesi Mehmet Sa\u011flam Ar\u015f. G\u00f6r. H\u00fcmeyra Nur Hatipo\u011flu M\u00fcfredat Komisyonu Prof. Dr. \u00d6mer Torlak Prof. Dr. Ali G\u00f6rener Prof. Dr. [&hellip;]<\/p>\n","protected":false},"author":59,"featured_media":0,"parent":0,"menu_order":0,"comment_status":"closed","ping_status":"closed","template":"genel_sayfa.php","meta":{"footnotes":""},"yoast_head":"<!-- This site is optimized with the Yoast SEO Premium plugin v22.1 (Yoast SEO v22.1) - https:\/\/yoast.com\/wordpress\/plugins\/seo\/ -->\n<title>Komisyonlar - \u0130\u015fletme<\/title>\n<meta name=\"robots\" content=\"index, follow, max-snippet:-1, max-image-preview:large, max-video-preview:-1\" \/>\n<link rel=\"canonical\" href=\"https:\/\/ticaret.edu.tr\/isletme-bolumu\/komisyonlar\/\" \/>\n<meta property=\"og:locale\" content=\"tr_TR\" \/>\n<meta property=\"og:type\" content=\"article\" \/>\n<meta property=\"og:title\" content=\"Komisyonlar\" \/>\n<meta property=\"og:description\" content=\"T\u00fcrk\u00e7e \u0130\u015fletme B\u00f6l\u00fcm\u00fc Komisyonlar\u0131 Yatay ve Dikey Ge\u00e7i\u015f Komisyonu Prof. Dr. Murat Kas\u0131mo\u011flu Ar\u015f. G\u00f6r. Merdan U\u00e7um https:\/\/lisansaday.ticaret.edu.tr\/yatay-gecis-ve-dgs\/ \u00c7ift Anadal\/Yandal Komisyonu Prof. Dr. Ali G\u00f6rener Do\u00e7. Dr. Recep Ali K\u00fc\u00e7\u00fck\u00e7olak https:\/\/ticaret.edu.tr\/wp-content\/uploads\/2023\/08\/2023-2024-CAP-YANDAL-DUYURUSU.pdf Mezuniyet Komisyonu Dr. \u00d6\u011fr. \u00dcyesi Mehmet Sa\u011flam Ar\u015f. G\u00f6r. H\u00fcmeyra Nur Hatipo\u011flu M\u00fcfredat Komisyonu Prof. Dr. \u00d6mer Torlak Prof. Dr. Ali G\u00f6rener Prof. Dr. [&hellip;]\" \/>\n<meta property=\"og:url\" content=\"https:\/\/ticaret.edu.tr\/isletme-bolumu\/komisyonlar\/\" \/>\n<meta property=\"og:site_name\" content=\"\u0130\u015fletme\" \/>\n<meta property=\"article:publisher\" content=\"https:\/\/www.facebook.com\/ticaretedutr\" \/>\n<meta property=\"article:modified_time\" content=\"2025-02-11T12:34:31+00:00\" \/>\n<meta property=\"og:image\" content=\"http:\/\/ticaret.edu.tr\/isletme-bolumu\/wp-content\/uploads\/sites\/8\/2021\/11\/web_logo-01.jpg\" \/>\n\t<meta property=\"og:image:width\" content=\"1250\" \/>\n\t<meta property=\"og:image:height\" content=\"833\" \/>\n\t<meta property=\"og:image:type\" content=\"image\/jpeg\" \/>\n<meta name=\"twitter:card\" content=\"summary_large_image\" \/>\n<meta name=\"twitter:site\" content=\"@ticaretedutr\" \/>\n<meta name=\"twitter:label1\" content=\"Tahmini okuma s\u00fcresi\" \/>\n\t<meta name=\"twitter:data1\" content=\"1 dakika\" \/>\n<script type=\"application\/ld+json\" class=\"yoast-schema-graph\">{\"@context\":\"https:\/\/schema.org\",\"@graph\":[{\"@type\":\"WebPage\",\"@id\":\"https:\/\/ticaret.edu.tr\/isletme-bolumu\/komisyonlar\/\",\"url\":\"https:\/\/ticaret.edu.tr\/isletme-bolumu\/komisyonlar\/\",\"name\":\"Komisyonlar - \u0130\u015fletme\",\"isPartOf\":{\"@id\":\"http:\/\/ticaret.edu.tr\/isletme-bolumu\/#website\"},\"datePublished\":\"2022-12-27T11:37:06+00:00\",\"dateModified\":\"2025-02-11T12:34:31+00:00\",\"breadcrumb\":{\"@id\":\"https:\/\/ticaret.edu.tr\/isletme-bolumu\/komisyonlar\/#breadcrumb\"},\"inLanguage\":\"tr\",\"potentialAction\":[{\"@type\":\"ReadAction\",\"target\":[\"https:\/\/ticaret.edu.tr\/isletme-bolumu\/komisyonlar\/\"]}]},{\"@type\":\"BreadcrumbList\",\"@id\":\"https:\/\/ticaret.edu.tr\/isletme-bolumu\/komisyonlar\/#breadcrumb\",\"itemListElement\":[{\"@type\":\"ListItem\",\"position\":1,\"name\":\"Ana sayfa\",\"item\":\"https:\/\/ticaret.edu.tr\/isletme-bolumu\/en\/\"},{\"@type\":\"ListItem\",\"position\":2,\"name\":\"Komisyonlar\"}]},{\"@type\":\"WebSite\",\"@id\":\"http:\/\/ticaret.edu.tr\/isletme-bolumu\/#website\",\"url\":\"http:\/\/ticaret.edu.tr\/isletme-bolumu\/\",\"name\":\"\u0130\u015fletme\",\"description\":\"\",\"potentialAction\":[{\"@type\":\"SearchAction\",\"target\":{\"@type\":\"EntryPoint\",\"urlTemplate\":\"http:\/\/ticaret.edu.tr\/isletme-bolumu\/?s={search_term_string}\"},\"query-input\":\"required name=search_term_string\"}],\"inLanguage\":\"tr\"}]}<\/script>\n<!-- \/ Yoast SEO Premium plugin. -->","yoast_head_json":{"title":"Komisyonlar - \u0130\u015fletme","robots":{"index":"index","follow":"follow","max-snippet":"max-snippet:-1","max-image-preview":"max-image-preview:large","max-video-preview":"max-video-preview:-1"},"canonical":"https:\/\/ticaret.edu.tr\/isletme-bolumu\/komisyonlar\/","og_locale":"tr_TR","og_type":"article","og_title":"Komisyonlar","og_description":"T\u00fcrk\u00e7e \u0130\u015fletme B\u00f6l\u00fcm\u00fc Komisyonlar\u0131 Yatay ve Dikey Ge\u00e7i\u015f Komisyonu Prof. Dr. Murat Kas\u0131mo\u011flu Ar\u015f. G\u00f6r. Merdan U\u00e7um https:\/\/lisansaday.ticaret.edu.tr\/yatay-gecis-ve-dgs\/ \u00c7ift Anadal\/Yandal Komisyonu Prof. Dr. Ali G\u00f6rener Do\u00e7. Dr. Recep Ali K\u00fc\u00e7\u00fck\u00e7olak https:\/\/ticaret.edu.tr\/wp-content\/uploads\/2023\/08\/2023-2024-CAP-YANDAL-DUYURUSU.pdf Mezuniyet Komisyonu Dr. \u00d6\u011fr. \u00dcyesi Mehmet Sa\u011flam Ar\u015f. G\u00f6r. H\u00fcmeyra Nur Hatipo\u011flu M\u00fcfredat Komisyonu Prof. Dr. \u00d6mer Torlak Prof. Dr. Ali G\u00f6rener Prof. Dr. [&hellip;]","og_url":"https:\/\/ticaret.edu.tr\/isletme-bolumu\/komisyonlar\/","og_site_name":"\u0130\u015fletme","article_publisher":"https:\/\/www.facebook.com\/ticaretedutr","article_modified_time":"2025-02-11T12:34:31+00:00","og_image":[{"width":1250,"height":833,"url":"http:\/\/ticaret.edu.tr\/isletme-bolumu\/wp-content\/uploads\/sites\/8\/2021\/11\/web_logo-01.jpg","type":"image\/jpeg"}],"twitter_card":"summary_large_image","twitter_site":"@ticaretedutr","twitter_misc":{"Tahmini okuma s\u00fcresi":"1 dakika"},"schema":{"@context":"https:\/\/schema.org","@graph":[{"@type":"WebPage","@id":"https:\/\/ticaret.edu.tr\/isletme-bolumu\/komisyonlar\/","url":"https:\/\/ticaret.edu.tr\/isletme-bolumu\/komisyonlar\/","name":"Komisyonlar - \u0130\u015fletme","isPartOf":{"@id":"http:\/\/ticaret.edu.tr\/isletme-bolumu\/#website"},"datePublished":"2022-12-27T11:37:06+00:00","dateModified":"2025-02-11T12:34:31+00:00","breadcrumb":{"@id":"https:\/\/ticaret.edu.tr\/isletme-bolumu\/komisyonlar\/#breadcrumb"},"inLanguage":"tr","potentialAction":[{"@type":"ReadAction","target":["https:\/\/ticaret.edu.tr\/isletme-bolumu\/komisyonlar\/"]}]},{"@type":"BreadcrumbList","@id":"https:\/\/ticaret.edu.tr\/isletme-bolumu\/komisyonlar\/#breadcrumb","itemListElement":[{"@type":"ListItem","position":1,"name":"Ana sayfa","item":"https:\/\/ticaret.edu.tr\/isletme-bolumu\/en\/"},{"@type":"ListItem","position":2,"name":"Komisyonlar"}]},{"@type":"WebSite","@id":"http:\/\/ticaret.edu.tr\/isletme-bolumu\/#website","url":"http:\/\/ticaret.edu.tr\/isletme-bolumu\/","name":"\u0130\u015fletme","description":"","potentialAction":[{"@type":"SearchAction","target":{"@type":"EntryPoint","urlTemplate":"http:\/\/ticaret.edu.tr\/isletme-bolumu\/?s={search_term_string}"},"query-input":"required name=search_term_string"}],"inLanguage":"tr"}]}},"lang":"tr","translations":{"en":1327,"tr":1278},"pll_sync_post":[],"_links":{"self":[{"href":"http:\/\/ticaret.edu.tr\/isletme-bolumu\/wp-json\/wp\/v2\/pages\/1278"}],"collection":[{"href":"http:\/\/ticaret.edu.tr\/isletme-bolumu\/wp-json\/wp\/v2\/pages"}],"about":[{"href":"http:\/\/ticaret.edu.tr\/isletme-bolumu\/wp-json\/wp\/v2\/types\/page"}],"author":[{"embeddable":true,"href":"http:\/\/ticaret.edu.tr\/isletme-bolumu\/wp-json\/wp\/v2\/users\/59"}],"replies":[{"embeddable":true,"href":"http:\/\/ticaret.edu.tr\/isletme-bolumu\/wp-json\/wp\/v2\/comments?post=1278"}],"version-history":[{"count":7,"href":"http:\/\/ticaret.edu.tr\/isletme-bolumu\/wp-json\/wp\/v2\/pages\/1278\/revisions"}],"predecessor-version":[{"id":1619,"href":"http:\/\/ticaret.edu.tr\/isletme-bolumu\/wp-json\/wp\/v2\/pages\/1278\/revisions\/1619"}],"wp:attachment":[{"href":"http:\/\/ticaret.edu.tr\/isletme-bolumu\/wp-json\/wp\/v2\/media?parent=1278"}],"curies":[{"name":"wp","href":"https:\/\/api.w.org\/{rel}","templated":true}]}}