{"id":1861,"date":"2025-01-26T18:31:36","date_gmt":"2025-01-26T15:31:36","guid":{"rendered":"https:\/\/ticaret.edu.tr\/isletme-bolumu\/?page_id=1861"},"modified":"2025-02-11T15:35:05","modified_gmt":"2025-02-11T12:35:05","slug":"tarihce","status":"publish","type":"page","link":"http:\/\/ticaret.edu.tr\/isletme-bolumu\/tarihce\/","title":{"rendered":"Tarih\u00e7e"},"content":{"rendered":"<p>\u0130\u015fletme Lisans b\u00f6l\u00fcm\u00fc 2001-2002 \u00f6\u011fretim y\u0131l\u0131nda faaliyetine ba\u015flad\u0131. \u0130lk b\u00f6l\u00fcm ba\u015fkan\u0131 \u00d6mer Lalik olup, 2001-2004 y\u0131llar\u0131 aras\u0131nda g\u00f6rev yapt\u0131. Prof. Dr. Erol Eren 2004-2005 y\u0131llar\u0131 aras\u0131nda b\u00f6l\u00fcm ba\u015fkan\u0131 olarak g\u00f6rev ald\u0131. 2005-2015 y\u0131llar\u0131 aras\u0131nda Prof. Dr. O\u011fuz Uras b\u00f6l\u00fcm ba\u015fkan\u0131 oldu. 2015-2019 y\u0131llar\u0131 aras\u0131nda b\u00f6l\u00fcm ba\u015fkanl\u0131\u011f\u0131n\u0131 Prof. Dr. Beliz \u00dclgen yapt\u0131. 2019-2023 y\u0131llar\u0131 aras\u0131nda Prof. Dr. Ahu Tu\u011fba Karabulut b\u00f6l\u00fcm ba\u015fkan\u0131 olarak g\u00f6rev yapm\u0131\u015ft\u0131r. 2023 y\u0131l\u0131ndan itibaren b\u00f6l\u00fcm ba\u015fkanl\u0131\u011f\u0131n\u0131 Do\u00e7. Dr. Mehmet Sa\u011flam y\u00fcr\u00fctmektedir. B\u00f6l\u00fcm ilk mezunlar\u0131n\u0131 2004-2005 \u00f6\u011fretim y\u0131l\u0131nda vermi\u015f olup, o y\u0131l alt\u0131 \u00f6\u011frenci mezun olmu\u015ftur.<\/p>\n<p>&nbsp;<\/p>\n","protected":false},"excerpt":{"rendered":"<p>\u0130\u015fletme Lisans b\u00f6l\u00fcm\u00fc 2001-2002 \u00f6\u011fretim y\u0131l\u0131nda faaliyetine ba\u015flad\u0131. \u0130lk b\u00f6l\u00fcm ba\u015fkan\u0131 \u00d6mer Lalik olup, 2001-2004 y\u0131llar\u0131 aras\u0131nda g\u00f6rev yapt\u0131. Prof. Dr. Erol Eren 2004-2005 y\u0131llar\u0131 aras\u0131nda b\u00f6l\u00fcm ba\u015fkan\u0131 olarak g\u00f6rev ald\u0131. 2005-2015 y\u0131llar\u0131 aras\u0131nda Prof. Dr. O\u011fuz Uras b\u00f6l\u00fcm ba\u015fkan\u0131 oldu. 2015-2019 y\u0131llar\u0131 aras\u0131nda b\u00f6l\u00fcm ba\u015fkanl\u0131\u011f\u0131n\u0131 Prof. Dr. Beliz \u00dclgen yapt\u0131. 2019-2023 y\u0131llar\u0131 aras\u0131nda Prof. [&hellip;]<\/p>\n","protected":false},"author":58,"featured_media":0,"parent":0,"menu_order":0,"comment_status":"closed","ping_status":"closed","template":"genel_sayfa.php","meta":{"footnotes":""},"yoast_head":"<!-- This site is optimized with the Yoast SEO Premium plugin v22.1 (Yoast SEO v22.1) - https:\/\/yoast.com\/wordpress\/plugins\/seo\/ -->\n<title>Tarih\u00e7e - \u0130\u015fletme<\/title>\n<meta name=\"robots\" content=\"index, follow, max-snippet:-1, max-image-preview:large, max-video-preview:-1\" \/>\n<link rel=\"canonical\" href=\"http:\/\/ticaret.edu.tr\/isletme-bolumu\/tarihce\/\" \/>\n<meta property=\"og:locale\" content=\"tr_TR\" \/>\n<meta property=\"og:type\" content=\"article\" \/>\n<meta property=\"og:title\" content=\"Tarih\u00e7e\" \/>\n<meta property=\"og:description\" content=\"\u0130\u015fletme Lisans b\u00f6l\u00fcm\u00fc 2001-2002 \u00f6\u011fretim y\u0131l\u0131nda faaliyetine ba\u015flad\u0131. \u0130lk b\u00f6l\u00fcm ba\u015fkan\u0131 \u00d6mer Lalik olup, 2001-2004 y\u0131llar\u0131 aras\u0131nda g\u00f6rev yapt\u0131. Prof. Dr. Erol Eren 2004-2005 y\u0131llar\u0131 aras\u0131nda b\u00f6l\u00fcm ba\u015fkan\u0131 olarak g\u00f6rev ald\u0131. 2005-2015 y\u0131llar\u0131 aras\u0131nda Prof. Dr. O\u011fuz Uras b\u00f6l\u00fcm ba\u015fkan\u0131 oldu. 2015-2019 y\u0131llar\u0131 aras\u0131nda b\u00f6l\u00fcm ba\u015fkanl\u0131\u011f\u0131n\u0131 Prof. Dr. Beliz \u00dclgen yapt\u0131. 2019-2023 y\u0131llar\u0131 aras\u0131nda Prof. [&hellip;]\" \/>\n<meta property=\"og:url\" content=\"http:\/\/ticaret.edu.tr\/isletme-bolumu\/tarihce\/\" \/>\n<meta property=\"og:site_name\" content=\"\u0130\u015fletme\" \/>\n<meta property=\"article:publisher\" content=\"https:\/\/www.facebook.com\/ticaretedutr\" \/>\n<meta property=\"article:modified_time\" content=\"2025-02-11T12:35:05+00:00\" \/>\n<meta property=\"og:image\" content=\"http:\/\/ticaret.edu.tr\/isletme-bolumu\/wp-content\/uploads\/sites\/8\/2021\/11\/web_logo-01.jpg\" \/>\n\t<meta property=\"og:image:width\" content=\"1250\" \/>\n\t<meta property=\"og:image:height\" content=\"833\" \/>\n\t<meta property=\"og:image:type\" content=\"image\/jpeg\" \/>\n<meta name=\"twitter:card\" content=\"summary_large_image\" \/>\n<meta name=\"twitter:site\" content=\"@ticaretedutr\" \/>\n<meta name=\"twitter:label1\" content=\"Tahmini okuma s\u00fcresi\" \/>\n\t<meta name=\"twitter:data1\" content=\"1 dakika\" \/>\n<script type=\"application\/ld+json\" class=\"yoast-schema-graph\">{\"@context\":\"https:\/\/schema.org\",\"@graph\":[{\"@type\":\"WebPage\",\"@id\":\"http:\/\/ticaret.edu.tr\/isletme-bolumu\/tarihce\/\",\"url\":\"http:\/\/ticaret.edu.tr\/isletme-bolumu\/tarihce\/\",\"name\":\"Tarih\u00e7e - \u0130\u015fletme\",\"isPartOf\":{\"@id\":\"http:\/\/ticaret.edu.tr\/isletme-bolumu\/#website\"},\"datePublished\":\"2025-01-26T15:31:36+00:00\",\"dateModified\":\"2025-02-11T12:35:05+00:00\",\"breadcrumb\":{\"@id\":\"http:\/\/ticaret.edu.tr\/isletme-bolumu\/tarihce\/#breadcrumb\"},\"inLanguage\":\"tr\",\"potentialAction\":[{\"@type\":\"ReadAction\",\"target\":[\"http:\/\/ticaret.edu.tr\/isletme-bolumu\/tarihce\/\"]}]},{\"@type\":\"BreadcrumbList\",\"@id\":\"http:\/\/ticaret.edu.tr\/isletme-bolumu\/tarihce\/#breadcrumb\",\"itemListElement\":[{\"@type\":\"ListItem\",\"position\":1,\"name\":\"Ana sayfa\",\"item\":\"https:\/\/ticaret.edu.tr\/isletme-bolumu\/en\/\"},{\"@type\":\"ListItem\",\"position\":2,\"name\":\"Tarih\u00e7e\"}]},{\"@type\":\"WebSite\",\"@id\":\"http:\/\/ticaret.edu.tr\/isletme-bolumu\/#website\",\"url\":\"http:\/\/ticaret.edu.tr\/isletme-bolumu\/\",\"name\":\"\u0130\u015fletme\",\"description\":\"\",\"potentialAction\":[{\"@type\":\"SearchAction\",\"target\":{\"@type\":\"EntryPoint\",\"urlTemplate\":\"http:\/\/ticaret.edu.tr\/isletme-bolumu\/?s={search_term_string}\"},\"query-input\":\"required name=search_term_string\"}],\"inLanguage\":\"tr\"}]}<\/script>\n<!-- \/ Yoast SEO Premium plugin. -->","yoast_head_json":{"title":"Tarih\u00e7e - \u0130\u015fletme","robots":{"index":"index","follow":"follow","max-snippet":"max-snippet:-1","max-image-preview":"max-image-preview:large","max-video-preview":"max-video-preview:-1"},"canonical":"http:\/\/ticaret.edu.tr\/isletme-bolumu\/tarihce\/","og_locale":"tr_TR","og_type":"article","og_title":"Tarih\u00e7e","og_description":"\u0130\u015fletme Lisans b\u00f6l\u00fcm\u00fc 2001-2002 \u00f6\u011fretim y\u0131l\u0131nda faaliyetine ba\u015flad\u0131. \u0130lk b\u00f6l\u00fcm ba\u015fkan\u0131 \u00d6mer Lalik olup, 2001-2004 y\u0131llar\u0131 aras\u0131nda g\u00f6rev yapt\u0131. Prof. Dr. Erol Eren 2004-2005 y\u0131llar\u0131 aras\u0131nda b\u00f6l\u00fcm ba\u015fkan\u0131 olarak g\u00f6rev ald\u0131. 2005-2015 y\u0131llar\u0131 aras\u0131nda Prof. Dr. O\u011fuz Uras b\u00f6l\u00fcm ba\u015fkan\u0131 oldu. 2015-2019 y\u0131llar\u0131 aras\u0131nda b\u00f6l\u00fcm ba\u015fkanl\u0131\u011f\u0131n\u0131 Prof. Dr. Beliz \u00dclgen yapt\u0131. 2019-2023 y\u0131llar\u0131 aras\u0131nda Prof. [&hellip;]","og_url":"http:\/\/ticaret.edu.tr\/isletme-bolumu\/tarihce\/","og_site_name":"\u0130\u015fletme","article_publisher":"https:\/\/www.facebook.com\/ticaretedutr","article_modified_time":"2025-02-11T12:35:05+00:00","og_image":[{"width":1250,"height":833,"url":"http:\/\/ticaret.edu.tr\/isletme-bolumu\/wp-content\/uploads\/sites\/8\/2021\/11\/web_logo-01.jpg","type":"image\/jpeg"}],"twitter_card":"summary_large_image","twitter_site":"@ticaretedutr","twitter_misc":{"Tahmini okuma s\u00fcresi":"1 dakika"},"schema":{"@context":"https:\/\/schema.org","@graph":[{"@type":"WebPage","@id":"http:\/\/ticaret.edu.tr\/isletme-bolumu\/tarihce\/","url":"http:\/\/ticaret.edu.tr\/isletme-bolumu\/tarihce\/","name":"Tarih\u00e7e - \u0130\u015fletme","isPartOf":{"@id":"http:\/\/ticaret.edu.tr\/isletme-bolumu\/#website"},"datePublished":"2025-01-26T15:31:36+00:00","dateModified":"2025-02-11T12:35:05+00:00","breadcrumb":{"@id":"http:\/\/ticaret.edu.tr\/isletme-bolumu\/tarihce\/#breadcrumb"},"inLanguage":"tr","potentialAction":[{"@type":"ReadAction","target":["http:\/\/ticaret.edu.tr\/isletme-bolumu\/tarihce\/"]}]},{"@type":"BreadcrumbList","@id":"http:\/\/ticaret.edu.tr\/isletme-bolumu\/tarihce\/#breadcrumb","itemListElement":[{"@type":"ListItem","position":1,"name":"Ana sayfa","item":"https:\/\/ticaret.edu.tr\/isletme-bolumu\/en\/"},{"@type":"ListItem","position":2,"name":"Tarih\u00e7e"}]},{"@type":"WebSite","@id":"http:\/\/ticaret.edu.tr\/isletme-bolumu\/#website","url":"http:\/\/ticaret.edu.tr\/isletme-bolumu\/","name":"\u0130\u015fletme","description":"","potentialAction":[{"@type":"SearchAction","target":{"@type":"EntryPoint","urlTemplate":"http:\/\/ticaret.edu.tr\/isletme-bolumu\/?s={search_term_string}"},"query-input":"required name=search_term_string"}],"inLanguage":"tr"}]}},"lang":"tr","translations":{"en":1957,"tr":1861},"pll_sync_post":[],"_links":{"self":[{"href":"http:\/\/ticaret.edu.tr\/isletme-bolumu\/wp-json\/wp\/v2\/pages\/1861"}],"collection":[{"href":"http:\/\/ticaret.edu.tr\/isletme-bolumu\/wp-json\/wp\/v2\/pages"}],"about":[{"href":"http:\/\/ticaret.edu.tr\/isletme-bolumu\/wp-json\/wp\/v2\/types\/page"}],"author":[{"embeddable":true,"href":"http:\/\/ticaret.edu.tr\/isletme-bolumu\/wp-json\/wp\/v2\/users\/58"}],"replies":[{"embeddable":true,"href":"http:\/\/ticaret.edu.tr\/isletme-bolumu\/wp-json\/wp\/v2\/comments?post=1861"}],"version-history":[{"count":3,"href":"http:\/\/ticaret.edu.tr\/isletme-bolumu\/wp-json\/wp\/v2\/pages\/1861\/revisions"}],"predecessor-version":[{"id":2247,"href":"http:\/\/ticaret.edu.tr\/isletme-bolumu\/wp-json\/wp\/v2\/pages\/1861\/revisions\/2247"}],"wp:attachment":[{"href":"http:\/\/ticaret.edu.tr\/isletme-bolumu\/wp-json\/wp\/v2\/media?parent=1861"}],"curies":[{"name":"wp","href":"https:\/\/api.w.org\/{rel}","templated":true}]}}