{"id":1865,"date":"2025-01-26T18:34:12","date_gmt":"2025-01-26T15:34:12","guid":{"rendered":"https:\/\/ticaret.edu.tr\/isletme-bolumu\/?page_id=1865"},"modified":"2025-10-17T14:27:15","modified_gmt":"2025-10-17T11:27:15","slug":"ogrenci-topluluklari","status":"publish","type":"page","link":"http:\/\/ticaret.edu.tr\/isletme-bolumu\/ogrenci-topluluklari\/","title":{"rendered":"\u00d6\u011frenci Topluluklar\u0131"},"content":{"rendered":"<p><strong data-start=\"119\" data-end=\"170\">\u0130stanbul Ticaret \u00dcniversitesi \u0130\u015fletme Toplulu\u011fu<\/strong>, \u00f6\u011frencilerin akademik bilgi birikimlerini uygulamaya d\u00f6kmelerini, i\u015f d\u00fcnyas\u0131yla daha yak\u0131ndan tan\u0131\u015fmalar\u0131n\u0131 ve ki\u015fisel geli\u015fimlerini desteklemeyi ama\u00e7layan aktif bir \u00f6\u011frenci toplulu\u011fudur. D\u00fczenledi\u011fi seminerler, at\u00f6lyeler, konferanslar ve sosyal etkinliklerle \u00fcyelerine hem profesyonel hem de sosyal a\u011flar\u0131n\u0131 geni\u015fletme f\u0131rsat\u0131 sunar. \u0130\u015f d\u00fcnyas\u0131n\u0131n deneyimli isimlerini \u00f6\u011frencilerle bulu\u015fturarak kariyer planlamas\u0131na katk\u0131 sa\u011flamay\u0131 hedefler. Topluluk, giri\u015fimcilikten liderlik becerilerine kadar bir\u00e7ok alanda \u00f6\u011frencilere ilham veren bir \u00f6\u011frenme ve payla\u015f\u0131m ortam\u0131 olu\u015fturur.<\/p>\n<p>&nbsp;<\/p>\n","protected":false},"excerpt":{"rendered":"<p>\u0130stanbul Ticaret \u00dcniversitesi \u0130\u015fletme Toplulu\u011fu, \u00f6\u011frencilerin akademik bilgi birikimlerini uygulamaya d\u00f6kmelerini, i\u015f d\u00fcnyas\u0131yla daha yak\u0131ndan tan\u0131\u015fmalar\u0131n\u0131 ve ki\u015fisel geli\u015fimlerini desteklemeyi ama\u00e7layan aktif bir \u00f6\u011frenci toplulu\u011fudur. D\u00fczenledi\u011fi seminerler, at\u00f6lyeler, konferanslar ve sosyal etkinliklerle \u00fcyelerine hem profesyonel hem de sosyal a\u011flar\u0131n\u0131 geni\u015fletme f\u0131rsat\u0131 sunar. \u0130\u015f d\u00fcnyas\u0131n\u0131n deneyimli isimlerini \u00f6\u011frencilerle bulu\u015fturarak kariyer planlamas\u0131na katk\u0131 sa\u011flamay\u0131 hedefler. Topluluk, giri\u015fimcilikten [&hellip;]<\/p>\n","protected":false},"author":58,"featured_media":0,"parent":0,"menu_order":0,"comment_status":"closed","ping_status":"closed","template":"genel_sayfa.php","meta":{"footnotes":""},"yoast_head":"<!-- This site is optimized with the Yoast SEO Premium plugin v22.1 (Yoast SEO v22.1) - https:\/\/yoast.com\/wordpress\/plugins\/seo\/ -->\n<title>\u00d6\u011frenci Topluluklar\u0131 - \u0130\u015fletme<\/title>\n<meta name=\"robots\" content=\"index, follow, max-snippet:-1, max-image-preview:large, max-video-preview:-1\" \/>\n<link rel=\"canonical\" href=\"http:\/\/ticaret.edu.tr\/isletme-bolumu\/ogrenci-topluluklari\/\" \/>\n<meta property=\"og:locale\" content=\"tr_TR\" \/>\n<meta property=\"og:type\" content=\"article\" \/>\n<meta property=\"og:title\" content=\"\u00d6\u011frenci Topluluklar\u0131\" \/>\n<meta property=\"og:description\" content=\"\u0130stanbul Ticaret \u00dcniversitesi \u0130\u015fletme Toplulu\u011fu, \u00f6\u011frencilerin akademik bilgi birikimlerini uygulamaya d\u00f6kmelerini, i\u015f d\u00fcnyas\u0131yla daha yak\u0131ndan tan\u0131\u015fmalar\u0131n\u0131 ve ki\u015fisel geli\u015fimlerini desteklemeyi ama\u00e7layan aktif bir \u00f6\u011frenci toplulu\u011fudur. D\u00fczenledi\u011fi seminerler, at\u00f6lyeler, konferanslar ve sosyal etkinliklerle \u00fcyelerine hem profesyonel hem de sosyal a\u011flar\u0131n\u0131 geni\u015fletme f\u0131rsat\u0131 sunar. \u0130\u015f d\u00fcnyas\u0131n\u0131n deneyimli isimlerini \u00f6\u011frencilerle bulu\u015fturarak kariyer planlamas\u0131na katk\u0131 sa\u011flamay\u0131 hedefler. Topluluk, giri\u015fimcilikten [&hellip;]\" \/>\n<meta property=\"og:url\" content=\"http:\/\/ticaret.edu.tr\/isletme-bolumu\/ogrenci-topluluklari\/\" \/>\n<meta property=\"og:site_name\" content=\"\u0130\u015fletme\" \/>\n<meta property=\"article:publisher\" content=\"https:\/\/www.facebook.com\/ticaretedutr\" \/>\n<meta property=\"article:modified_time\" content=\"2025-10-17T11:27:15+00:00\" \/>\n<meta property=\"og:image\" content=\"http:\/\/ticaret.edu.tr\/isletme-bolumu\/wp-content\/uploads\/sites\/8\/2021\/11\/web_logo-01.jpg\" \/>\n\t<meta property=\"og:image:width\" content=\"1250\" \/>\n\t<meta property=\"og:image:height\" content=\"833\" \/>\n\t<meta property=\"og:image:type\" content=\"image\/jpeg\" \/>\n<meta name=\"twitter:card\" content=\"summary_large_image\" \/>\n<meta name=\"twitter:site\" content=\"@ticaretedutr\" \/>\n<meta name=\"twitter:label1\" content=\"Tahmini okuma s\u00fcresi\" \/>\n\t<meta name=\"twitter:data1\" content=\"1 dakika\" \/>\n<script type=\"application\/ld+json\" class=\"yoast-schema-graph\">{\"@context\":\"https:\/\/schema.org\",\"@graph\":[{\"@type\":\"WebPage\",\"@id\":\"http:\/\/ticaret.edu.tr\/isletme-bolumu\/ogrenci-topluluklari\/\",\"url\":\"http:\/\/ticaret.edu.tr\/isletme-bolumu\/ogrenci-topluluklari\/\",\"name\":\"\u00d6\u011frenci Topluluklar\u0131 - \u0130\u015fletme\",\"isPartOf\":{\"@id\":\"http:\/\/ticaret.edu.tr\/isletme-bolumu\/#website\"},\"datePublished\":\"2025-01-26T15:34:12+00:00\",\"dateModified\":\"2025-10-17T11:27:15+00:00\",\"breadcrumb\":{\"@id\":\"http:\/\/ticaret.edu.tr\/isletme-bolumu\/ogrenci-topluluklari\/#breadcrumb\"},\"inLanguage\":\"tr\",\"potentialAction\":[{\"@type\":\"ReadAction\",\"target\":[\"http:\/\/ticaret.edu.tr\/isletme-bolumu\/ogrenci-topluluklari\/\"]}]},{\"@type\":\"BreadcrumbList\",\"@id\":\"http:\/\/ticaret.edu.tr\/isletme-bolumu\/ogrenci-topluluklari\/#breadcrumb\",\"itemListElement\":[{\"@type\":\"ListItem\",\"position\":1,\"name\":\"Ana sayfa\",\"item\":\"https:\/\/ticaret.edu.tr\/isletme-bolumu\/en\/\"},{\"@type\":\"ListItem\",\"position\":2,\"name\":\"\u00d6\u011frenci Topluluklar\u0131\"}]},{\"@type\":\"WebSite\",\"@id\":\"http:\/\/ticaret.edu.tr\/isletme-bolumu\/#website\",\"url\":\"http:\/\/ticaret.edu.tr\/isletme-bolumu\/\",\"name\":\"\u0130\u015fletme\",\"description\":\"\",\"potentialAction\":[{\"@type\":\"SearchAction\",\"target\":{\"@type\":\"EntryPoint\",\"urlTemplate\":\"http:\/\/ticaret.edu.tr\/isletme-bolumu\/?s={search_term_string}\"},\"query-input\":\"required name=search_term_string\"}],\"inLanguage\":\"tr\"}]}<\/script>\n<!-- \/ Yoast SEO Premium plugin. -->","yoast_head_json":{"title":"\u00d6\u011frenci Topluluklar\u0131 - \u0130\u015fletme","robots":{"index":"index","follow":"follow","max-snippet":"max-snippet:-1","max-image-preview":"max-image-preview:large","max-video-preview":"max-video-preview:-1"},"canonical":"http:\/\/ticaret.edu.tr\/isletme-bolumu\/ogrenci-topluluklari\/","og_locale":"tr_TR","og_type":"article","og_title":"\u00d6\u011frenci Topluluklar\u0131","og_description":"\u0130stanbul Ticaret \u00dcniversitesi \u0130\u015fletme Toplulu\u011fu, \u00f6\u011frencilerin akademik bilgi birikimlerini uygulamaya d\u00f6kmelerini, i\u015f d\u00fcnyas\u0131yla daha yak\u0131ndan tan\u0131\u015fmalar\u0131n\u0131 ve ki\u015fisel geli\u015fimlerini desteklemeyi ama\u00e7layan aktif bir \u00f6\u011frenci toplulu\u011fudur. D\u00fczenledi\u011fi seminerler, at\u00f6lyeler, konferanslar ve sosyal etkinliklerle \u00fcyelerine hem profesyonel hem de sosyal a\u011flar\u0131n\u0131 geni\u015fletme f\u0131rsat\u0131 sunar. \u0130\u015f d\u00fcnyas\u0131n\u0131n deneyimli isimlerini \u00f6\u011frencilerle bulu\u015fturarak kariyer planlamas\u0131na katk\u0131 sa\u011flamay\u0131 hedefler. Topluluk, giri\u015fimcilikten [&hellip;]","og_url":"http:\/\/ticaret.edu.tr\/isletme-bolumu\/ogrenci-topluluklari\/","og_site_name":"\u0130\u015fletme","article_publisher":"https:\/\/www.facebook.com\/ticaretedutr","article_modified_time":"2025-10-17T11:27:15+00:00","og_image":[{"width":1250,"height":833,"url":"http:\/\/ticaret.edu.tr\/isletme-bolumu\/wp-content\/uploads\/sites\/8\/2021\/11\/web_logo-01.jpg","type":"image\/jpeg"}],"twitter_card":"summary_large_image","twitter_site":"@ticaretedutr","twitter_misc":{"Tahmini okuma s\u00fcresi":"1 dakika"},"schema":{"@context":"https:\/\/schema.org","@graph":[{"@type":"WebPage","@id":"http:\/\/ticaret.edu.tr\/isletme-bolumu\/ogrenci-topluluklari\/","url":"http:\/\/ticaret.edu.tr\/isletme-bolumu\/ogrenci-topluluklari\/","name":"\u00d6\u011frenci Topluluklar\u0131 - \u0130\u015fletme","isPartOf":{"@id":"http:\/\/ticaret.edu.tr\/isletme-bolumu\/#website"},"datePublished":"2025-01-26T15:34:12+00:00","dateModified":"2025-10-17T11:27:15+00:00","breadcrumb":{"@id":"http:\/\/ticaret.edu.tr\/isletme-bolumu\/ogrenci-topluluklari\/#breadcrumb"},"inLanguage":"tr","potentialAction":[{"@type":"ReadAction","target":["http:\/\/ticaret.edu.tr\/isletme-bolumu\/ogrenci-topluluklari\/"]}]},{"@type":"BreadcrumbList","@id":"http:\/\/ticaret.edu.tr\/isletme-bolumu\/ogrenci-topluluklari\/#breadcrumb","itemListElement":[{"@type":"ListItem","position":1,"name":"Ana sayfa","item":"https:\/\/ticaret.edu.tr\/isletme-bolumu\/en\/"},{"@type":"ListItem","position":2,"name":"\u00d6\u011frenci Topluluklar\u0131"}]},{"@type":"WebSite","@id":"http:\/\/ticaret.edu.tr\/isletme-bolumu\/#website","url":"http:\/\/ticaret.edu.tr\/isletme-bolumu\/","name":"\u0130\u015fletme","description":"","potentialAction":[{"@type":"SearchAction","target":{"@type":"EntryPoint","urlTemplate":"http:\/\/ticaret.edu.tr\/isletme-bolumu\/?s={search_term_string}"},"query-input":"required name=search_term_string"}],"inLanguage":"tr"}]}},"lang":"tr","translations":{"en":2033,"tr":1865},"pll_sync_post":[],"_links":{"self":[{"href":"http:\/\/ticaret.edu.tr\/isletme-bolumu\/wp-json\/wp\/v2\/pages\/1865"}],"collection":[{"href":"http:\/\/ticaret.edu.tr\/isletme-bolumu\/wp-json\/wp\/v2\/pages"}],"about":[{"href":"http:\/\/ticaret.edu.tr\/isletme-bolumu\/wp-json\/wp\/v2\/types\/page"}],"author":[{"embeddable":true,"href":"http:\/\/ticaret.edu.tr\/isletme-bolumu\/wp-json\/wp\/v2\/users\/58"}],"replies":[{"embeddable":true,"href":"http:\/\/ticaret.edu.tr\/isletme-bolumu\/wp-json\/wp\/v2\/comments?post=1865"}],"version-history":[{"count":3,"href":"http:\/\/ticaret.edu.tr\/isletme-bolumu\/wp-json\/wp\/v2\/pages\/1865\/revisions"}],"predecessor-version":[{"id":2538,"href":"http:\/\/ticaret.edu.tr\/isletme-bolumu\/wp-json\/wp\/v2\/pages\/1865\/revisions\/2538"}],"wp:attachment":[{"href":"http:\/\/ticaret.edu.tr\/isletme-bolumu\/wp-json\/wp\/v2\/media?parent=1865"}],"curies":[{"name":"wp","href":"https:\/\/api.w.org\/{rel}","templated":true}]}}