{"id":1887,"date":"2025-01-26T18:53:25","date_gmt":"2025-01-26T15:53:25","guid":{"rendered":"https:\/\/ticaret.edu.tr\/isletme-bolumu\/?page_id=1887"},"modified":"2025-10-09T16:24:31","modified_gmt":"2025-10-09T13:24:31","slug":"cap-yandal-yatay-gecis","status":"publish","type":"page","link":"http:\/\/ticaret.edu.tr\/isletme-bolumu\/cap-yandal-yatay-gecis\/","title":{"rendered":"\u00c7ap-Yandal \/ Yatay Ge\u00e7i\u015f"},"content":{"rendered":"<p data-start=\"145\" data-end=\"481\"><strong data-start=\"145\" data-end=\"195\">Kurum \u0130\u00e7i Programlar Aras\u0131 MYP ile Yatay Ge\u00e7i\u015f<\/strong><br data-start=\"195\" data-end=\"198\" \/>\u00dcniversitemiz \u0130\u015fletme B\u00f6l\u00fcm\u00fc \u00f6\u011frencilerinin kurum i\u00e7i yatay ge\u00e7i\u015f ba\u015fvurular\u0131nda, \u00f6\u011frencinin \u00d6SYM ile yerle\u015fti\u011fi y\u0131ldaki taban puan\u0131 esas al\u0131n\u0131r. \u00d6\u011frencinin ilgili y\u0131l \u00d6SYM puan\u0131n\u0131n, ge\u00e7i\u015f yapmak istedi\u011fi program\u0131n puan t\u00fcr\u00fcndeki taban puan\u0131na e\u015fit veya daha y\u00fcksek olmas\u0131 gerekir.<\/p>\n<p data-start=\"483\" data-end=\"1262\"><strong data-start=\"483\" data-end=\"532\">Kurumlar Aras\u0131 (Yurt \u0130\u00e7i) MYP ile Yatay Ge\u00e7i\u015f<\/strong><br data-start=\"532\" data-end=\"535\" \/>T\u00fcrkiye\u2019deki y\u00fcksek\u00f6\u011fretim kurumlar\u0131na \u00d6SYM taraf\u0131ndan yerle\u015ftirilmi\u015f \u00f6\u011frenciler, \u0130\u015fletme B\u00f6l\u00fcm\u00fc\u2019ne yatay ge\u00e7i\u015f ba\u015fvurusunda bulunabilir. Ancak yurt d\u0131\u015f\u0131nda kendi imk\u00e2nlar\u0131yla y\u00fcksek\u00f6\u011fretim kurumlar\u0131na kay\u0131t yapt\u0131ran adaylar bu kapsama girmez. Ba\u015fvurularda, \u00f6\u011frencinin \u00d6SYM ile kendi program\u0131na yerle\u015fti\u011fi y\u0131lda ald\u0131\u011f\u0131 taban puan\u0131 esas al\u0131n\u0131r. \u00d6\u011frencinin puan\u0131, ba\u015fvurmak istedi\u011fi program\u0131n ilgili y\u0131ldaki taban puan\u0131na e\u015fit veya daha y\u00fcksek olmal\u0131d\u0131r.<br data-start=\"987\" data-end=\"990\" \/>(\u00d6SYS puan\u0131 ile T\u00fcrkiye\u2019de bir y\u00fcksek\u00f6\u011fretim program\u0131na yerle\u015fen ancak kay\u0131t yapt\u0131rmadan yurtd\u0131\u015f\u0131nda \u00f6\u011frenimine ba\u015flayan ya da \u00d6SYS\u2019ye girip T\u00fcrkiye\u2019de herhangi bir programa kay\u0131t yapt\u0131rmadan yurtd\u0131\u015f\u0131nda \u00f6\u011frenime ba\u015flayan \u00f6\u011frenciler bu madde kapsam\u0131nda ba\u015fvuru yapamaz.)<\/p>\n<p data-start=\"483\" data-end=\"1262\"><a href=\"https:\/\/www.mevzuat.gov.tr\/mevzuat?MevzuatNo=7266&amp;MevzuatTur=8&amp;MevzuatTertip=5\" target=\"_blank\" rel=\"noopener\">\u00c7AP-Yandal Y\u00f6netmeli\u011fi i\u00e7in\u00a0<strong>t\u0131klay\u0131n\u0131z!<\/strong><\/a><\/p>\n","protected":false},"excerpt":{"rendered":"<p>Kurum \u0130\u00e7i Programlar Aras\u0131 MYP ile Yatay Ge\u00e7i\u015f\u00dcniversitemiz \u0130\u015fletme B\u00f6l\u00fcm\u00fc \u00f6\u011frencilerinin kurum i\u00e7i yatay ge\u00e7i\u015f ba\u015fvurular\u0131nda, \u00f6\u011frencinin \u00d6SYM ile yerle\u015fti\u011fi y\u0131ldaki taban puan\u0131 esas al\u0131n\u0131r. \u00d6\u011frencinin ilgili y\u0131l \u00d6SYM puan\u0131n\u0131n, ge\u00e7i\u015f yapmak istedi\u011fi program\u0131n puan t\u00fcr\u00fcndeki taban puan\u0131na e\u015fit veya daha y\u00fcksek olmas\u0131 gerekir. Kurumlar Aras\u0131 (Yurt \u0130\u00e7i) MYP ile Yatay Ge\u00e7i\u015fT\u00fcrkiye\u2019deki y\u00fcksek\u00f6\u011fretim kurumlar\u0131na \u00d6SYM [&hellip;]<\/p>\n","protected":false},"author":58,"featured_media":0,"parent":0,"menu_order":0,"comment_status":"closed","ping_status":"closed","template":"genel_sayfa.php","meta":{"footnotes":""},"yoast_head":"<!-- This site is optimized with the Yoast SEO Premium plugin v22.1 (Yoast SEO v22.1) - https:\/\/yoast.com\/wordpress\/plugins\/seo\/ -->\n<title>\u00c7ap-Yandal \/ Yatay Ge\u00e7i\u015f - \u0130\u015fletme<\/title>\n<meta name=\"robots\" content=\"index, follow, max-snippet:-1, max-image-preview:large, max-video-preview:-1\" \/>\n<link rel=\"canonical\" href=\"http:\/\/ticaret.edu.tr\/isletme-bolumu\/cap-yandal-yatay-gecis\/\" \/>\n<meta property=\"og:locale\" content=\"tr_TR\" \/>\n<meta property=\"og:type\" content=\"article\" \/>\n<meta property=\"og:title\" content=\"\u00c7ap-Yandal \/ Yatay Ge\u00e7i\u015f\" \/>\n<meta property=\"og:description\" content=\"Kurum \u0130\u00e7i Programlar Aras\u0131 MYP ile Yatay Ge\u00e7i\u015f\u00dcniversitemiz \u0130\u015fletme B\u00f6l\u00fcm\u00fc \u00f6\u011frencilerinin kurum i\u00e7i yatay ge\u00e7i\u015f ba\u015fvurular\u0131nda, \u00f6\u011frencinin \u00d6SYM ile yerle\u015fti\u011fi y\u0131ldaki taban puan\u0131 esas al\u0131n\u0131r. \u00d6\u011frencinin ilgili y\u0131l \u00d6SYM puan\u0131n\u0131n, ge\u00e7i\u015f yapmak istedi\u011fi program\u0131n puan t\u00fcr\u00fcndeki taban puan\u0131na e\u015fit veya daha y\u00fcksek olmas\u0131 gerekir. Kurumlar Aras\u0131 (Yurt \u0130\u00e7i) MYP ile Yatay Ge\u00e7i\u015fT\u00fcrkiye\u2019deki y\u00fcksek\u00f6\u011fretim kurumlar\u0131na \u00d6SYM [&hellip;]\" \/>\n<meta property=\"og:url\" content=\"http:\/\/ticaret.edu.tr\/isletme-bolumu\/cap-yandal-yatay-gecis\/\" \/>\n<meta property=\"og:site_name\" content=\"\u0130\u015fletme\" \/>\n<meta property=\"article:publisher\" content=\"https:\/\/www.facebook.com\/ticaretedutr\" \/>\n<meta property=\"article:modified_time\" content=\"2025-10-09T13:24:31+00:00\" \/>\n<meta property=\"og:image\" content=\"http:\/\/ticaret.edu.tr\/isletme-bolumu\/wp-content\/uploads\/sites\/8\/2021\/11\/web_logo-01.jpg\" \/>\n\t<meta property=\"og:image:width\" content=\"1250\" \/>\n\t<meta property=\"og:image:height\" content=\"833\" \/>\n\t<meta property=\"og:image:type\" content=\"image\/jpeg\" \/>\n<meta name=\"twitter:card\" content=\"summary_large_image\" \/>\n<meta name=\"twitter:site\" content=\"@ticaretedutr\" \/>\n<meta name=\"twitter:label1\" content=\"Tahmini okuma s\u00fcresi\" \/>\n\t<meta name=\"twitter:data1\" content=\"1 dakika\" \/>\n<script type=\"application\/ld+json\" class=\"yoast-schema-graph\">{\"@context\":\"https:\/\/schema.org\",\"@graph\":[{\"@type\":\"WebPage\",\"@id\":\"http:\/\/ticaret.edu.tr\/isletme-bolumu\/cap-yandal-yatay-gecis\/\",\"url\":\"http:\/\/ticaret.edu.tr\/isletme-bolumu\/cap-yandal-yatay-gecis\/\",\"name\":\"\u00c7ap-Yandal \/ Yatay Ge\u00e7i\u015f - \u0130\u015fletme\",\"isPartOf\":{\"@id\":\"http:\/\/ticaret.edu.tr\/isletme-bolumu\/#website\"},\"datePublished\":\"2025-01-26T15:53:25+00:00\",\"dateModified\":\"2025-10-09T13:24:31+00:00\",\"breadcrumb\":{\"@id\":\"http:\/\/ticaret.edu.tr\/isletme-bolumu\/cap-yandal-yatay-gecis\/#breadcrumb\"},\"inLanguage\":\"tr\",\"potentialAction\":[{\"@type\":\"ReadAction\",\"target\":[\"http:\/\/ticaret.edu.tr\/isletme-bolumu\/cap-yandal-yatay-gecis\/\"]}]},{\"@type\":\"BreadcrumbList\",\"@id\":\"http:\/\/ticaret.edu.tr\/isletme-bolumu\/cap-yandal-yatay-gecis\/#breadcrumb\",\"itemListElement\":[{\"@type\":\"ListItem\",\"position\":1,\"name\":\"Ana sayfa\",\"item\":\"https:\/\/ticaret.edu.tr\/isletme-bolumu\/en\/\"},{\"@type\":\"ListItem\",\"position\":2,\"name\":\"\u00c7ap-Yandal \/ Yatay Ge\u00e7i\u015f\"}]},{\"@type\":\"WebSite\",\"@id\":\"http:\/\/ticaret.edu.tr\/isletme-bolumu\/#website\",\"url\":\"http:\/\/ticaret.edu.tr\/isletme-bolumu\/\",\"name\":\"\u0130\u015fletme\",\"description\":\"\",\"potentialAction\":[{\"@type\":\"SearchAction\",\"target\":{\"@type\":\"EntryPoint\",\"urlTemplate\":\"http:\/\/ticaret.edu.tr\/isletme-bolumu\/?s={search_term_string}\"},\"query-input\":\"required name=search_term_string\"}],\"inLanguage\":\"tr\"}]}<\/script>\n<!-- \/ Yoast SEO Premium plugin. -->","yoast_head_json":{"title":"\u00c7ap-Yandal \/ Yatay Ge\u00e7i\u015f - \u0130\u015fletme","robots":{"index":"index","follow":"follow","max-snippet":"max-snippet:-1","max-image-preview":"max-image-preview:large","max-video-preview":"max-video-preview:-1"},"canonical":"http:\/\/ticaret.edu.tr\/isletme-bolumu\/cap-yandal-yatay-gecis\/","og_locale":"tr_TR","og_type":"article","og_title":"\u00c7ap-Yandal \/ Yatay Ge\u00e7i\u015f","og_description":"Kurum \u0130\u00e7i Programlar Aras\u0131 MYP ile Yatay Ge\u00e7i\u015f\u00dcniversitemiz \u0130\u015fletme B\u00f6l\u00fcm\u00fc \u00f6\u011frencilerinin kurum i\u00e7i yatay ge\u00e7i\u015f ba\u015fvurular\u0131nda, \u00f6\u011frencinin \u00d6SYM ile yerle\u015fti\u011fi y\u0131ldaki taban puan\u0131 esas al\u0131n\u0131r. \u00d6\u011frencinin ilgili y\u0131l \u00d6SYM puan\u0131n\u0131n, ge\u00e7i\u015f yapmak istedi\u011fi program\u0131n puan t\u00fcr\u00fcndeki taban puan\u0131na e\u015fit veya daha y\u00fcksek olmas\u0131 gerekir. Kurumlar Aras\u0131 (Yurt \u0130\u00e7i) MYP ile Yatay Ge\u00e7i\u015fT\u00fcrkiye\u2019deki y\u00fcksek\u00f6\u011fretim kurumlar\u0131na \u00d6SYM [&hellip;]","og_url":"http:\/\/ticaret.edu.tr\/isletme-bolumu\/cap-yandal-yatay-gecis\/","og_site_name":"\u0130\u015fletme","article_publisher":"https:\/\/www.facebook.com\/ticaretedutr","article_modified_time":"2025-10-09T13:24:31+00:00","og_image":[{"width":1250,"height":833,"url":"http:\/\/ticaret.edu.tr\/isletme-bolumu\/wp-content\/uploads\/sites\/8\/2021\/11\/web_logo-01.jpg","type":"image\/jpeg"}],"twitter_card":"summary_large_image","twitter_site":"@ticaretedutr","twitter_misc":{"Tahmini okuma s\u00fcresi":"1 dakika"},"schema":{"@context":"https:\/\/schema.org","@graph":[{"@type":"WebPage","@id":"http:\/\/ticaret.edu.tr\/isletme-bolumu\/cap-yandal-yatay-gecis\/","url":"http:\/\/ticaret.edu.tr\/isletme-bolumu\/cap-yandal-yatay-gecis\/","name":"\u00c7ap-Yandal \/ Yatay Ge\u00e7i\u015f - \u0130\u015fletme","isPartOf":{"@id":"http:\/\/ticaret.edu.tr\/isletme-bolumu\/#website"},"datePublished":"2025-01-26T15:53:25+00:00","dateModified":"2025-10-09T13:24:31+00:00","breadcrumb":{"@id":"http:\/\/ticaret.edu.tr\/isletme-bolumu\/cap-yandal-yatay-gecis\/#breadcrumb"},"inLanguage":"tr","potentialAction":[{"@type":"ReadAction","target":["http:\/\/ticaret.edu.tr\/isletme-bolumu\/cap-yandal-yatay-gecis\/"]}]},{"@type":"BreadcrumbList","@id":"http:\/\/ticaret.edu.tr\/isletme-bolumu\/cap-yandal-yatay-gecis\/#breadcrumb","itemListElement":[{"@type":"ListItem","position":1,"name":"Ana sayfa","item":"https:\/\/ticaret.edu.tr\/isletme-bolumu\/en\/"},{"@type":"ListItem","position":2,"name":"\u00c7ap-Yandal \/ Yatay Ge\u00e7i\u015f"}]},{"@type":"WebSite","@id":"http:\/\/ticaret.edu.tr\/isletme-bolumu\/#website","url":"http:\/\/ticaret.edu.tr\/isletme-bolumu\/","name":"\u0130\u015fletme","description":"","potentialAction":[{"@type":"SearchAction","target":{"@type":"EntryPoint","urlTemplate":"http:\/\/ticaret.edu.tr\/isletme-bolumu\/?s={search_term_string}"},"query-input":"required name=search_term_string"}],"inLanguage":"tr"}]}},"lang":"tr","translations":{"en":1990,"tr":1887},"pll_sync_post":[],"_links":{"self":[{"href":"http:\/\/ticaret.edu.tr\/isletme-bolumu\/wp-json\/wp\/v2\/pages\/1887"}],"collection":[{"href":"http:\/\/ticaret.edu.tr\/isletme-bolumu\/wp-json\/wp\/v2\/pages"}],"about":[{"href":"http:\/\/ticaret.edu.tr\/isletme-bolumu\/wp-json\/wp\/v2\/types\/page"}],"author":[{"embeddable":true,"href":"http:\/\/ticaret.edu.tr\/isletme-bolumu\/wp-json\/wp\/v2\/users\/58"}],"replies":[{"embeddable":true,"href":"http:\/\/ticaret.edu.tr\/isletme-bolumu\/wp-json\/wp\/v2\/comments?post=1887"}],"version-history":[{"count":6,"href":"http:\/\/ticaret.edu.tr\/isletme-bolumu\/wp-json\/wp\/v2\/pages\/1887\/revisions"}],"predecessor-version":[{"id":2500,"href":"http:\/\/ticaret.edu.tr\/isletme-bolumu\/wp-json\/wp\/v2\/pages\/1887\/revisions\/2500"}],"wp:attachment":[{"href":"http:\/\/ticaret.edu.tr\/isletme-bolumu\/wp-json\/wp\/v2\/media?parent=1887"}],"curies":[{"name":"wp","href":"https:\/\/api.w.org\/{rel}","templated":true}]}}